{"id":11439,"date":"2026-01-06T15:57:51","date_gmt":"2026-01-06T14:57:51","guid":{"rendered":"https:\/\/www.une.edu.pe\/viceacademico\/?page_id=11439"},"modified":"2026-01-06T16:57:31","modified_gmt":"2026-01-06T15:57:31","slug":"torneo-de-apertura","status":"publish","type":"page","link":"https:\/\/www.une.edu.pe\/viceacademico\/about\/torneo-de-apertura\/","title":{"rendered":"Torneo de Apertura"},"content":{"rendered":"\t\t<div data-elementor-type=\"wp-page\" data-elementor-id=\"11439\" class=\"elementor elementor-11439\">\n\t\t\t\t<div class=\"elementor-element elementor-element-d5b0b79 e-flex e-con-boxed e-con e-parent\" data-id=\"d5b0b79\" data-element_type=\"container\" data-e-type=\"container\">\n\t\t\t\t\t<div class=\"e-con-inner\">\n\t\t\t\t<div class=\"elementor-element elementor-element-bd0a59c elementor-widget elementor-widget-spacer\" data-id=\"bd0a59c\" data-element_type=\"widget\" data-e-type=\"widget\" data-widget_type=\"spacer.default\">\n\t\t\t\t\t\t\t<div class=\"elementor-spacer\">\n\t\t\t<div class=\"elementor-spacer-inner\"><\/div>\n\t\t<\/div>\n\t\t\t\t\t\t<\/div>\n\t\t\t\t\t<\/div>\n\t\t\t\t<\/div>\n\t\t<div class=\"elementor-element elementor-element-c91b51a e-flex e-con-boxed e-con e-parent\" data-id=\"c91b51a\" data-element_type=\"container\" data-e-type=\"container\">\n\t\t\t\t\t<div class=\"e-con-inner\">\n\t\t\t\t<div class=\"elementor-element elementor-element-c44a3a3 elementor-widget elementor-widget-heading\" data-id=\"c44a3a3\" data-element_type=\"widget\" data-e-type=\"widget\" data-widget_type=\"heading.default\">\n\t\t\t\t\t<h2 class=\"elementor-heading-title elementor-size-default\">TORNEO DE APERTURA<\/h2>\t\t\t\t<\/div>\n\t\t\t\t\t<\/div>\n\t\t\t\t<\/div>\n\t\t<div class=\"elementor-element elementor-element-aaeb237 e-flex e-con-boxed e-con e-parent\" data-id=\"aaeb237\" data-element_type=\"container\" data-e-type=\"container\">\n\t\t\t\t\t<div class=\"e-con-inner\">\n\t\t<div class=\"elementor-element elementor-element-411946e e-con-full e-flex e-con e-child\" data-id=\"411946e\" data-element_type=\"container\" data-e-type=\"container\">\n\t\t\t\t<div class=\"elementor-element elementor-element-16e6124 elementor-widget elementor-widget-heading\" data-id=\"16e6124\" data-element_type=\"widget\" data-e-type=\"widget\" data-widget_type=\"heading.default\">\n\t\t\t\t\t<h2 class=\"elementor-heading-title elementor-size-default\">Futsal Damas<\/h2>\t\t\t\t<\/div>\n\t\t\t\t<\/div>\n\t\t<div class=\"elementor-element elementor-element-20574f9 e-con-full e-flex e-con e-child\" data-id=\"20574f9\" data-element_type=\"container\" data-e-type=\"container\">\n\t\t\t\t<div class=\"elementor-element elementor-element-84be964 elementor-widget elementor-widget-image\" data-id=\"84be964\" data-element_type=\"widget\" data-e-type=\"widget\" data-widget_type=\"image.default\">\n\t\t\t\t\t\t\t\t\t\t\t\t\t\t\t<img fetchpriority=\"high\" decoding=\"async\" width=\"979\" height=\"647\" src=\"https:\/\/www.une.edu.pe\/viceacademico\/wp-content\/uploads\/2026\/01\/image-1.png\" class=\"attachment-full size-full wp-image-11482\" alt=\"\" srcset=\"https:\/\/www.une.edu.pe\/viceacademico\/wp-content\/uploads\/2026\/01\/image-1.png 979w, https:\/\/www.une.edu.pe\/viceacademico\/wp-content\/uploads\/2026\/01\/image-1-300x198.png 300w, https:\/\/www.une.edu.pe\/viceacademico\/wp-content\/uploads\/2026\/01\/image-1-768x508.png 768w\" sizes=\"(max-width: 979px) 100vw, 979px\" \/>\t\t\t\t\t\t\t\t\t\t\t\t\t\t\t<\/div>\n\t\t\t\t<\/div>\n\t\t<div class=\"elementor-element elementor-element-1f738af e-con-full e-flex e-con e-child\" data-id=\"1f738af\" data-element_type=\"container\" data-e-type=\"container\">\n\t\t\t\t<div class=\"elementor-element elementor-element-747ea57 elementor-widget elementor-widget-image\" data-id=\"747ea57\" data-element_type=\"widget\" data-e-type=\"widget\" data-widget_type=\"image.default\">\n\t\t\t\t\t\t\t\t\t\t\t\t\t\t\t<img decoding=\"async\" width=\"979\" height=\"647\" src=\"https:\/\/www.une.edu.pe\/viceacademico\/wp-content\/uploads\/2026\/01\/Futsal-varones2.jpg\" class=\"attachment-large size-large wp-image-11461\" alt=\"\" srcset=\"https:\/\/www.une.edu.pe\/viceacademico\/wp-content\/uploads\/2026\/01\/Futsal-varones2.jpg 979w, https:\/\/www.une.edu.pe\/viceacademico\/wp-content\/uploads\/2026\/01\/Futsal-varones2-300x198.jpg 300w, https:\/\/www.une.edu.pe\/viceacademico\/wp-content\/uploads\/2026\/01\/Futsal-varones2-768x508.jpg 768w\" sizes=\"(max-width: 979px) 100vw, 979px\" \/>\t\t\t\t\t\t\t\t\t\t\t\t\t\t\t<\/div>\n\t\t\t\t<\/div>\n\t\t<div class=\"elementor-element elementor-element-5c6038c e-con-full e-flex e-con e-child\" data-id=\"5c6038c\" data-element_type=\"container\" data-e-type=\"container\">\n\t\t\t\t<div class=\"elementor-element elementor-element-5c1c576 elementor-widget elementor-widget-heading\" data-id=\"5c1c576\" data-element_type=\"widget\" data-e-type=\"widget\" data-widget_type=\"heading.default\">\n\t\t\t\t\t<h2 class=\"elementor-heading-title elementor-size-default\">Futsal Varones<\/h2>\t\t\t\t<\/div>\n\t\t\t\t<\/div>\n\t\t\t\t\t<\/div>\n\t\t\t\t<\/div>\n\t\t<div class=\"elementor-element elementor-element-437bba2 e-flex e-con-boxed e-con e-parent\" data-id=\"437bba2\" data-element_type=\"container\" data-e-type=\"container\">\n\t\t\t\t\t<div class=\"e-con-inner\">\n\t\t<div class=\"elementor-element elementor-element-0793519 e-con-full e-flex e-con e-child\" data-id=\"0793519\" data-element_type=\"container\" data-e-type=\"container\">\n\t\t\t\t<div class=\"elementor-element elementor-element-d0e2352 elementor-widget elementor-widget-heading\" data-id=\"d0e2352\" data-element_type=\"widget\" data-e-type=\"widget\" data-widget_type=\"heading.default\">\n\t\t\t\t\t<h2 class=\"elementor-heading-title elementor-size-default\">V\u00f3ley Damas<\/h2>\t\t\t\t<\/div>\n\t\t\t\t<\/div>\n\t\t<div class=\"elementor-element elementor-element-98a43a9 e-con-full e-flex e-con e-child\" data-id=\"98a43a9\" data-element_type=\"container\" data-e-type=\"container\">\n\t\t\t\t<div class=\"elementor-element elementor-element-ce16490 elementor-widget elementor-widget-image\" data-id=\"ce16490\" data-element_type=\"widget\" data-e-type=\"widget\" data-widget_type=\"image.default\">\n\t\t\t\t\t\t\t\t\t\t\t\t\t\t\t<img decoding=\"async\" width=\"600\" height=\"397\" src=\"https:\/\/www.une.edu.pe\/viceacademico\/wp-content\/uploads\/2026\/01\/voleyy33.jpg\" class=\"attachment-large size-large wp-image-11474\" alt=\"\" srcset=\"https:\/\/www.une.edu.pe\/viceacademico\/wp-content\/uploads\/2026\/01\/voleyy33.jpg 600w, https:\/\/www.une.edu.pe\/viceacademico\/wp-content\/uploads\/2026\/01\/voleyy33-300x199.jpg 300w\" sizes=\"(max-width: 600px) 100vw, 600px\" \/>\t\t\t\t\t\t\t\t\t\t\t\t\t\t\t<\/div>\n\t\t\t\t<\/div>\n\t\t<div class=\"elementor-element elementor-element-07c6f8a e-con-full e-flex e-con e-child\" data-id=\"07c6f8a\" data-element_type=\"container\" data-e-type=\"container\">\n\t\t\t\t<div class=\"elementor-element elementor-element-68f0d94 elementor-widget elementor-widget-image\" data-id=\"68f0d94\" data-element_type=\"widget\" data-e-type=\"widget\" data-widget_type=\"image.default\">\n\t\t\t\t\t\t\t\t\t\t\t\t\t\t\t<img loading=\"lazy\" decoding=\"async\" width=\"979\" height=\"647\" src=\"https:\/\/www.une.edu.pe\/viceacademico\/wp-content\/uploads\/2026\/01\/image-2.png\" class=\"attachment-large size-large wp-image-11486\" alt=\"\" srcset=\"https:\/\/www.une.edu.pe\/viceacademico\/wp-content\/uploads\/2026\/01\/image-2.png 979w, https:\/\/www.une.edu.pe\/viceacademico\/wp-content\/uploads\/2026\/01\/image-2-300x198.png 300w, https:\/\/www.une.edu.pe\/viceacademico\/wp-content\/uploads\/2026\/01\/image-2-768x508.png 768w\" sizes=\"(max-width: 979px) 100vw, 979px\" \/>\t\t\t\t\t\t\t\t\t\t\t\t\t\t\t<\/div>\n\t\t\t\t<\/div>\n\t\t<div class=\"elementor-element elementor-element-d77ab97 e-con-full e-flex e-con e-child\" data-id=\"d77ab97\" data-element_type=\"container\" data-e-type=\"container\">\n\t\t\t\t<div class=\"elementor-element elementor-element-00c47b7 elementor-widget elementor-widget-heading\" data-id=\"00c47b7\" data-element_type=\"widget\" data-e-type=\"widget\" data-widget_type=\"heading.default\">\n\t\t\t\t\t<h2 class=\"elementor-heading-title elementor-size-default\">V\u00f3ley Varones<\/h2>\t\t\t\t<\/div>\n\t\t\t\t<\/div>\n\t\t\t\t\t<\/div>\n\t\t\t\t<\/div>\n\t\t<div class=\"elementor-element elementor-element-45ec76c e-flex e-con-boxed e-con e-parent\" data-id=\"45ec76c\" data-element_type=\"container\" data-e-type=\"container\">\n\t\t\t\t\t<div class=\"e-con-inner\">\n\t\t<div class=\"elementor-element elementor-element-06d5ca3 e-con-full e-flex e-con e-child\" data-id=\"06d5ca3\" data-element_type=\"container\" data-e-type=\"container\">\n\t\t\t\t<div class=\"elementor-element elementor-element-bd83e9f elementor-widget elementor-widget-heading\" data-id=\"bd83e9f\" data-element_type=\"widget\" data-e-type=\"widget\" data-widget_type=\"heading.default\">\n\t\t\t\t\t<h2 class=\"elementor-heading-title elementor-size-default\">F\u00fatbol<\/h2>\t\t\t\t<\/div>\n\t\t\t\t<\/div>\n\t\t<div class=\"elementor-element elementor-element-9899a84 e-con-full e-flex e-con e-child\" data-id=\"9899a84\" data-element_type=\"container\" data-e-type=\"container\">\n\t\t\t\t<div class=\"elementor-element elementor-element-58c580f elementor-widget elementor-widget-image\" data-id=\"58c580f\" data-element_type=\"widget\" data-e-type=\"widget\" data-widget_type=\"image.default\">\n\t\t\t\t\t\t\t\t\t\t\t\t\t\t\t<img loading=\"lazy\" decoding=\"async\" width=\"1024\" height=\"609\" src=\"https:\/\/www.une.edu.pe\/viceacademico\/wp-content\/uploads\/2026\/01\/Futbol11-1024x609.jpg\" class=\"attachment-large size-large wp-image-11499\" alt=\"\" srcset=\"https:\/\/www.une.edu.pe\/viceacademico\/wp-content\/uploads\/2026\/01\/Futbol11-1024x609.jpg 1024w, https:\/\/www.une.edu.pe\/viceacademico\/wp-content\/uploads\/2026\/01\/Futbol11-300x179.jpg 300w, https:\/\/www.une.edu.pe\/viceacademico\/wp-content\/uploads\/2026\/01\/Futbol11-768x457.jpg 768w, https:\/\/www.une.edu.pe\/viceacademico\/wp-content\/uploads\/2026\/01\/Futbol11.jpg 1178w\" sizes=\"(max-width: 1024px) 100vw, 1024px\" \/>\t\t\t\t\t\t\t\t\t\t\t\t\t\t\t<\/div>\n\t\t\t\t<\/div>\n\t\t<div class=\"elementor-element elementor-element-f92f1c7 e-con-full e-flex e-con e-child\" data-id=\"f92f1c7\" data-element_type=\"container\" data-e-type=\"container\">\n\t\t\t\t<\/div>\n\t\t\t\t\t<\/div>\n\t\t\t\t<\/div>\n\t\t<div class=\"elementor-element elementor-element-c0dd76e e-flex e-con-boxed e-con e-parent\" data-id=\"c0dd76e\" data-element_type=\"container\" data-e-type=\"container\">\n\t\t\t\t\t<div class=\"e-con-inner\">\n\t\t\t\t<div class=\"elementor-element elementor-element-7935a76 elementor-widget elementor-widget-spacer\" data-id=\"7935a76\" data-element_type=\"widget\" data-e-type=\"widget\" data-widget_type=\"spacer.default\">\n\t\t\t\t\t\t\t<div class=\"elementor-spacer\">\n\t\t\t<div class=\"elementor-spacer-inner\"><\/div>\n\t\t<\/div>\n\t\t\t\t\t\t<\/div>\n\t\t\t\t\t<\/div>\n\t\t\t\t<\/div>\n\t\t\t\t<\/div>\n\t\t","protected":false},"excerpt":{"rendered":"<p>TORNEO DE APERTURA Futsal Damas Futsal Varones V\u00f3ley Damas V\u00f3ley Varones F\u00fatbol<\/p>\n","protected":false},"author":1,"featured_media":0,"parent":7678,"menu_order":0,"comment_status":"closed","ping_status":"closed","template":"elementor_canvas","meta":{"site-sidebar-layout":"no-sidebar","site-content-layout":"","ast-site-content-layout":"full-width-container","site-content-style":"default","site-sidebar-style":"default","ast-global-header-display":"","ast-banner-title-visibility":"","ast-main-header-display":"","ast-hfb-above-header-display":"","ast-hfb-below-header-display":"","ast-hfb-mobile-header-display":"","site-post-title":"","ast-breadcrumbs-content":"","ast-featured-img":"disabled","footer-sml-layout":"","ast-disable-related-posts":"","theme-transparent-header-meta":"","adv-header-id-meta":"","stick-header-meta":"","header-above-stick-meta":"","header-main-stick-meta":"","header-below-stick-meta":"","astra-migrate-meta-layouts":"default","ast-page-background-enabled":"default","ast-page-background-meta":{"desktop":{"background-color":"var(--ast-global-color-4)","background-image":"","background-repeat":"repeat","background-position":"center center","background-size":"auto","background-attachment":"scroll","background-type":"","background-media":"","overlay-type":"","overlay-color":"","overlay-opacity":"","overlay-gradient":""},"tablet":{"background-color":"","background-image":"","background-repeat":"repeat","background-position":"center center","background-size":"auto","background-attachment":"scroll","background-type":"","background-media":"","overlay-type":"","overlay-color":"","overlay-opacity":"","overlay-gradient":""},"mobile":{"background-color":"","background-image":"","background-repeat":"repeat","background-position":"center center","background-size":"auto","background-attachment":"scroll","background-type":"","background-media":"","overlay-type":"","overlay-color":"","overlay-opacity":"","overlay-gradient":""}},"ast-content-background-meta":{"desktop":{"background-color":"var(--ast-global-color-5)","background-image":"","background-repeat":"repeat","background-position":"center center","background-size":"auto","background-attachment":"scroll","background-type":"","background-media":"","overlay-type":"","overlay-color":"","overlay-opacity":"","overlay-gradient":""},"tablet":{"background-color":"var(--ast-global-color-5)","background-image":"","background-repeat":"repeat","background-position":"center center","background-size":"auto","background-attachment":"scroll","background-type":"","background-media":"","overlay-type":"","overlay-color":"","overlay-opacity":"","overlay-gradient":""},"mobile":{"background-color":"var(--ast-global-color-5)","background-image":"","background-repeat":"repeat","background-position":"center center","background-size":"auto","background-attachment":"scroll","background-type":"","background-media":"","overlay-type":"","overlay-color":"","overlay-opacity":"","overlay-gradient":""}},"ngg_post_thumbnail":0,"footnotes":""},"class_list":["post-11439","page","type-page","status-publish","hentry"],"_links":{"self":[{"href":"https:\/\/www.une.edu.pe\/viceacademico\/wp-json\/wp\/v2\/pages\/11439","targetHints":{"allow":["GET"]}}],"collection":[{"href":"https:\/\/www.une.edu.pe\/viceacademico\/wp-json\/wp\/v2\/pages"}],"about":[{"href":"https:\/\/www.une.edu.pe\/viceacademico\/wp-json\/wp\/v2\/types\/page"}],"author":[{"embeddable":true,"href":"https:\/\/www.une.edu.pe\/viceacademico\/wp-json\/wp\/v2\/users\/1"}],"replies":[{"embeddable":true,"href":"https:\/\/www.une.edu.pe\/viceacademico\/wp-json\/wp\/v2\/comments?post=11439"}],"version-history":[{"count":61,"href":"https:\/\/www.une.edu.pe\/viceacademico\/wp-json\/wp\/v2\/pages\/11439\/revisions"}],"predecessor-version":[{"id":11535,"href":"https:\/\/www.une.edu.pe\/viceacademico\/wp-json\/wp\/v2\/pages\/11439\/revisions\/11535"}],"up":[{"embeddable":true,"href":"https:\/\/www.une.edu.pe\/viceacademico\/wp-json\/wp\/v2\/pages\/7678"}],"wp:attachment":[{"href":"https:\/\/www.une.edu.pe\/viceacademico\/wp-json\/wp\/v2\/media?parent=11439"}],"curies":[{"name":"wp","href":"https:\/\/api.w.org\/{rel}","templated":true}]}}