{"id":9871,"date":"2021-12-09T21:02:19","date_gmt":"2021-12-10T02:02:19","guid":{"rendered":"http:\/\/www.une.edu.pe\/uneweb\/?page_id=9871"},"modified":"2022-12-12T14:46:47","modified_gmt":"2022-12-12T19:46:47","slug":"calendario-academico-2022","status":"publish","type":"page","link":"https:\/\/www.une.edu.pe\/uneweb\/calendario-academico-2022\/","title":{"rendered":"Calendario Acad\u00e9mico 2022"},"content":{"rendered":"<p>[vc_row][vc_column][vc_column_text]<\/p>\n<ul>\n<li><a href=\"http:\/\/www.une.edu.pe\/uneweb\/wp-content\/uploads\/2022\/08\/Resolucion_2460-2022-R-UNE_modificar-calendario-academico2022.pdf\" target=\"_blank\" rel=\"noreferrer noopener\" aria-label=\" RESOLUCI\u00d3N N\u00b0 1798-2020-R-UNE: APROBAR el Calendario Acad\u00e9mico de la Universidad Nacional de Educaci\u00f3n Enrique Guzm\u00e1n y Valle 2021 (abre en una nueva pesta\u00f1a)\"><strong><span style=\"color: #993300;\">RESOLUCI\u00d3N N\u00b0 2460-2022-R-UNE<\/span>: MODIFICAR el Calendario Acad\u00e9mico de la UNE 2022<\/strong><\/a><\/li>\n<\/ul>\n<ul>\n<li><a href=\"http:\/\/www.une.edu.pe\/transparencia\/informacion\/resoluciones-varias\/2022\/Resolucion_0860-2022-R-UNE_MODIFICAR-CALENDARIO-ACADEMICO-2022.pdf\" target=\"_blank\" rel=\"noreferrer noopener\" aria-label=\" RESOLUCI\u00d3N N\u00b0 1798-2020-R-UNE: APROBAR el Calendario Acad\u00e9mico de la Universidad Nacional de Educaci\u00f3n Enrique Guzm\u00e1n y Valle 2021 (abre en una nueva pesta\u00f1a)\"><strong><span style=\"color: #993300;\">RESOLUCI\u00d3N N\u00b0 0860-2022-R-UNE<\/span>: MODIFICAR el Calendario Acad\u00e9mico de la UNE 2022<\/strong><\/a><\/li>\n<\/ul>\n<ul>\n<li><a href=\"http:\/\/www.une.edu.pe\/uneweb\/wp-content\/uploads\/2021\/12\/Resolucion_-2557-2021-R-UNE_Calendario_Academico-2022.pdf\" target=\"_blank\" rel=\"noreferrer noopener\" aria-label=\" RESOLUCI\u00d3N N\u00b0 1798-2020-R-UNE: APROBAR el Calendario Acad\u00e9mico de la Universidad Nacional de Educaci\u00f3n Enrique Guzm\u00e1n y Valle 2021 (abre en una nueva pesta\u00f1a)\"><strong><span style=\"color: #993300;\">RESOLUCI\u00d3N N\u00b0 2557-2021-R-UNE<\/span>: APROBAR el Calendario Acad\u00e9mico de la UNE 2022<\/strong><\/a><\/li>\n<\/ul>\n<p>[\/vc_column_text][\/vc_column][\/vc_row]<\/p>\n ","protected":false},"excerpt":{"rendered":"<p>[vc_row][vc_column][vc_column_text] RESOLUCI\u00d3N N\u00b0 2460-2022-R-UNE: MODIFICAR el Calendario Acad\u00e9mico de la UNE 2022 RESOLUCI\u00d3N N\u00b0 0860-2022-R-UNE: MODIFICAR el Calendario Acad\u00e9mico de la UNE 2022 RESOLUCI\u00d3N N\u00b0 2557-2021-R-UNE: APROBAR el Calendario Acad\u00e9mico de la UNE 2022 [\/vc_column_text][\/vc_column][\/vc_row]<\/p>\n","protected":false},"author":1,"featured_media":0,"parent":0,"menu_order":0,"comment_status":"closed","ping_status":"closed","template":"","meta":{"footnotes":""},"class_list":["post-9871","page","type-page","status-publish","hentry"],"_links":{"self":[{"href":"https:\/\/www.une.edu.pe\/uneweb\/wp-json\/wp\/v2\/pages\/9871","targetHints":{"allow":["GET"]}}],"collection":[{"href":"https:\/\/www.une.edu.pe\/uneweb\/wp-json\/wp\/v2\/pages"}],"about":[{"href":"https:\/\/www.une.edu.pe\/uneweb\/wp-json\/wp\/v2\/types\/page"}],"author":[{"embeddable":true,"href":"https:\/\/www.une.edu.pe\/uneweb\/wp-json\/wp\/v2\/users\/1"}],"replies":[{"embeddable":true,"href":"https:\/\/www.une.edu.pe\/uneweb\/wp-json\/wp\/v2\/comments?post=9871"}],"version-history":[{"count":6,"href":"https:\/\/www.une.edu.pe\/uneweb\/wp-json\/wp\/v2\/pages\/9871\/revisions"}],"predecessor-version":[{"id":12804,"href":"https:\/\/www.une.edu.pe\/uneweb\/wp-json\/wp\/v2\/pages\/9871\/revisions\/12804"}],"wp:attachment":[{"href":"https:\/\/www.une.edu.pe\/uneweb\/wp-json\/wp\/v2\/media?parent=9871"}],"curies":[{"name":"wp","href":"https:\/\/api.w.org\/{rel}","templated":true}]}}