{"id":9156,"date":"2021-09-09T22:59:08","date_gmt":"2021-09-10T03:59:08","guid":{"rendered":"http:\/\/www.une.edu.pe\/uneweb\/?page_id=9156"},"modified":"2022-07-22T15:25:01","modified_gmt":"2022-07-22T20:25:01","slug":"acompanamiento-en-el-desarrollo-de-tesis-para-la-obtencion-de-titulo-profesional","status":"publish","type":"page","link":"https:\/\/www.une.edu.pe\/uneweb\/acompanamiento-en-el-desarrollo-de-tesis-para-la-obtencion-de-titulo-profesional\/","title":{"rendered":"ACOMPA\u00d1AMIENTO EN EL DESARROLLO DE TESIS PARA LA OBTENCI\u00d3N DE T\u00cdTULO PROFESIONAL &#8211; PROMOCIONES 2017-2018"},"content":{"rendered":"<p>[vc_row][vc_column][vc_column_text]<\/p>\n<div class=\"wp-block-image\">\n<figure class=\"aligncenter\"><img fetchpriority=\"high\" decoding=\"async\" width=\"1024\" height=\"237\" class=\"wp-image-11288\" src=\"https:\/\/www.une.edu.pe\/uneweb\/wp-content\/uploads\/2022\/06\/BANNER-ACOMPA\u00d1AMIENTO-TESIS-1-1024x237.jpg\" alt=\"\" srcset=\"https:\/\/www.une.edu.pe\/uneweb\/wp-content\/uploads\/2022\/06\/BANNER-ACOMPA\u00d1AMIENTO-TESIS-1-1024x237.jpg 1024w, https:\/\/www.une.edu.pe\/uneweb\/wp-content\/uploads\/2022\/06\/BANNER-ACOMPA\u00d1AMIENTO-TESIS-1-300x70.jpg 300w, https:\/\/www.une.edu.pe\/uneweb\/wp-content\/uploads\/2022\/06\/BANNER-ACOMPA\u00d1AMIENTO-TESIS-1-768x178.jpg 768w, https:\/\/www.une.edu.pe\/uneweb\/wp-content\/uploads\/2022\/06\/BANNER-ACOMPA\u00d1AMIENTO-TESIS-1.jpg 1298w\" sizes=\"(max-width: 1024px) 100vw, 1024px\" \/><\/figure>\n<\/div>\n\n\n<ul class=\"wp-block-list\">\n<li><strong><a href=\"https:\/\/www.une.edu.pe\/uneweb\/wp-content\/uploads\/2022\/06\/Resoluci\u00f3n-N\u00b0-1503-2022-R-UNE-APROBAR-BASES-Y-CRONOGRAMA-DEL-CONCURSO-PARA-ACOMPA\u00d1AMIENTO-EN-EL-DESARROLLO-DE-TESIS-PARA-LA-OBTENCI\u00d3N-DE-T\u00cdTULO-PROFESIONAL-2017-2018.pdf\" target=\"_blank\" rel=\"noreferrer noopener\" aria-label=\"Resoluci\u00f3n N\u00b0 1503-2022-R-UNE: APROBAR BASES Y CRONOGRAMA DEL CONCURSO PARA ACOMPA\u00d1AMIENTO EN EL DESARROLLO DE TESIS PARA LA OBTENCI\u00d3N DE T\u00cdTULO PROFESIONAL 2017-2018 (abre en una nueva pesta\u00f1a)\">Resoluci\u00f3n N\u00b0 1503-2022-R-UNE: APROBAR BASES Y CRONOGRAMA DEL CONCURSO PARA ACOMPA\u00d1AMIENTO EN EL DESARROLLO DE TESIS PARA LA OBTENCI\u00d3N DE T\u00cdTULO PROFESIONAL 2017-2018<\/a><\/strong><\/li>\n<li><strong><a href=\"https:\/\/www.une.edu.pe\/uneweb\/wp-content\/uploads\/2022\/06\/Cronograma-para-el-concurso-de-Acompa\u00f1amiento-en-el-desarrollo-de-tesis-para-la-obt-de-T\u00edtulo-Profesional.pdf\" target=\"_blank\" rel=\"noreferrer noopener\" aria-label=\" CRONOGRAMA DEL CONCURSO PARA ACOMPA\u00d1AMIENTO EN EL DESARROLLO DE TESIS PARA LA OBTENCI\u00d3N DE T\u00cdTULO PROFESIONAL PROMOCIONES 2017 Y 2018 (abre en una nueva pesta\u00f1a)\">CRONOGRAMA DEL CONCURSO PARA ACOMPA\u00d1AMIENTO EN EL DESARROLLO DE TESIS PARA LA OBTENCI\u00d3N DE T\u00cdTULO PROFESIONAL PROMOCIONES 2017 Y 2018<\/a><\/strong><\/li>\n<li><strong><a href=\"https:\/\/www.une.edu.pe\/uneweb\/wp-content\/uploads\/2022\/06\/Formatos-Acompa\u00f1amiento-Estudiantes.docx\" target=\"_blank\" rel=\"noreferrer noopener\" aria-label=\"Formatos - Acompa\u00f1amiento Estudiantes (abre en una nueva pesta\u00f1a)\">Formatos &#8211; Acompa\u00f1amiento Estudiantes<\/a><\/strong><\/li>\n<li><span style=\"color: #993300;\"><strong><a style=\"color: #993300;\" href=\"https:\/\/www.une.edu.pe\/uneweb\/wp-content\/uploads\/2022\/07\/RELACI\u00d3N-DE-ESTUDIANTES-PARA-ACOMPA\u00d1AMIENTO_21-07-2022.pdf\" target=\"_blank\" rel=\"noopener noreferrer\">RELACI\u00d3N DE GANADORES<\/a><\/strong><\/span><\/li>\n<\/ul>\n\n\n\n<p>&nbsp;<\/p>\n<p>[\/vc_column_text][\/vc_column][\/vc_row]<\/p>\n ","protected":false},"excerpt":{"rendered":"<p>[vc_row][vc_column][vc_column_text] Resoluci\u00f3n N\u00b0 1503-2022-R-UNE: APROBAR BASES Y CRONOGRAMA DEL CONCURSO PARA ACOMPA\u00d1AMIENTO EN EL DESARROLLO DE TESIS PARA LA OBTENCI\u00d3N DE T\u00cdTULO PROFESIONAL 2017-2018 CRONOGRAMA DEL CONCURSO PARA ACOMPA\u00d1AMIENTO EN EL DESARROLLO DE TESIS PARA LA OBTENCI\u00d3N DE T\u00cdTULO PROFESIONAL PROMOCIONES 2017 Y 2018 Formatos &#8211; Acompa\u00f1amiento Estudiantes RELACI\u00d3N DE GANADORES &nbsp; [\/vc_column_text][\/vc_column][\/vc_row]<\/p>\n","protected":false},"author":1,"featured_media":0,"parent":0,"menu_order":0,"comment_status":"closed","ping_status":"closed","template":"","meta":{"footnotes":""},"class_list":["post-9156","page","type-page","status-publish","hentry"],"_links":{"self":[{"href":"https:\/\/www.une.edu.pe\/uneweb\/wp-json\/wp\/v2\/pages\/9156","targetHints":{"allow":["GET"]}}],"collection":[{"href":"https:\/\/www.une.edu.pe\/uneweb\/wp-json\/wp\/v2\/pages"}],"about":[{"href":"https:\/\/www.une.edu.pe\/uneweb\/wp-json\/wp\/v2\/types\/page"}],"author":[{"embeddable":true,"href":"https:\/\/www.une.edu.pe\/uneweb\/wp-json\/wp\/v2\/users\/1"}],"replies":[{"embeddable":true,"href":"https:\/\/www.une.edu.pe\/uneweb\/wp-json\/wp\/v2\/comments?post=9156"}],"version-history":[{"count":17,"href":"https:\/\/www.une.edu.pe\/uneweb\/wp-json\/wp\/v2\/pages\/9156\/revisions"}],"predecessor-version":[{"id":11574,"href":"https:\/\/www.une.edu.pe\/uneweb\/wp-json\/wp\/v2\/pages\/9156\/revisions\/11574"}],"wp:attachment":[{"href":"https:\/\/www.une.edu.pe\/uneweb\/wp-json\/wp\/v2\/media?parent=9156"}],"curies":[{"name":"wp","href":"https:\/\/api.w.org\/{rel}","templated":true}]}}