{"id":5443,"date":"2020-06-02T22:51:56","date_gmt":"2020-06-03T03:51:56","guid":{"rendered":"http:\/\/www.une.edu.pe\/uneweb\/?page_id=5443"},"modified":"2026-04-17T17:50:49","modified_gmt":"2026-04-17T22:50:49","slug":"aulavirtual","status":"publish","type":"page","link":"https:\/\/www.une.edu.pe\/uneweb\/aulavirtual\/","title":{"rendered":"Aula Virtual de la UNE"},"content":{"rendered":"\t\t<div data-elementor-type=\"wp-page\" data-elementor-id=\"5443\" class=\"elementor elementor-5443\">\n\t\t\t\t\t\t<section class=\"elementor-section elementor-top-section elementor-element elementor-element-38fd9559 elementor-section-boxed elementor-section-height-default elementor-section-height-default\" data-id=\"38fd9559\" data-element_type=\"section\" data-e-type=\"section\">\n\t\t\t\t\t\t<div class=\"elementor-container elementor-column-gap-default\">\n\t\t\t\t\t<div class=\"elementor-column elementor-col-100 elementor-top-column elementor-element elementor-element-37fe8ba7\" data-id=\"37fe8ba7\" data-element_type=\"column\" data-e-type=\"column\">\n\t\t\t<div class=\"elementor-widget-wrap elementor-element-populated\">\n\t\t\t\t\t\t<div class=\"elementor-element elementor-element-57e39756 elementor-widget elementor-widget-text-editor\" data-id=\"57e39756\" data-element_type=\"widget\" data-e-type=\"widget\" data-widget_type=\"text-editor.default\">\n\t\t\t\t<div class=\"elementor-widget-container\">\n\t\t\t\t\t\t\t\t\t<p style=\"text-align: center;\">\u00a0<\/p>\n<table width=\"937\" align=\"center\">\n<tbody>\n<tr>\n<td><a href=\"http:\/\/aulavirtual.une.edu.pe\/cepreune\/\" target=\"_blank\" rel=\"noreferrer noopener\" aria-label=\"\ufffc (abre en una nueva pesta\u00f1a)\"><img decoding=\"async\" src=\"http:\/\/www.une.edu.pe\/uneweb\/wp-content\/uploads\/2020\/12\/bn-aula-cepreune.jpg\" alt=\"\" width=\"300\" \/><\/a><\/td>\n<td>\u00a0<\/td>\n<td>\n<p><a href=\"https:\/\/aulavirtual4.une.net.pe\/\" target=\"_blank\" rel=\"noreferrer noopener\" aria-label=\"\ufffc (abre en una nueva pesta\u00f1a)\"><img decoding=\"async\" src=\"http:\/\/www.une.edu.pe\/uneweb\/wp-content\/uploads\/2020\/12\/bn-pregrado.jpg\" alt=\"\" width=\"300\" height=\"127\" \/><\/a><\/p>\n<p><a href=\"https:\/\/www.une.edu.pe\/uneweb\/wp-content\/uploads\/2022\/09\/responsables-aula-virtual-une.jpg\" target=\"_blank\" rel=\"noreferrer noopener\" aria-label=\"\ufffc (abre en una nueva pesta\u00f1a)\"><img decoding=\"async\" src=\"http:\/\/www.une.edu.pe\/uneweb\/wp-content\/uploads\/2021\/11\/bn-administradores-1024x300.jpg\" alt=\"\" width=\"233\" height=\"68\" \/><\/a><\/p>\n<\/td>\n<td>\n<p><a href=\"http:\/\/aulavirtual1.une.net.pe\/une\/\" target=\"_blank\" rel=\"noopener\"><img decoding=\"async\" src=\"https:\/\/www.une.edu.pe\/uneweb\/wp-content\/uploads\/2026\/04\/bn-posgrado-presencial.jpg\" alt=\"\" width=\"300\" height=\"125\" \/><\/a><\/p>\n<p><a href=\"https:\/\/www.une.edu.pe\/uneweb\/wp-content\/uploads\/2025\/04\/aula-virtual-posgrado.jpg\"><img decoding=\"async\" src=\"http:\/\/www.une.edu.pe\/uneweb\/wp-content\/uploads\/2021\/11\/bn-responsables-accesos.jpg\" alt=\"\" width=\"233\" \/><\/a><\/p>\n<\/td>\n<td><a href=\"https:\/\/aulavirtual5.une.net.pe\/\" target=\"_blank\" rel=\"noopener\"><img loading=\"lazy\" decoding=\"async\" src=\"https:\/\/www.une.edu.pe\/uneweb\/wp-content\/uploads\/2026\/04\/bn-posgrado-distancia.jpg\" alt=\"\" width=\"300\" height=\"125\" \/><\/a><\/td>\n<\/tr>\n<\/tbody>\n<\/table>\n<p>&nbsp;<\/p>\n<hr style=\"background-color: #ffffff;\" \/>\n<h3 style=\"text-align: center;\"><span style=\"margin-bottom: 0px; color: #993300;\">AVISO<\/span><\/h3>\n<h3 style=\"text-align: center;\">El correo electr\u00f3nico de los ingresantes es el #dni y la contrase\u00f1a es el c\u00f3digo del alumno.<\/h3>\n<hr style=\"background-color: #ffffff;\" \/>\n<p style=\"text-align: center;\">&nbsp;<\/p>\n<table width=\"100%\" border=\"1\" align=\"center\">\n  <tbody>\n    <tr>\n      <td><h3 style=\"color: #993300; text-align: center;\">Pasos para solicitar su correo institucional<\/h3>\n      <p style=\"color: #993300;\"><a href=\"https:\/\/www.une.edu.pe\/uneweb\/wp-content\/uploads\/2021\/05\/pasos-correo.jpeg\" target=\"_blank\" rel=\"noopener noreferrer\"><img loading=\"lazy\" decoding=\"async\" class=\"alignnone \" src=\"https:\/\/www.une.edu.pe\/uneweb\/wp-content\/uploads\/2021\/05\/pasos-correo.jpeg\" width=\"500\" height=\"730\" \/><\/a><span style=\"text-align: center\"><\/span><\/p><\/td>\n      <td><h3><span style=\"color: #993300; text-align: center;\">Pasos para hacer uso de Wifi de la UNE<\/span><\/h3>\n      <p><a href=\"https:\/\/www.une.edu.pe\/uneweb\/wp-content\/uploads\/2023\/05\/pasos-uso-WIFI_UNE.pdf\" target=\"_blank\" rel=\"noopener noreferrer\"><img loading=\"lazy\" decoding=\"async\" class=\"aligncenter  wp-image-14270\" src=\"https:\/\/www.une.edu.pe\/uneweb\/wp-content\/uploads\/2023\/05\/pasos-uso-WIFI_UNE-725x1024.jpg\" alt=\"\" width=\"500\" height=\"717\" \/><\/a><\/p><\/td>\n    <\/tr>\n  <\/tbody>\n<\/table>\n<p>&nbsp;<\/p>\n<h3 style=\"text-align: center;\">&nbsp;<\/h3>\n<p>&nbsp;<\/p>\n<p>&nbsp;<\/p>\n<h3 style=\"text-align: center;\">&nbsp;<\/h3>\n<p>&nbsp;<\/p>\n<p>&nbsp;<\/p>\n<p>|<\/p>\t\t\t\t\t\t\t\t<\/div>\n\t\t\t\t<\/div>\n\t\t\t\t\t<\/div>\n\t\t<\/div>\n\t\t\t\t\t<\/div>\n\t\t<\/section>\n\t\t\t\t<\/div>\n\t\t ","protected":false},"excerpt":{"rendered":"<p>\u00a0 \u00a0 &nbsp; AVISO El correo electr\u00f3nico de los ingresantes es el #dni y la contrase\u00f1a es el c\u00f3digo del alumno. &nbsp; Pasos para solicitar su correo institucional Pasos para hacer uso de Wifi de la UNE &nbsp; &nbsp; &nbsp; &nbsp; &nbsp; &nbsp; &nbsp; |<\/p>\n","protected":false},"author":1,"featured_media":0,"parent":0,"menu_order":0,"comment_status":"closed","ping_status":"closed","template":"","meta":{"footnotes":""},"class_list":["post-5443","page","type-page","status-publish","hentry"],"_links":{"self":[{"href":"https:\/\/www.une.edu.pe\/uneweb\/wp-json\/wp\/v2\/pages\/5443","targetHints":{"allow":["GET"]}}],"collection":[{"href":"https:\/\/www.une.edu.pe\/uneweb\/wp-json\/wp\/v2\/pages"}],"about":[{"href":"https:\/\/www.une.edu.pe\/uneweb\/wp-json\/wp\/v2\/types\/page"}],"author":[{"embeddable":true,"href":"https:\/\/www.une.edu.pe\/uneweb\/wp-json\/wp\/v2\/users\/1"}],"replies":[{"embeddable":true,"href":"https:\/\/www.une.edu.pe\/uneweb\/wp-json\/wp\/v2\/comments?post=5443"}],"version-history":[{"count":87,"href":"https:\/\/www.une.edu.pe\/uneweb\/wp-json\/wp\/v2\/pages\/5443\/revisions"}],"predecessor-version":[{"id":26024,"href":"https:\/\/www.une.edu.pe\/uneweb\/wp-json\/wp\/v2\/pages\/5443\/revisions\/26024"}],"wp:attachment":[{"href":"https:\/\/www.une.edu.pe\/uneweb\/wp-json\/wp\/v2\/media?parent=5443"}],"curies":[{"name":"wp","href":"https:\/\/api.w.org\/{rel}","templated":true}]}}