{"id":24747,"date":"2025-12-05T11:38:50","date_gmt":"2025-12-05T16:38:50","guid":{"rendered":"https:\/\/www.une.edu.pe\/uneweb\/?page_id=24747"},"modified":"2026-02-20T16:30:06","modified_gmt":"2026-02-20T21:30:06","slug":"concurso-de-proyectos-de-investigacion-con-asignacion-economica-especial-2026","status":"publish","type":"page","link":"https:\/\/www.une.edu.pe\/uneweb\/concurso-de-proyectos-de-investigacion-con-asignacion-economica-especial-2026\/","title":{"rendered":"Concurso de Proyectos de Investigaci\u00f3n, con asignaci\u00f3n econ\u00f3mica especial &#8211; 2026"},"content":{"rendered":"\t\t<div data-elementor-type=\"wp-page\" data-elementor-id=\"24747\" class=\"elementor elementor-24747\">\n\t\t\t\t\t\t<section class=\"elementor-section elementor-top-section elementor-element elementor-element-7e10270 elementor-section-boxed elementor-section-height-default elementor-section-height-default\" data-id=\"7e10270\" data-element_type=\"section\" data-e-type=\"section\" data-settings=\"{&quot;background_background&quot;:&quot;classic&quot;}\">\n\t\t\t\t\t\t<div class=\"elementor-container elementor-column-gap-default\">\n\t\t\t\t\t<div class=\"elementor-column elementor-col-100 elementor-top-column elementor-element elementor-element-b62ada9\" data-id=\"b62ada9\" data-element_type=\"column\" data-e-type=\"column\">\n\t\t\t<div class=\"elementor-widget-wrap elementor-element-populated\">\n\t\t\t\t\t\t<div class=\"elementor-element elementor-element-99ba2be elementor-widget elementor-widget-heading\" data-id=\"99ba2be\" data-element_type=\"widget\" data-e-type=\"widget\" data-widget_type=\"heading.default\">\n\t\t\t\t<div class=\"elementor-widget-container\">\n\t\t\t\t\t<h2 class=\"elementor-heading-title elementor-size-default\">Documentos<\/h2>\t\t\t\t<\/div>\n\t\t\t\t<\/div>\n\t\t\t\t\t<\/div>\n\t\t<\/div>\n\t\t\t\t\t<\/div>\n\t\t<\/section>\n\t\t\t\t<section class=\"elementor-section elementor-top-section elementor-element elementor-element-42b6e76 elementor-section-boxed elementor-section-height-default elementor-section-height-default\" data-id=\"42b6e76\" data-element_type=\"section\" data-e-type=\"section\">\n\t\t\t\t\t\t<div class=\"elementor-container elementor-column-gap-default\">\n\t\t\t\t\t<div class=\"elementor-column elementor-col-100 elementor-top-column elementor-element elementor-element-5e9fc90\" data-id=\"5e9fc90\" data-element_type=\"column\" data-e-type=\"column\">\n\t\t\t<div class=\"elementor-widget-wrap elementor-element-populated\">\n\t\t\t\t\t\t<div class=\"elementor-element elementor-element-176a7d9 elementor-widget elementor-widget-text-editor\" data-id=\"176a7d9\" data-element_type=\"widget\" data-e-type=\"widget\" data-widget_type=\"text-editor.default\">\n\t\t\t\t<div class=\"elementor-widget-container\">\n\t\t\t\t\t\t\t\t\t<ul><li style=\"list-style-type: none;\"><ul><li><strong><a href=\"https:\/\/www.une.edu.pe\/uneweb\/wp-content\/uploads\/2026\/02\/RESULTADO-FINAL-DEL-CONCURSO-DE-PROYECTOS-DE-INVESTIGACION-CON-ASIGNACION-ECONOMICA-ESPECIAL-2026.pdf\" target=\"_blank\" rel=\"noopener\">RESULTADO FINAL &#8211; CONCURSO DE PROYECTOS DE INVESTIGACI\u00d3N CON ASIGNACI\u00d3N ECON\u00d3MICA ESPECIAL, 2026<\/a><\/strong><\/li><li><a href=\"https:\/\/www.une.edu.pe\/uneweb\/wp-content\/uploads\/2026\/02\/resultado-de-la-evaluacion-de-los-Proyectos-de-Investigacion.pdf\" target=\"_blank\" rel=\"noopener\"><strong><span style=\"color: #000000;\">Relaci\u00f3n de proyectos de investigaci\u00f3n con asignaci\u00f3n econ\u00f3mica especial que no alcanzaron el puntaje m\u00ednimo de la evaluaci\u00f3n realizada por el Jurado Evaluador (Sistema de doble ciego)<\/span><\/strong><\/a><\/li><li><p><span style=\"color: #000000;\"><a style=\"background-color: #ffffff; color: #000000;\" href=\"https:\/\/www.une.edu.pe\/uneweb\/wp-content\/uploads\/2026\/01\/Resultados-de-la-evaluacion-de-las-consideraciones-eticas-Concurso-de-proyectos-de-investigacion-2026.pdf\" target=\"_blank\" rel=\"noopener\"><strong>Resultados de la evaluaci\u00f3n de las consideraciones \u00e9ticas del concurso de proyectos de investigaci\u00f3n 2026<\/strong><\/a><\/span><\/p><\/li><li><p><span style=\"color: #000000;\"><a style=\"background-color: #ffffff; color: #000000;\" href=\"https:\/\/www.une.edu.pe\/uneweb\/wp-content\/uploads\/2026\/01\/Publicacion-web-institucional-Oficio-Nro.-031-2025-DII-UNE-1.pdf\" target=\"_blank\" rel=\"noopener\"><strong>Resultados de la revisi\u00f3n de expedientes del concurso de proyectos de investigaci\u00f3n con asignaci\u00f3n econ\u00f3mica especial 2026<\/strong><\/a><\/span><\/p><\/li><li><p><span style=\"color: #000000;\"><a style=\"background-color: #ffffff; color: #000000;\" href=\"https:\/\/www.une.edu.pe\/uneweb\/wp-content\/uploads\/2025\/12\/FORMATOS-2026.docx\" target=\"_blank\" rel=\"noopener\"><strong>Formato &#8211; 2026<\/strong><\/a><\/span><\/p><\/li><li><p><span style=\"color: #000000;\"><a style=\"background-color: #ffffff; color: #000000;\" href=\"https:\/\/www.une.edu.pe\/uneweb\/wp-content\/uploads\/2025\/12\/Cronograma-del-Concurso-de-Proyectos-de-Investigacion-con-asignacion-economica-2026.pdf\" target=\"_blank\" rel=\"noopener\"><strong>Cronograma del Concurso de Proyectos de Investigaci\u00f3n con asignaci\u00f3n econ\u00f3mica &#8211; 2026<\/strong><\/a><\/span><\/p><\/li><li><p><span style=\"color: #000000;\"><a style=\"background-color: #ffffff; color: #000000;\" href=\"https:\/\/www.une.edu.pe\/uneweb\/wp-content\/uploads\/2025\/12\/Bases-del-Concurso-del-Concurso-de-Proyectos-de-Investigacion-con-asig-econ-2026.pdf\" target=\"_blank\" rel=\"noopener\"><strong>Bases del Concurso\u00a0 de Proyectos de Investigaci\u00f3n con asignaci\u00f3n econ\u00f3mica &#8211; 2026<\/strong><\/a><\/span><\/p><\/li><\/ul><\/li><\/ul>\t\t\t\t\t\t\t\t<\/div>\n\t\t\t\t<\/div>\n\t\t\t\t\t<\/div>\n\t\t<\/div>\n\t\t\t\t\t<\/div>\n\t\t<\/section>\n\t\t\t\t<\/div>\n\t\t ","protected":false},"excerpt":{"rendered":"<p>Documentos RESULTADO FINAL &#8211; CONCURSO DE PROYECTOS DE INVESTIGACI\u00d3N CON ASIGNACI\u00d3N ECON\u00d3MICA ESPECIAL, 2026 Relaci\u00f3n de proyectos de investigaci\u00f3n con asignaci\u00f3n econ\u00f3mica especial que no alcanzaron el puntaje m\u00ednimo de la evaluaci\u00f3n realizada por el Jurado Evaluador (Sistema de doble ciego) Resultados de la evaluaci\u00f3n de las consideraciones \u00e9ticas del concurso de proyectos de investigaci\u00f3n [&hellip;]<\/p>\n","protected":false},"author":2,"featured_media":0,"parent":0,"menu_order":0,"comment_status":"closed","ping_status":"closed","template":"","meta":{"footnotes":""},"class_list":["post-24747","page","type-page","status-publish","hentry"],"_links":{"self":[{"href":"https:\/\/www.une.edu.pe\/uneweb\/wp-json\/wp\/v2\/pages\/24747","targetHints":{"allow":["GET"]}}],"collection":[{"href":"https:\/\/www.une.edu.pe\/uneweb\/wp-json\/wp\/v2\/pages"}],"about":[{"href":"https:\/\/www.une.edu.pe\/uneweb\/wp-json\/wp\/v2\/types\/page"}],"author":[{"embeddable":true,"href":"https:\/\/www.une.edu.pe\/uneweb\/wp-json\/wp\/v2\/users\/2"}],"replies":[{"embeddable":true,"href":"https:\/\/www.une.edu.pe\/uneweb\/wp-json\/wp\/v2\/comments?post=24747"}],"version-history":[{"count":34,"href":"https:\/\/www.une.edu.pe\/uneweb\/wp-json\/wp\/v2\/pages\/24747\/revisions"}],"predecessor-version":[{"id":25543,"href":"https:\/\/www.une.edu.pe\/uneweb\/wp-json\/wp\/v2\/pages\/24747\/revisions\/25543"}],"wp:attachment":[{"href":"https:\/\/www.une.edu.pe\/uneweb\/wp-json\/wp\/v2\/media?parent=24747"}],"curies":[{"name":"wp","href":"https:\/\/api.w.org\/{rel}","templated":true}]}}