{"id":9167,"date":"2025-09-16T12:21:55","date_gmt":"2025-09-16T17:21:55","guid":{"rendered":"https:\/\/www.une.edu.pe\/fatec\/?page_id=9167"},"modified":"2025-10-28T14:57:06","modified_gmt":"2025-10-28T19:57:06","slug":"politicas-y-objetivos-de-la-calidad","status":"publish","type":"page","link":"https:\/\/www.une.edu.pe\/tecnologia\/politicas-y-objetivos-de-la-calidad\/","title":{"rendered":"Pol\u00edticas y objetivos de la calidad"},"content":{"rendered":"\t\t<div data-elementor-type=\"wp-page\" data-elementor-id=\"9167\" class=\"elementor elementor-9167\">\n\t\t\t\t<div class=\"elementor-element elementor-element-28d1b6d e-flex e-con-boxed e-con e-parent\" data-id=\"28d1b6d\" data-element_type=\"container\" data-e-type=\"container\">\n\t\t\t\t\t<div class=\"e-con-inner\">\n\t\t<div class=\"elementor-element elementor-element-e414eab e-con-full e-flex e-con e-child\" data-id=\"e414eab\" data-element_type=\"container\" data-e-type=\"container\">\n\t\t\t\t<div class=\"elementor-element elementor-element-1c2bdff elementor-widget elementor-widget-heading\" data-id=\"1c2bdff\" data-element_type=\"widget\" data-e-type=\"widget\" data-widget_type=\"heading.default\">\n\t\t\t\t<div class=\"elementor-widget-container\">\n\t\t\t\t\t<h5 class=\"elementor-heading-title elementor-size-default\">Pol\u00edticas de calidad<\/h5>\t\t\t\t<\/div>\n\t\t\t\t<\/div>\n\t\t\t\t<div class=\"elementor-element elementor-element-9dddc44 elementor-widget elementor-widget-text-editor\" data-id=\"9dddc44\" data-element_type=\"widget\" data-e-type=\"widget\" data-widget_type=\"text-editor.default\">\n\t\t\t\t<div class=\"elementor-widget-container\">\n\t\t\t\t\t\t\t\t\t<h4>La UNE EGYV a trav\u00e9s de su Sistema de Gesti\u00f3n de Calidad se compromete a las siguientes Pol\u00edticas de la Calidad:<\/h4><ul><li><h4>PC-01. Mejorar la calidad del servicio educativo para la comunidad universitaria, promoviendo la mejora continua a partir de las necesidades de las partes interesadas.<\/h4><\/li><li><h4>PC-02. Garantizar la formaci\u00f3n acad\u00e9mica integral de profesionales, en un enfoque basado en competencias, alcanzando los requisitos nacionales e internacionales de calidad.<\/h4><\/li><li><h4>PC-03. Promover la investigaci\u00f3n, desarrollo e innovaci\u00f3n (I+D+i) como mecanismo de desarrollo sostenible al cambio en la sociedad y nuestro pa\u00eds.<\/h4><\/li><li><h4>PC-04. Impulsar el desarrollo de la responsabilidad social universitaria; extensi\u00f3n cultural y proyecci\u00f3n social sostenible al cambio y en su entorno.<\/h4><\/li><li><h4>PC-05. Cumplir con los requisitos legales y reglamentarios aplicables a nuestra instituci\u00f3n.<\/h4><\/li><li><h4>PC-06. Aplicar la mejora continua para potenciar el desempe\u00f1o de las actividades realizadas por la UNE EGYV, asegurando que los procesos logren sus objetivos planteados en el Sistema de Gesti\u00f3n de la Calidad.<\/h4><\/li><\/ul><h4>Estas Pol\u00edticas de la Calidad estar\u00e1n disponibles en el portal web de la UNE EGYV para todas las partes interesadas pertinentes.<\/h4>\t\t\t\t\t\t\t\t<\/div>\n\t\t\t\t<\/div>\n\t\t\t\t<\/div>\n\t\t<div class=\"elementor-element elementor-element-4bdf065 e-con-full e-flex e-con e-child\" data-id=\"4bdf065\" data-element_type=\"container\" data-e-type=\"container\">\n\t\t\t\t<div class=\"elementor-element elementor-element-fc18d89 elementor-widget elementor-widget-image\" data-id=\"fc18d89\" data-element_type=\"widget\" data-e-type=\"widget\" data-widget_type=\"image.default\">\n\t\t\t\t<div class=\"elementor-widget-container\">\n\t\t\t\t\t\t\t\t\t\t\t\t\t\t\t<img fetchpriority=\"high\" decoding=\"async\" width=\"1014\" height=\"612\" src=\"https:\/\/www.une.edu.pe\/tecnologia\/wp-content\/uploads\/2025\/10\/logo-line-negro-centro.png\" class=\"attachment-large size-large wp-image-10158\" alt=\"\" srcset=\"https:\/\/www.une.edu.pe\/tecnologia\/wp-content\/uploads\/2025\/10\/logo-line-negro-centro.png 1014w, https:\/\/www.une.edu.pe\/tecnologia\/wp-content\/uploads\/2025\/10\/logo-line-negro-centro-300x181.png 300w, https:\/\/www.une.edu.pe\/tecnologia\/wp-content\/uploads\/2025\/10\/logo-line-negro-centro-768x464.png 768w, https:\/\/www.une.edu.pe\/tecnologia\/wp-content\/uploads\/2025\/10\/logo-line-negro-centro-600x362.png 600w\" sizes=\"(max-width: 1014px) 100vw, 1014px\" \/>\t\t\t\t\t\t\t\t\t\t\t\t\t\t\t<\/div>\n\t\t\t\t<\/div>\n\t\t\t\t<\/div>\n\t\t\t\t\t<\/div>\n\t\t\t\t<\/div>\n\t\t<div class=\"elementor-element elementor-element-4bb199c e-flex e-con-boxed e-con e-parent\" data-id=\"4bb199c\" data-element_type=\"container\" data-e-type=\"container\">\n\t\t\t\t\t<div class=\"e-con-inner\">\n\t\t<div class=\"elementor-element elementor-element-99fd214 e-con-full e-flex e-con e-child\" data-id=\"99fd214\" data-element_type=\"container\" data-e-type=\"container\">\n\t\t\t\t<div class=\"elementor-element elementor-element-35cdde2 elementor-widget elementor-widget-heading\" data-id=\"35cdde2\" data-element_type=\"widget\" data-e-type=\"widget\" data-widget_type=\"heading.default\">\n\t\t\t\t<div class=\"elementor-widget-container\">\n\t\t\t\t\t<h5 class=\"elementor-heading-title elementor-size-default\">Objetivos de calidad<\/h5>\t\t\t\t<\/div>\n\t\t\t\t<\/div>\n\t\t\t\t<div class=\"elementor-element elementor-element-30d3eea elementor-widget elementor-widget-text-editor\" data-id=\"30d3eea\" data-element_type=\"widget\" data-e-type=\"widget\" data-widget_type=\"text-editor.default\">\n\t\t\t\t<div class=\"elementor-widget-container\">\n\t\t\t\t\t\t\t\t\t<ul><li><h4>OC-01. Incrementar el grado de satisfacci\u00f3n de los estudiantes de pregrado, segunda especialidad y posgrado respecto a la formaci\u00f3n acad\u00e9mica integral y a los servicios educacionales complementarios brindados.<\/h4><\/li><li><h4>OC-02. Incrementar el porcentaje de programas de estudios autoevaluados bajo los requisitos de los modelos nacionales (SUNEDU y SINEACE) e internacionales.<\/h4><\/li><li><h4>OC-03. Fomentar la investigaci\u00f3n, desarrollo e innovaci\u00f3n (I+D+i) que aborden los desaf\u00edos sociales, contribuyendo al bienestar de la poblaci\u00f3n y desarrollo sostenible.<\/h4><\/li><li><h4>OC-04. Incrementar actividades y\/o proyectos de responsabilidad social universitaria; extensi\u00f3n cultural y proyecci\u00f3n social en la comunidad universitaria.<\/h4><\/li><li><h4>OC-05. Cumplir con las necesidades de las partes interesadas pertinentes a la UNE EGYV.<\/h4><\/li><li><h4>OC-06. Mejorar continuamente el n\u00famero de los procesos en la UNE que logren los objetivos establecidos por el Sistema de Gesti\u00f3n de la Calidad.<\/h4><\/li><li><h4>OC-07. Fortalecer la prevenci\u00f3n de riesgos potenciales de desastres naturales y antr\u00f3picos que podr\u00edan afectar a la comunidad universitaria.<\/h4><\/li><\/ul><h4>Estos Objetivos de la Calidad estar\u00e1n disponibles en el portal web de la UNE EGYV para todas las partes interesadas pertinentes.<\/h4>\t\t\t\t\t\t\t\t<\/div>\n\t\t\t\t<\/div>\n\t\t\t\t<\/div>\n\t\t<div class=\"elementor-element elementor-element-079f186 e-con-full e-flex e-con e-child\" data-id=\"079f186\" data-element_type=\"container\" data-e-type=\"container\">\n\t\t\t\t<div class=\"elementor-element elementor-element-b3c5949 elementor-widget elementor-widget-image\" data-id=\"b3c5949\" data-element_type=\"widget\" data-e-type=\"widget\" data-widget_type=\"image.default\">\n\t\t\t\t<div class=\"elementor-widget-container\">\n\t\t\t\t\t\t\t\t\t\t\t\t\t\t\t<img fetchpriority=\"high\" decoding=\"async\" width=\"1014\" height=\"612\" src=\"https:\/\/www.une.edu.pe\/tecnologia\/wp-content\/uploads\/2025\/10\/logo-line-negro-centro.png\" class=\"attachment-large size-large wp-image-10158\" alt=\"\" srcset=\"https:\/\/www.une.edu.pe\/tecnologia\/wp-content\/uploads\/2025\/10\/logo-line-negro-centro.png 1014w, https:\/\/www.une.edu.pe\/tecnologia\/wp-content\/uploads\/2025\/10\/logo-line-negro-centro-300x181.png 300w, https:\/\/www.une.edu.pe\/tecnologia\/wp-content\/uploads\/2025\/10\/logo-line-negro-centro-768x464.png 768w, https:\/\/www.une.edu.pe\/tecnologia\/wp-content\/uploads\/2025\/10\/logo-line-negro-centro-600x362.png 600w\" sizes=\"(max-width: 1014px) 100vw, 1014px\" \/>\t\t\t\t\t\t\t\t\t\t\t\t\t\t\t<\/div>\n\t\t\t\t<\/div>\n\t\t\t\t<\/div>\n\t\t\t\t\t<\/div>\n\t\t\t\t<\/div>\n\t\t\t\t<\/div>\n\t\t","protected":false},"excerpt":{"rendered":"<p>Pol&iacute;ticas de calidad La UNE EGYV a trav&eacute;s de su Sistema de Gesti&oacute;n de Calidad se compromete a las siguientes Pol&iacute;ticas de la Calidad: PC-01. Mejorar la calidad del servicio educativo para la comunidad universitaria, promoviendo la mejora continua a partir de las necesidades de las partes interesadas. PC-02. Garantizar la formaci&oacute;n acad&eacute;mica integral de [&hellip;]<\/p>\n","protected":false},"author":2,"featured_media":0,"parent":0,"menu_order":0,"comment_status":"closed","ping_status":"closed","template":"","meta":{"footnotes":""},"class_list":["post-9167","page","type-page","status-publish","hentry"],"_links":{"self":[{"href":"https:\/\/www.une.edu.pe\/tecnologia\/wp-json\/wp\/v2\/pages\/9167","targetHints":{"allow":["GET"]}}],"collection":[{"href":"https:\/\/www.une.edu.pe\/tecnologia\/wp-json\/wp\/v2\/pages"}],"about":[{"href":"https:\/\/www.une.edu.pe\/tecnologia\/wp-json\/wp\/v2\/types\/page"}],"author":[{"embeddable":true,"href":"https:\/\/www.une.edu.pe\/tecnologia\/wp-json\/wp\/v2\/users\/2"}],"replies":[{"embeddable":true,"href":"https:\/\/www.une.edu.pe\/tecnologia\/wp-json\/wp\/v2\/comments?post=9167"}],"version-history":[{"count":16,"href":"https:\/\/www.une.edu.pe\/tecnologia\/wp-json\/wp\/v2\/pages\/9167\/revisions"}],"predecessor-version":[{"id":10164,"href":"https:\/\/www.une.edu.pe\/tecnologia\/wp-json\/wp\/v2\/pages\/9167\/revisions\/10164"}],"wp:attachment":[{"href":"https:\/\/www.une.edu.pe\/tecnologia\/wp-json\/wp\/v2\/media?parent=9167"}],"curies":[{"name":"wp","href":"https:\/\/api.w.org\/{rel}","templated":true}]}}