{"id":5035,"date":"2022-11-07T16:01:55","date_gmt":"2022-11-07T15:01:55","guid":{"rendered":"http:\/\/www.une.edu.pe\/oficina-cooperacion\/?page_id=5035"},"modified":"2022-11-10T16:10:00","modified_gmt":"2022-11-10T15:10:00","slug":"beca-generacion-del-bicentenario","status":"publish","type":"page","link":"https:\/\/www.une.edu.pe\/oficina-cooperacion\/beca-generacion-del-bicentenario\/","title":{"rendered":"BECA GENERACI\u00d3N DEL BICENTENARIO"},"content":{"rendered":"\n<div class=\"wp-block-columns is-layout-flex wp-container-core-columns-is-layout-9d6595d7 wp-block-columns-is-layout-flex\">\n<div class=\"wp-block-column is-layout-flow wp-block-column-is-layout-flow\"><\/div>\n\n\n\n<div class=\"wp-block-column is-layout-flow wp-block-column-is-layout-flow\" style=\"flex-basis:90%\"><div class=\"wp-block-image is-style-default\">\n<figure class=\"aligncenter size-full\"><img loading=\"lazy\" decoding=\"async\" width=\"865\" height=\"443\" src=\"http:\/\/www.une.edu.pe\/oficina-cooperacion\/wp-content\/uploads\/2022\/11\/Portada.png\" alt=\"\" class=\"wp-image-5037\" srcset=\"https:\/\/www.une.edu.pe\/oficina-cooperacion\/wp-content\/uploads\/2022\/11\/Portada.png 865w, https:\/\/www.une.edu.pe\/oficina-cooperacion\/wp-content\/uploads\/2022\/11\/Portada-300x154.png 300w, https:\/\/www.une.edu.pe\/oficina-cooperacion\/wp-content\/uploads\/2022\/11\/Portada-768x393.png 768w, https:\/\/www.une.edu.pe\/oficina-cooperacion\/wp-content\/uploads\/2022\/11\/Portada-24x12.png 24w, https:\/\/www.une.edu.pe\/oficina-cooperacion\/wp-content\/uploads\/2022\/11\/Portada-36x18.png 36w, https:\/\/www.une.edu.pe\/oficina-cooperacion\/wp-content\/uploads\/2022\/11\/Portada-48x25.png 48w\" sizes=\"auto, (max-width: 865px) 100vw, 865px\" \/><\/figure>\n<\/div>\n\n\n<div class=\"wp-block-columns is-layout-flex wp-container-core-columns-is-layout-9d6595d7 wp-block-columns-is-layout-flex\">\n<div class=\"wp-block-column is-layout-flow wp-block-column-is-layout-flow\"><\/div>\n\n\n\n<div class=\"wp-block-column is-layout-flow wp-block-column-is-layout-flow\" style=\"flex-basis:90%\">\n<p class=\"has-text-align-left has-black-color has-text-color has-medium-font-size\"><strong>BECA GENERACI\u00d3N DEL BICENTENARIO<\/strong><\/p>\n\n\n\n<p class=\"has-text-align-left has-black-color has-text-color has-medium-font-size\"><strong>\u00bfA qui\u00e9n est\u00e1 dirigido el concurso?<\/strong><\/p>\n\n\n\n<p class=\"has-text-align-left has-black-color has-text-color has-medium-font-size\">Profesionales peruanos que hayan concluido sus estudios superiores con alto rendimiento acad\u00e9mico, que tengan insuficientes recursos econ\u00f3micos para estudiar un posgrado y que hayan sido admitidos en una universidad extranjera elegible.<\/p>\n\n\n\n<p class=\"has-text-align-left has-black-color has-text-color has-medium-font-size\">A trav\u00e9s de este concurso, el Estado peruano busca formar talento humano altamente calificado y fomentar  talento humano altamente calificado y fomentar la investigaci\u00f3n cient\u00edfica e innovaci\u00f3n tecnol\u00f3gica para responder a las necesidades de desarrollo del pa\u00eds.      <\/p>\n\n\n\n<p class=\"has-medium-font-size\"><strong>BENEFICIOS DEL CONCURSO <\/strong><\/p>\n\n\n\n<ul class=\"has-medium-font-size wp-block-list\"><li>Costo de matricula y pensi\u00f3n del programa de estudios.<\/li><li>Transporte internacional.<\/li><li>Movilidad local.<\/li><li>Alojamiento, de corresponder.<\/li><li>Alimentaci\u00f3n.<\/li><li>Materiales de estudio.<\/li><li>Gastos administrativos para la obtenci\u00f3n del grado y\/o titulo respectivo.<\/li><li>Seguro m\u00e9dico, entre otros.<\/li><\/ul>\n\n\n\n<p><\/p>\n\n\n\n<div class=\"wp-block-columns is-layout-flex wp-container-core-columns-is-layout-9d6595d7 wp-block-columns-is-layout-flex\">\n<div class=\"wp-block-column is-layout-flow wp-block-column-is-layout-flow\">\n<div class=\"wp-block-buttons is-layout-flex wp-block-buttons-is-layout-flex\">\n<div class=\"wp-block-button alignleft is-style-fill\"><a class=\"wp-block-button__link has-white-color has-vivid-cyan-blue-background-color has-text-color has-background\" href=\"https:\/\/www.pronabec.gob.pe\/beca-generacion-bicentenario\/\" target=\"_blank\" rel=\"noreferrer noopener\"><strong>Informaci\u00f3n adicional<\/strong> <\/a><\/div>\n<\/div>\n<\/div>\n\n\n\n<div class=\"wp-block-column is-layout-flow wp-block-column-is-layout-flow\">\n<div class=\"wp-block-buttons is-layout-flex wp-block-buttons-is-layout-flex\">\n<div class=\"wp-block-button\"><a class=\"wp-block-button__link has-vivid-cyan-blue-background-color has-background\" href=\"http:\/\/www.une.edu.pe\/oficina-cooperacion\/wp-content\/uploads\/2022\/11\/BECAS-DISPONIBLES-2022.pdf\" target=\"_blank\" rel=\"noreferrer noopener\"><strong>Becas disponibles<\/strong><\/a><\/div>\n<\/div>\n<\/div>\n\n\n\n<div class=\"wp-block-column is-layout-flow wp-block-column-is-layout-flow\">\n<div class=\"wp-block-buttons is-layout-flex wp-block-buttons-is-layout-flex\"><\/div>\n<\/div>\n<\/div>\n\n\n\n<p><\/p>\n\n\n\n<p class=\"has-text-align-left\">                                                                                                                                                                         <\/p>\n\n\n\n<p><\/p>\n\n\n\n<p><\/p>\n<\/div>\n\n\n\n<div class=\"wp-block-column is-layout-flow wp-block-column-is-layout-flow\"><\/div>\n<\/div>\n<\/div>\n\n\n\n<div class=\"wp-block-column is-layout-flow wp-block-column-is-layout-flow\"><\/div>\n<\/div>\n\n\n\n<p><\/p>\n","protected":false},"excerpt":{"rendered":"<p>BECA GENERACI\u00d3N DEL BICENTENARIO \u00bfA qui\u00e9n est\u00e1 dirigido el concurso? Profesionales peruanos que hayan concluido sus estudios superiores con alto rendimiento acad\u00e9mico, que tengan insuficientes recursos econ\u00f3micos para estudiar un posgrado y que hayan sido admitidos en una universidad extranjera elegible. A trav\u00e9s de este concurso, el Estado peruano busca formar talento humano altamente calificado&hellip;<\/p>\n","protected":false},"author":5,"featured_media":0,"parent":0,"menu_order":0,"comment_status":"closed","ping_status":"closed","template":"elementor_canvas","meta":{"footnotes":""},"class_list":["post-5035","page","type-page","status-publish","hentry"],"_links":{"self":[{"href":"https:\/\/www.une.edu.pe\/oficina-cooperacion\/wp-json\/wp\/v2\/pages\/5035","targetHints":{"allow":["GET"]}}],"collection":[{"href":"https:\/\/www.une.edu.pe\/oficina-cooperacion\/wp-json\/wp\/v2\/pages"}],"about":[{"href":"https:\/\/www.une.edu.pe\/oficina-cooperacion\/wp-json\/wp\/v2\/types\/page"}],"author":[{"embeddable":true,"href":"https:\/\/www.une.edu.pe\/oficina-cooperacion\/wp-json\/wp\/v2\/users\/5"}],"replies":[{"embeddable":true,"href":"https:\/\/www.une.edu.pe\/oficina-cooperacion\/wp-json\/wp\/v2\/comments?post=5035"}],"version-history":[{"count":15,"href":"https:\/\/www.une.edu.pe\/oficina-cooperacion\/wp-json\/wp\/v2\/pages\/5035\/revisions"}],"predecessor-version":[{"id":5178,"href":"https:\/\/www.une.edu.pe\/oficina-cooperacion\/wp-json\/wp\/v2\/pages\/5035\/revisions\/5178"}],"wp:attachment":[{"href":"https:\/\/www.une.edu.pe\/oficina-cooperacion\/wp-json\/wp\/v2\/media?parent=5035"}],"curies":[{"name":"wp","href":"https:\/\/api.w.org\/{rel}","templated":true}]}}

BECA GENERACIÓN DEL BICENTENARIO

<div class="wp-block-columns is-layout-flex wp-container-core-columns-is-layout-9d6595d7 wp-block-columns-is-layout-flex">
<div class="wp-block-column is-layout-flow wp-block-column-is-layout-flow"></div>



<div class="wp-block-column is-layout-flow wp-block-column-is-layout-flow" style="flex-basis:90%"><div class="wp-block-image is-style-default">
<figure class="aligncenter size-full"><img loading="lazy" decoding="async" width="865" height="443" src="http://www.une.edu.pe/oficina-cooperacion/wp-content/uploads/2022/11/Portada.png" alt="" class="wp-image-5037" srcset="https://www.une.edu.pe/oficina-cooperacion/wp-content/uploads/2022/11/Portada.png 865w, https://www.une.edu.pe/oficina-cooperacion/wp-content/uploads/2022/11/Portada-300x154.png 300w, https://www.une.edu.pe/oficina-cooperacion/wp-content/uploads/2022/11/Portada-768x393.png 768w, https://www.une.edu.pe/oficina-cooperacion/wp-content/uploads/2022/11/Portada-24x12.png 24w, https://www.une.edu.pe/oficina-cooperacion/wp-content/uploads/2022/11/Portada-36x18.png 36w, https://www.une.edu.pe/oficina-cooperacion/wp-content/uploads/2022/11/Portada-48x25.png 48w" sizes="auto, (max-width: 865px) 100vw, 865px" /></figure>
</div>


<div class="wp-block-columns is-layout-flex wp-container-core-columns-is-layout-9d6595d7 wp-block-columns-is-layout-flex">
<div class="wp-block-column is-layout-flow wp-block-column-is-layout-flow"></div>



<div class="wp-block-column is-layout-flow wp-block-column-is-layout-flow" style="flex-basis:90%">
<p class="has-text-align-left has-black-color has-text-color has-medium-font-size"><strong>BECA GENERACIÓN DEL BICENTENARIO</strong></p>



<p class="has-text-align-left has-black-color has-text-color has-medium-font-size"><strong>¿A quién está dirigido el concurso?</strong></p>



<p class="has-text-align-left has-black-color has-text-color has-medium-font-size">Profesionales peruanos que hayan concluido sus estudios superiores con alto rendimiento académico, que tengan insuficientes recursos económicos para estudiar un posgrado y que hayan sido admitidos en una universidad extranjera elegible.</p>



<p class="has-text-align-left has-black-color has-text-color has-medium-font-size">A través de este concurso, el Estado peruano busca formar talento humano altamente calificado y fomentar  talento humano altamente calificado y fomentar la investigación científica e innovación tecnológica para responder a las necesidades de desarrollo del país.      </p>



<p class="has-medium-font-size"><strong>BENEFICIOS DEL CONCURSO </strong></p>



<ul class="has-medium-font-size wp-block-list"><li>Costo de matricula y pensión del programa de estudios.</li><li>Transporte internacional.</li><li>Movilidad local.</li><li>Alojamiento, de corresponder.</li><li>Alimentación.</li><li>Materiales de estudio.</li><li>Gastos administrativos para la obtención del grado y/o titulo respectivo.</li><li>Seguro médico, entre otros.</li></ul>



<p></p>



<div class="wp-block-columns is-layout-flex wp-container-core-columns-is-layout-9d6595d7 wp-block-columns-is-layout-flex">
<div class="wp-block-column is-layout-flow wp-block-column-is-layout-flow">
<div class="wp-block-buttons is-layout-flex wp-block-buttons-is-layout-flex">
<div class="wp-block-button alignleft is-style-fill"><a class="wp-block-button__link has-white-color has-vivid-cyan-blue-background-color has-text-color has-background" href="https://www.pronabec.gob.pe/beca-generacion-bicentenario/" target="_blank" rel="noreferrer noopener"><strong>Información adicional</strong> </a></div>
</div>
</div>



<div class="wp-block-column is-layout-flow wp-block-column-is-layout-flow">
<div class="wp-block-buttons is-layout-flex wp-block-buttons-is-layout-flex">
<div class="wp-block-button"><a class="wp-block-button__link has-vivid-cyan-blue-background-color has-background" href="http://www.une.edu.pe/oficina-cooperacion/wp-content/uploads/2022/11/BECAS-DISPONIBLES-2022.pdf" target="_blank" rel="noreferrer noopener"><strong>Becas disponibles</strong></a></div>
</div>
</div>



<div class="wp-block-column is-layout-flow wp-block-column-is-layout-flow">
<div class="wp-block-buttons is-layout-flex wp-block-buttons-is-layout-flex"></div>
</div>
</div>



<p></p>



<p class="has-text-align-left">                                                                                                                                                                         </p>



<p></p>



<p></p>
</div>



<div class="wp-block-column is-layout-flow wp-block-column-is-layout-flow"></div>
</div>
</div>



<div class="wp-block-column is-layout-flow wp-block-column-is-layout-flow"></div>
</div>



<p></p>

<p>BECA GENERACIÓN DEL BICENTENARIO ¿A quién está dirigido el concurso? Profesionales peruanos que hayan concluido sus estudios superiores con alto rendimiento académico, que tengan insuficientes recursos económicos para estudiar un posgrado y que hayan sido admitidos en una universidad extranjera elegible. A través de este concurso, el Estado peruano busca formar talento humano altamente calificado&hellip;</p>
