{"id":96,"date":"2021-09-20T12:41:39","date_gmt":"2021-09-20T17:41:39","guid":{"rendered":"https:\/\/www.une.edu.pe\/investigacion\/?page_id=96"},"modified":"2026-03-10T15:55:23","modified_gmt":"2026-03-10T20:55:23","slug":"produccion-bienes-servicios","status":"publish","type":"page","link":"https:\/\/www.une.edu.pe\/investigacion\/produccion-bienes-servicios\/","title":{"rendered":"Direcci\u00f3n de Producci\u00f3n de Bienes y Servicios"},"content":{"rendered":"\t\t<div data-elementor-type=\"wp-page\" data-elementor-id=\"96\" class=\"elementor elementor-96\">\n\t\t\t\t\t\t<section class=\"elementor-section elementor-top-section elementor-element elementor-element-8c6cc79 elementor-section-boxed elementor-section-height-default elementor-section-height-default\" data-id=\"8c6cc79\" data-element_type=\"section\" data-e-type=\"section\">\n\t\t\t\t\t\t<div class=\"elementor-container elementor-column-gap-default\">\n\t\t\t\t\t<div class=\"elementor-column elementor-col-100 elementor-top-column elementor-element elementor-element-0c4c8d0\" data-id=\"0c4c8d0\" data-element_type=\"column\" data-e-type=\"column\">\n\t\t\t<div class=\"elementor-widget-wrap elementor-element-populated\">\n\t\t\t\t\t\t<div class=\"elementor-element elementor-element-3429caf elementor-widget elementor-widget-image\" data-id=\"3429caf\" data-element_type=\"widget\" data-e-type=\"widget\" data-widget_type=\"image.default\">\n\t\t\t\t<div class=\"elementor-widget-container\">\n\t\t\t\t\t\t\t\t\t\t\t\t\t\t\t<img fetchpriority=\"high\" decoding=\"async\" width=\"925\" height=\"140\" src=\"https:\/\/www.une.edu.pe\/investigacion\/wp-content\/uploads\/2024\/08\/Captura2.jpg\" class=\"attachment-full size-full wp-image-5676\" alt=\"\" srcset=\"https:\/\/www.une.edu.pe\/investigacion\/wp-content\/uploads\/2024\/08\/Captura2.jpg 925w, https:\/\/www.une.edu.pe\/investigacion\/wp-content\/uploads\/2024\/08\/Captura2-300x45.jpg 300w, https:\/\/www.une.edu.pe\/investigacion\/wp-content\/uploads\/2024\/08\/Captura2-768x116.jpg 768w\" sizes=\"(max-width: 925px) 100vw, 925px\" \/>\t\t\t\t\t\t\t\t\t\t\t\t\t\t\t<\/div>\n\t\t\t\t<\/div>\n\t\t\t\t\t<\/div>\n\t\t<\/div>\n\t\t\t\t\t<\/div>\n\t\t<\/section>\n\t\t\t\t<section class=\"elementor-section elementor-top-section elementor-element elementor-element-36ad9d5 elementor-section-boxed elementor-section-height-default elementor-section-height-default\" data-id=\"36ad9d5\" data-element_type=\"section\" data-e-type=\"section\">\n\t\t\t\t\t\t<div class=\"elementor-container elementor-column-gap-default\">\n\t\t\t\t\t<div class=\"elementor-column elementor-col-100 elementor-top-column elementor-element elementor-element-d6f44ef\" data-id=\"d6f44ef\" data-element_type=\"column\" data-e-type=\"column\">\n\t\t\t<div class=\"elementor-widget-wrap elementor-element-populated\">\n\t\t\t\t\t\t<div class=\"elementor-element elementor-element-8ed51c1 elementor-tabs-view-vertical elementor-widget elementor-widget-tabs\" data-id=\"8ed51c1\" data-element_type=\"widget\" data-e-type=\"widget\" data-widget_type=\"tabs.default\">\n\t\t\t\t<div class=\"elementor-widget-container\">\n\t\t\t\t\t\t\t<div class=\"elementor-tabs\">\n\t\t\t<div class=\"elementor-tabs-wrapper\" role=\"tablist\" >\n\t\t\t\t\t\t\t\t\t<div id=\"elementor-tab-title-1491\" class=\"elementor-tab-title elementor-tab-desktop-title\" aria-selected=\"true\" data-tab=\"1\" role=\"tab\" tabindex=\"0\" aria-controls=\"elementor-tab-content-1491\" aria-expanded=\"false\">QUIENES SOMOS<\/div>\n\t\t\t\t\t\t\t\t\t<div id=\"elementor-tab-title-1492\" class=\"elementor-tab-title elementor-tab-desktop-title\" aria-selected=\"false\" data-tab=\"2\" role=\"tab\" tabindex=\"-1\" aria-controls=\"elementor-tab-content-1492\" aria-expanded=\"false\">PRESENTACI\u00d3N<\/div>\n\t\t\t\t\t\t\t\t\t<div id=\"elementor-tab-title-1493\" class=\"elementor-tab-title elementor-tab-desktop-title\" aria-selected=\"false\" data-tab=\"3\" role=\"tab\" tabindex=\"-1\" aria-controls=\"elementor-tab-content-1493\" aria-expanded=\"false\">MISI\u00d3N Y VISI\u00d3N<\/div>\n\t\t\t\t\t\t\t\t\t<div id=\"elementor-tab-title-1494\" class=\"elementor-tab-title elementor-tab-desktop-title\" aria-selected=\"false\" data-tab=\"4\" role=\"tab\" tabindex=\"-1\" aria-controls=\"elementor-tab-content-1494\" aria-expanded=\"false\">LOGROS<\/div>\n\t\t\t\t\t\t\t\t\t<div id=\"elementor-tab-title-1495\" class=\"elementor-tab-title elementor-tab-desktop-title\" aria-selected=\"false\" data-tab=\"5\" role=\"tab\" tabindex=\"-1\" aria-controls=\"elementor-tab-content-1495\" aria-expanded=\"false\">ACTIVIDADES<\/div>\n\t\t\t\t\t\t\t\t\t<div id=\"elementor-tab-title-1496\" class=\"elementor-tab-title elementor-tab-desktop-title\" aria-selected=\"false\" data-tab=\"6\" role=\"tab\" tabindex=\"-1\" aria-controls=\"elementor-tab-content-1496\" aria-expanded=\"false\">DIRECTORIO<\/div>\n\t\t\t\t\t\t\t\t\t<div id=\"elementor-tab-title-1497\" class=\"elementor-tab-title elementor-tab-desktop-title\" aria-selected=\"false\" data-tab=\"7\" role=\"tab\" tabindex=\"-1\" aria-controls=\"elementor-tab-content-1497\" aria-expanded=\"false\">CONTACTO<\/div>\n\t\t\t\t\t\t\t\t\t<div id=\"elementor-tab-title-1498\" class=\"elementor-tab-title elementor-tab-desktop-title\" aria-selected=\"false\" data-tab=\"8\" role=\"tab\" tabindex=\"-1\" aria-controls=\"elementor-tab-content-1498\" aria-expanded=\"false\">MARCO NORMATIVO<\/div>\n\t\t\t\t\t\t\t<\/div>\n\t\t\t<div class=\"elementor-tabs-content-wrapper\" role=\"tablist\" aria-orientation=\"vertical\">\n\t\t\t\t\t\t\t\t\t<div class=\"elementor-tab-title elementor-tab-mobile-title\" aria-selected=\"true\" data-tab=\"1\" role=\"tab\" tabindex=\"0\" aria-controls=\"elementor-tab-content-1491\" aria-expanded=\"false\">QUIENES SOMOS<\/div>\n\t\t\t\t\t<div id=\"elementor-tab-content-1491\" class=\"elementor-tab-content elementor-clearfix\" data-tab=\"1\" role=\"tabpanel\" aria-labelledby=\"elementor-tab-title-1491\" tabindex=\"0\" hidden=\"false\"><p><span style=\"color: #000000;\">La <strong>Direcci\u00f3n de Producci\u00f3n de Bienes y Servicios<\/strong> de la Universidad Nacional de Educaci\u00f3n Enrique Guzm\u00e1n y Valle es un \u00d3rgano de l\u00ednea, dependiente del Vicerrectorado de Investigaci\u00f3n. Responsable de generar recursos propios para la UNE EGyV mediante el desarrollo y ejecuci\u00f3n de proyectos de investigaci\u00f3n y actividades de producci\u00f3n. <strong>(<a href=\"https:\/\/www.une.edu.pe\/transparencia\/informacion\/resoluciones-varias\/2022\/Resolucion_3288-2022-R-UNE.pdf\" target=\"_blank\" rel=\"noopener\">Resoluci\u00f3n N\u00ba3288-2022-R\/UNE)<\/a> .<\/strong><\/span><\/p><p><span style=\"color: #000000;\">La Ley Universitaria N\u00ba30220 precisa en su art\u00edculo N\u00ba 54 :\u00a0 \u201c<em>Las universidades pueden constituir centros\u00a0 de producci\u00f3n de bienes y servicios\u00a0\u00a0 que est\u00e1n relacionados con sus especialidades, \u00e1reas acad\u00e9micas o trabajos de investigaci\u00f3n.\u00a0 La utilidad resultante de dichas actividades constituye recursos de la Universidad y se destinan prioritariamente a la investigaci\u00f3n para el cumplimiento de sus fines.\u201d <\/em><\/span><\/p><\/div>\n\t\t\t\t\t\t\t\t\t<div class=\"elementor-tab-title elementor-tab-mobile-title\" aria-selected=\"false\" data-tab=\"2\" role=\"tab\" tabindex=\"-1\" aria-controls=\"elementor-tab-content-1492\" aria-expanded=\"false\">PRESENTACI\u00d3N<\/div>\n\t\t\t\t\t<div id=\"elementor-tab-content-1492\" class=\"elementor-tab-content elementor-clearfix\" data-tab=\"2\" role=\"tabpanel\" aria-labelledby=\"elementor-tab-title-1492\" tabindex=\"0\" hidden=\"hidden\"><p>La\u00a0<b><span style=\"font-size: 11.0pt; font-family: 'Arial',sans-serif; mso-fareast-font-family: 'Times New Roman'; mso-ansi-language: ES-PE; mso-fareast-language: ES; mso-bidi-language: AR-SA;\">Direcci\u00f3n de Producci\u00f3n de Bienes y Servicios \u2013 DIPROBS<\/span><\/b>\u00a0\u00f3rgano de l\u00ednea \u00a0dependiente del Vicerrectorado de Investigaci\u00f3n responsable de generar recursos propios \u00a0para la UNE E.G. y V., mediante\u00a0 el desarrollo y la ejecuci\u00f3n de proyectos de investigaci\u00f3n y actividades de producci\u00f3n.<\/p><p>La utilidad resultante de dichas actividades\u00a0 constituye recursos de la Universidad y se destinan prioritariamente a la investigaci\u00f3n para el cumplimiento de\u00a0 sus fines.<\/p><p>Toda captaci\u00f3n debe ingresar por caja \u00fanica y su ejecuci\u00f3n se realiza seg\u00fan el reglamento espec\u00edfico.<\/p><p><strong><u>Funciones<\/u><\/strong><\/p><p>La\u00a0<b style=\"color: var( --e-global-color-text ); font-family: var( --e-global-typography-text-font-family ), Sans-serif; font-size: 16px; font-style: inherit; font-variant-ligatures: inherit; font-variant-caps: inherit;\"><span style=\"font-size: 11.0pt; font-family: 'Arial',sans-serif; mso-fareast-font-family: 'Times New Roman'; mso-ansi-language: ES-PE; mso-fareast-language: ES; mso-bidi-language: AR-SA;\">Direcci\u00f3n de Producci\u00f3n de Bienes y Servicios \u2013 DIPROBS<\/span><\/b><span style=\"font-size: 1.4rem; color: var( --e-global-color-text );\">\u00a0de la UNE depende jer\u00e1rquicamente del Vicerrectorado de Investigaci\u00f3n y tiene las siguientes funciones:<\/span><\/p><ol><li>Generar recursos econ\u00f3micos para la adquisici\u00f3n de equipamiento y capacitaci\u00f3n que mejore la calidad del proceso de ense\u00f1anza \u2013 aprendizaje e investigaci\u00f3n<\/li><li>Planificar, organizar, ejecutar y evaluar los proyectos y actividades de producci\u00f3n, comercializaci\u00f3n y prestaci\u00f3n de servicios en forma eficaz.<\/li><li>Informar semestralmente al Vicerrectorado de Investigaci\u00f3n los aspectos presupuestales, contables financieros y de rentabilidad de los proyectos de producci\u00f3n desarrollados.<\/li><\/ol><p>Otras que le asigne el Vicerrectorado de Investigaci\u00f3n y las normas legales vigentes.<\/p><\/div>\n\t\t\t\t\t\t\t\t\t<div class=\"elementor-tab-title elementor-tab-mobile-title\" aria-selected=\"false\" data-tab=\"3\" role=\"tab\" tabindex=\"-1\" aria-controls=\"elementor-tab-content-1493\" aria-expanded=\"false\">MISI\u00d3N Y VISI\u00d3N<\/div>\n\t\t\t\t\t<div id=\"elementor-tab-content-1493\" class=\"elementor-tab-content elementor-clearfix\" data-tab=\"3\" role=\"tabpanel\" aria-labelledby=\"elementor-tab-title-1493\" tabindex=\"0\" hidden=\"hidden\"><p><strong>MISI\u00d3N<\/strong><\/p><p>Formar profesionales con sentido human\u00edstico, cient\u00edfico, intercultural, tecnol\u00f3gico, con responsabilidad<br \/>social y principios \u00e9ticos, a los estudiantes universitarios, enfocada a la mejora continua en la competitividad<br \/>e innovaci\u00f3n, orientada a contribuir al desarrollo sostenible de la educaci\u00f3n en la sociedad y en nuestro pa\u00eds.<\/p><p><strong>VISI\u00d3N<\/strong><br \/>En la pr\u00f3xima d\u00e9cada vemos una universidad renovada en su Licenciamiento y Acreditada, con niveles<br \/>adecuados de calidad, pluralismo, gobernanza y pertinencia para abordar con conciencia social, critica y de<br \/>manera \u00e9ticamente responsable, los desaf\u00edos de la ense\u00f1anza universitaria, la investigaci\u00f3n, la responsabilidad<br \/>social y la vinculaci\u00f3n con el medio, contribuyendo al desarrollo de sus comunidades y del pa\u00eds.<\/p><\/div>\n\t\t\t\t\t\t\t\t\t<div class=\"elementor-tab-title elementor-tab-mobile-title\" aria-selected=\"false\" data-tab=\"4\" role=\"tab\" tabindex=\"-1\" aria-controls=\"elementor-tab-content-1494\" aria-expanded=\"false\">LOGROS<\/div>\n\t\t\t\t\t<div id=\"elementor-tab-content-1494\" class=\"elementor-tab-content elementor-clearfix\" data-tab=\"4\" role=\"tabpanel\" aria-labelledby=\"elementor-tab-title-1494\" tabindex=\"0\" hidden=\"hidden\"><p><img decoding=\"async\" class=\"size-full wp-image-5693 alignright\" src=\"https:\/\/www.une.edu.pe\/investigacion\/wp-content\/uploads\/2024\/08\/im1.jpg\" alt=\"\" width=\"558\" height=\"789\" srcset=\"https:\/\/www.une.edu.pe\/investigacion\/wp-content\/uploads\/2024\/08\/im1.jpg 558w, https:\/\/www.une.edu.pe\/investigacion\/wp-content\/uploads\/2024\/08\/im1-212x300.jpg 212w\" sizes=\"(max-width: 558px) 100vw, 558px\" \/><span style=\"color: #000000;\">En cumplimiento del Plan de trabajo para el a\u00f1o 2024, DIPROBS lleva a cabo el Seminario Virtual \u201cComo elaborar un Proyecto de Investigaci\u00f3n\u201d <strong>Resoluci\u00f3n N\u00b0 0733-2024-R-UNE<\/strong>\u00a0<\/span><\/p><ul><li><span style=\"color: #000000;\">Apertura de la Cafeter\u00eda ubicada entre los talleres de la FATEC y CEAUNE nivel primario (losa deportiva de FACUFIDE) Se hace la promoci\u00f3n del servicio por la WEB<\/span><\/li><\/ul><p><span style=\"color: #000000;\">\u00a0<\/span><\/p><p><span style=\"color: #000000;\">\u00a0<\/span><\/p><p><span style=\"color: #000000;\">\u00a0<\/span><\/p><p><span style=\"color: #000000;\">\u00a0<\/span><\/p><p><span style=\"color: #000000;\">\u00a0<\/span><\/p><ul><li><span style=\"color: #000000; font-size: 16px;\">Venta de prendas de vestir mediante la publicidad en online\u00a0<\/span><\/li><\/ul><p><span style=\"color: #000000; font-size: 16px;\"><img decoding=\"async\" class=\"alignnone size-full wp-image-5697\" src=\"https:\/\/www.une.edu.pe\/investigacion\/wp-content\/uploads\/2024\/08\/im2.jpg\" alt=\"\" width=\"862\" height=\"285\" srcset=\"https:\/\/www.une.edu.pe\/investigacion\/wp-content\/uploads\/2024\/08\/im2.jpg 862w, https:\/\/www.une.edu.pe\/investigacion\/wp-content\/uploads\/2024\/08\/im2-300x99.jpg 300w, https:\/\/www.une.edu.pe\/investigacion\/wp-content\/uploads\/2024\/08\/im2-768x254.jpg 768w\" sizes=\"(max-width: 862px) 100vw, 862px\" \/><\/span><\/p><ul><li><span style=\"color: #000000;\">Recuperaci\u00f3n del ambiente donde funcionar\u00e1 el Centro de Ventas de DIPROBS (servicios de fotocopiadora, venta de prendas textiles, cafeter\u00eda)<\/span><\/li><\/ul><\/div>\n\t\t\t\t\t\t\t\t\t<div class=\"elementor-tab-title elementor-tab-mobile-title\" aria-selected=\"false\" data-tab=\"5\" role=\"tab\" tabindex=\"-1\" aria-controls=\"elementor-tab-content-1495\" aria-expanded=\"false\">ACTIVIDADES<\/div>\n\t\t\t\t\t<div id=\"elementor-tab-content-1495\" class=\"elementor-tab-content elementor-clearfix\" data-tab=\"5\" role=\"tabpanel\" aria-labelledby=\"elementor-tab-title-1495\" tabindex=\"0\" hidden=\"hidden\"><p><span style=\"color: #000000;\">En el presente a\u00f1o 2024, la Direcci\u00f3n de Producci\u00f3n de Bienes y Servicios ha considerado el desarrollo y fortalecimiento de actividades productivas y proyectos de Investigaci\u00f3n con el objetivo de brindar un servicio adecuado a la comunidad cantute\u00f1a,<\/span><\/p><ol><li><span style=\"color: #000000;\">Servicios de Fotocopiados<\/span><\/li><li><span style=\"color: #000000;\">Venta de prendas de vestir<\/span><\/li><li><span style=\"color: #000000;\">Cafeteria<\/span><\/li><li><span style=\"color: #000000;\">Seminario virtual 1: Como elaborar un proyecto de investigaci\u00f3n (<\/span><span style=\"color: #000000;\"><strong>Resoluci\u00f3n N\u00b00733-2024-R-UNE)<\/strong><\/span><\/li><li><span style=\"color: #000000;\">Seminario virtual 2:\u00a0 Elaboraci\u00f3n de art\u00edculo Cient\u00edfico (pr\u00f3ximamente)<\/span><\/li><li><span style=\"color: #000000;\">Asesoramiento y asistencia t\u00e9cnica a las facultades<\/span><\/li><\/ol><h4><img loading=\"lazy\" decoding=\"async\" class=\" wp-image-2942 aligncenter\" src=\"https:\/\/www.une.edu.pe\/investigacion\/wp-content\/uploads\/2023\/06\/linea-300x48.png\" alt=\"\" width=\"456\" height=\"73\" srcset=\"https:\/\/www.une.edu.pe\/investigacion\/wp-content\/uploads\/2023\/06\/linea-300x48.png 300w, https:\/\/www.une.edu.pe\/investigacion\/wp-content\/uploads\/2023\/06\/linea.png 663w\" sizes=\"(max-width: 456px) 100vw, 456px\" \/><\/h4><h4><strong>Seminario Virtual: Redacci\u00f3n del art\u00edculo cient\u00edfico<\/strong><\/h4><p><strong>Link de inscripci\u00f3n:<\/strong><br \/><a href=\"https:\/\/docs.google.com\/forms\/d\/e\/1FAIpQLScAGd1Z6b5Ru58N1ZJR_rQOgkvGH-vdLNPrAhWz1xSb3Ya01w\/viewform\" target=\"_blank\" rel=\"noopener\">https:\/\/docs.google.com\/forms\/d\/e\/1FAIpQLScAGd1Z6b5Ru58N1ZJR_rQOgkvGH-vdLNPrAhWz1xSb3Ya01w\/viewform<\/a><\/p><p><a href=\"https:\/\/www.une.edu.pe\/investigacion\/wp-content\/uploads\/2023\/11\/Resolucion-N\u00b0-2694-2023-R-UNE.pdf\" target=\"_blank\" rel=\"noopener\"><strong>Resolucion 2694-2023-R-UNE<\/strong><\/a><\/p><p><a href=\"https:\/\/www.une.edu.pe\/investigacion\/wp-content\/uploads\/2023\/10\/INFO-SEMINARIO-ARTICULO-CIENTIFICO.pdf\" target=\"_blank\" rel=\"noopener\"><img loading=\"lazy\" decoding=\"async\" class=\"alignnone wp-image-3189\" src=\"https:\/\/www.une.edu.pe\/investigacion\/wp-content\/uploads\/2023\/10\/boton.jpg\" alt=\"\" width=\"202\" height=\"58\" \/><\/a><\/p><p><a href=\"https:\/\/www.une.edu.pe\/investigacion\/wp-content\/uploads\/2023\/10\/INFO-SEMINARIO-ARTICULO-CIENTIFICO.pdf\" target=\"_blank\" rel=\"noopener\"><img loading=\"lazy\" decoding=\"async\" class=\"alignnone size-large wp-image-3181\" src=\"https:\/\/www.une.edu.pe\/investigacion\/wp-content\/uploads\/2023\/10\/Seminario-Redaccion-articulo-cientifico-698x1024.png\" alt=\"\" width=\"698\" height=\"1024\" \/><\/a><\/p><p><img loading=\"lazy\" decoding=\"async\" class=\" wp-image-2942 aligncenter\" src=\"https:\/\/www.une.edu.pe\/investigacion\/wp-content\/uploads\/2023\/06\/linea-300x48.png\" alt=\"\" width=\"456\" height=\"73\" srcset=\"https:\/\/www.une.edu.pe\/investigacion\/wp-content\/uploads\/2023\/06\/linea-300x48.png 300w, https:\/\/www.une.edu.pe\/investigacion\/wp-content\/uploads\/2023\/06\/linea.png 663w\" sizes=\"(max-width: 456px) 100vw, 456px\" \/><\/p><p style=\"text-align: left;\"><strong>Seminario \u00abCOMO ELABORAR UN PROYECTO DE INVESTIGACI\u00d3N\u00bb<\/strong><\/p><p>El presente evento\u00a0 acad\u00e9mico se desarroll\u00f3 en el marco de la <a href=\"https:\/\/www.une.edu.pe\/investigacion\/wp-content\/uploads\/2023\/06\/Resolucion_0764-2023-R-UNE.pdf\" target=\"_blank\" rel=\"noopener\">Resoluci\u00f3n N\u00b0 0764-2023-R-UNE<\/a> que aprueba el Proyecto del Seminario \u00abCOMO ELABORAR UN PROYECTO DE INVESTIGACI\u00d3N\u00bb y autoriza la realizaci\u00f3n del evento acad\u00e9mico, precisando que el mencionado evento se regir\u00e1 conforme \u00a0a lo dispuesto en la Resoluci\u00f3n N\u00b03111-2017-R-UNE del 26 de octubre del 2,017.<\/p><p>Habiendo albergado en dicho evento \u00a0a 100 participantes de cuyo universo el 68% de participantes, eran estudiantes, 23%\u00a0 representa a Docentes y un\u00a0 9% de participantes representa p\u00fablico en general.<\/p><p>Como se puede observar el mayor grupo de participantes representa a estudiantes de nuestra casa de estudios.<\/p><p>Todo lo acontecido muestra el inter\u00e9s de nuestros estudiantes por ser m\u00e1s competitivos en el mercado laboral a quienes va nuestro apoyo incondicional por una mejor formaci\u00f3n en investigaci\u00f3n.<\/p><p style=\"text-align: left;\"><img loading=\"lazy\" decoding=\"async\" class=\"alignnone wp-image-2927\" src=\"https:\/\/www.une.edu.pe\/investigacion\/wp-content\/uploads\/2023\/06\/seminario-proyecto1-214x300.png\" alt=\"\" width=\"278\" height=\"390\" srcset=\"https:\/\/www.une.edu.pe\/investigacion\/wp-content\/uploads\/2023\/06\/seminario-proyecto1-214x300.png 214w, https:\/\/www.une.edu.pe\/investigacion\/wp-content\/uploads\/2023\/06\/seminario-proyecto1.png 649w\" sizes=\"(max-width: 278px) 100vw, 278px\" \/> <img loading=\"lazy\" decoding=\"async\" class=\"alignnone wp-image-2928\" src=\"https:\/\/www.une.edu.pe\/investigacion\/wp-content\/uploads\/2023\/06\/seminario-proyecto2-208x300.png\" alt=\"\" width=\"269\" height=\"388\" srcset=\"https:\/\/www.une.edu.pe\/investigacion\/wp-content\/uploads\/2023\/06\/seminario-proyecto2-208x300.png 208w, https:\/\/www.une.edu.pe\/investigacion\/wp-content\/uploads\/2023\/06\/seminario-proyecto2.png 631w\" sizes=\"(max-width: 269px) 100vw, 269px\" \/><\/p><p><img loading=\"lazy\" decoding=\"async\" class=\" wp-image-2942 aligncenter\" src=\"https:\/\/www.une.edu.pe\/investigacion\/wp-content\/uploads\/2023\/06\/linea-300x48.png\" alt=\"\" width=\"456\" height=\"73\" srcset=\"https:\/\/www.une.edu.pe\/investigacion\/wp-content\/uploads\/2023\/06\/linea-300x48.png 300w, https:\/\/www.une.edu.pe\/investigacion\/wp-content\/uploads\/2023\/06\/linea.png 663w\" sizes=\"(max-width: 456px) 100vw, 456px\" \/><\/p><hr \/><p style=\"text-align: center;\">\u00a0<\/p><\/div>\n\t\t\t\t\t\t\t\t\t<div class=\"elementor-tab-title elementor-tab-mobile-title\" aria-selected=\"false\" data-tab=\"6\" role=\"tab\" tabindex=\"-1\" aria-controls=\"elementor-tab-content-1496\" aria-expanded=\"false\">DIRECTORIO<\/div>\n\t\t\t\t\t<div id=\"elementor-tab-content-1496\" class=\"elementor-tab-content elementor-clearfix\" data-tab=\"6\" role=\"tabpanel\" aria-labelledby=\"elementor-tab-title-1496\" tabindex=\"0\" hidden=\"hidden\"><p style=\"text-align: center;\"><img loading=\"lazy\" decoding=\"async\" class=\"size-full wp-image-5829 aligncenter\" src=\"https:\/\/www.une.edu.pe\/investigacion\/wp-content\/uploads\/2024\/10\/AH.jpg\" alt=\"\" width=\"171\" height=\"221\" \/><strong>Directora de DIPROBS<br \/><\/strong>Mg. HUAM\u00c1N VILCA Huam\u00e1n Adela<br \/>ahuaman@une.edu.pe<\/p><p style=\"text-align: center;\"><img loading=\"lazy\" decoding=\"async\" src=\"https:\/\/www.une.edu.pe\/investigacion\/wp-content\/uploads\/2022\/01\/Be-150x150-1.jpg\" alt=\"\" width=\"150\" height=\"150\" \/><\/p><p style=\"text-align: center;\">Sra. GUTIERREZ ROJAS Beatriz<br \/><strong>T\u00e9cnico Comercializaci\u00f3n<\/strong><\/p><p style=\"text-align: center;\"><img loading=\"lazy\" decoding=\"async\" class=\"alignnone size-full wp-image-5713\" src=\"https:\/\/www.une.edu.pe\/investigacion\/wp-content\/uploads\/2024\/08\/tabla.jpg\" alt=\"\" width=\"851\" height=\"287\" srcset=\"https:\/\/www.une.edu.pe\/investigacion\/wp-content\/uploads\/2024\/08\/tabla.jpg 851w, https:\/\/www.une.edu.pe\/investigacion\/wp-content\/uploads\/2024\/08\/tabla-300x101.jpg 300w, https:\/\/www.une.edu.pe\/investigacion\/wp-content\/uploads\/2024\/08\/tabla-768x259.jpg 768w\" sizes=\"(max-width: 851px) 100vw, 851px\" \/><\/p><p style=\"text-align: center;\">\u00a0<\/p><\/div>\n\t\t\t\t\t\t\t\t\t<div class=\"elementor-tab-title elementor-tab-mobile-title\" aria-selected=\"false\" data-tab=\"7\" role=\"tab\" tabindex=\"-1\" aria-controls=\"elementor-tab-content-1497\" aria-expanded=\"false\">CONTACTO<\/div>\n\t\t\t\t\t<div id=\"elementor-tab-content-1497\" class=\"elementor-tab-content elementor-clearfix\" data-tab=\"7\" role=\"tabpanel\" aria-labelledby=\"elementor-tab-title-1497\" tabindex=\"0\" hidden=\"hidden\"><p><strong>Central telef\u00f3nica:\u00a0<span style=\"color: #0000ff;\"> 313-3700<\/span><\/strong>\u00a0 \u00a0<strong>Anexo:<\/strong>\u00a0\u00a0 <strong><span style=\"color: #0000ff;\">1910<\/span><\/strong><\/p><p><strong>Correo electr\u00f3nico:<\/strong>\u00a0 \u00a0 \u00a0\u00a0<span style=\"color: #0000ff;\"><a style=\"color: #0000ff;\" href=\"mailto:cepro@une.edu.pe\"><strong>cepro@une.edu.pe<\/strong><\/a><\/span><\/p><\/div>\n\t\t\t\t\t\t\t\t\t<div class=\"elementor-tab-title elementor-tab-mobile-title\" aria-selected=\"false\" data-tab=\"8\" role=\"tab\" tabindex=\"-1\" aria-controls=\"elementor-tab-content-1498\" aria-expanded=\"false\">MARCO NORMATIVO<\/div>\n\t\t\t\t\t<div id=\"elementor-tab-content-1498\" class=\"elementor-tab-content elementor-clearfix\" data-tab=\"8\" role=\"tabpanel\" aria-labelledby=\"elementor-tab-title-1498\" tabindex=\"0\" hidden=\"hidden\"><ol><li style=\"text-align: left;\"><span style=\"color: #000000;\">Constituci\u00f3n Pol\u00edtica del Per\u00fa.<\/span><\/li><li style=\"text-align: left;\"><span style=\"color: #000000;\">Resoluci\u00f3n N\u00b03255-2022-R-UNE: Aprobaci\u00f3n del Reglamento General de la UNE.<\/span><\/li><li style=\"text-align: left;\"><span style=\"color: #000000;\">Resoluci\u00f3n N\u00b0 3288-2023-R-UNE: Aprobaci\u00f3n del Reglamento de Organizaci\u00f3n y Funciones de la UNE.<\/span><\/li><li style=\"text-align: left;\"><span style=\"color: #000000;\">Resoluci\u00f3n N\u00b02519-2023-R UNE: Aprobaci\u00f3n del Reglamento del Centro de Producci\u00f3n para proyectos y\/o Actividades productivas de Bienes y Servicios en el a\u00f1o 2023 .<\/span><\/li><li style=\"text-align: left;\"><span style=\"color: #000000;\">Resoluci\u00f3n N\u00b03780-2022-R-UNE: Aprobaci\u00f3n del Plan Operativo Institucional de la UNE.<\/span><\/li><li style=\"text-align: left;\"><span style=\"color: #000000;\">Resoluci\u00f3n N\u00b00399-2023-R-UNE: Aprobaci\u00f3n del Plan Anual de Trabajo del Centro de Producci\u00f3n de Bienes y Servicios de la UNE periodo 2023.<\/span><\/li><li style=\"text-align: left;\"><span style=\"color: #000000;\">Resoluci\u00f3n N| 0488-2023-R-UNE: Aprobaci\u00f3n del Presupuesto Anual de Ingresos y Gastos dl Centro de Bienes y Servicios de la UNE.<\/span><\/li><\/ol><\/div>\n\t\t\t\t\t\t\t<\/div>\n\t\t<\/div>\n\t\t\t\t\t\t<\/div>\n\t\t\t\t<\/div>\n\t\t\t\t\t<\/div>\n\t\t<\/div>\n\t\t\t\t\t<\/div>\n\t\t<\/section>\n\t\t\t\t<\/div>\n\t\t","protected":false},"excerpt":{"rendered":"<p>QUIENES SOMOS PRESENTACI\u00d3N MISI\u00d3N Y VISI\u00d3N LOGROS ACTIVIDADES DIRECTORIO CONTACTO MARCO NORMATIVO QUIENES SOMOS La Direcci\u00f3n de Producci\u00f3n de Bienes<\/p>\n","protected":false},"author":1,"featured_media":0,"parent":0,"menu_order":0,"comment_status":"closed","ping_status":"closed","template":"","meta":{"colormag_page_container_layout":"no_sidebar_full_width","colormag_page_sidebar_layout":"no_sidebar","footnotes":""},"class_list":["post-96","page","type-page","status-publish","hentry"],"_links":{"self":[{"href":"https:\/\/www.une.edu.pe\/investigacion\/wp-json\/wp\/v2\/pages\/96","targetHints":{"allow":["GET"]}}],"collection":[{"href":"https:\/\/www.une.edu.pe\/investigacion\/wp-json\/wp\/v2\/pages"}],"about":[{"href":"https:\/\/www.une.edu.pe\/investigacion\/wp-json\/wp\/v2\/types\/page"}],"author":[{"embeddable":true,"href":"https:\/\/www.une.edu.pe\/investigacion\/wp-json\/wp\/v2\/users\/1"}],"replies":[{"embeddable":true,"href":"https:\/\/www.une.edu.pe\/investigacion\/wp-json\/wp\/v2\/comments?post=96"}],"version-history":[{"count":238,"href":"https:\/\/www.une.edu.pe\/investigacion\/wp-json\/wp\/v2\/pages\/96\/revisions"}],"predecessor-version":[{"id":7685,"href":"https:\/\/www.une.edu.pe\/investigacion\/wp-json\/wp\/v2\/pages\/96\/revisions\/7685"}],"wp:attachment":[{"href":"https:\/\/www.une.edu.pe\/investigacion\/wp-json\/wp\/v2\/media?parent=96"}],"curies":[{"name":"wp","href":"https:\/\/api.w.org\/{rel}","templated":true}]}}