{"id":561,"date":"2022-01-21T20:36:08","date_gmt":"2022-01-22T01:36:08","guid":{"rendered":"https:\/\/www.une.edu.pe\/investigacion\/?page_id=561"},"modified":"2022-03-17T10:50:25","modified_gmt":"2022-03-17T15:50:25","slug":"concursos-de-investigacion","status":"publish","type":"page","link":"https:\/\/www.une.edu.pe\/investigacion\/concursos-de-investigacion\/","title":{"rendered":"Concursos de Investigaci\u00f3n"},"content":{"rendered":"\t\t<div data-elementor-type=\"wp-page\" data-elementor-id=\"561\" class=\"elementor elementor-561\">\n\t\t\t\t\t\t<section class=\"elementor-section elementor-top-section elementor-element elementor-element-85649a2 elementor-section-boxed elementor-section-height-default elementor-section-height-default\" data-id=\"85649a2\" data-element_type=\"section\" data-e-type=\"section\">\n\t\t\t\t\t\t<div class=\"elementor-container elementor-column-gap-default\">\n\t\t\t\t\t<div class=\"elementor-column elementor-col-100 elementor-top-column elementor-element elementor-element-0ef08f9\" data-id=\"0ef08f9\" data-element_type=\"column\" data-e-type=\"column\">\n\t\t\t<div class=\"elementor-widget-wrap elementor-element-populated\">\n\t\t\t\t\t\t<div class=\"elementor-element elementor-element-a863af4 elementor-widget elementor-widget-image\" data-id=\"a863af4\" data-element_type=\"widget\" data-e-type=\"widget\" data-widget_type=\"image.default\">\n\t\t\t\t<div class=\"elementor-widget-container\">\n\t\t\t\t\t\t\t\t\t\t\t\t\t\t\t<img fetchpriority=\"high\" decoding=\"async\" width=\"629\" height=\"190\" src=\"https:\/\/www.une.edu.pe\/investigacion\/wp-content\/uploads\/2022\/01\/CONCURSOS-INVESTIGACION.jpg\" class=\"attachment-large size-large wp-image-586\" alt=\"\" srcset=\"https:\/\/www.une.edu.pe\/investigacion\/wp-content\/uploads\/2022\/01\/CONCURSOS-INVESTIGACION.jpg 629w, https:\/\/www.une.edu.pe\/investigacion\/wp-content\/uploads\/2022\/01\/CONCURSOS-INVESTIGACION-300x91.jpg 300w\" sizes=\"(max-width: 629px) 100vw, 629px\" \/>\t\t\t\t\t\t\t\t\t\t\t\t\t\t\t<\/div>\n\t\t\t\t<\/div>\n\t\t\t\t\t<\/div>\n\t\t<\/div>\n\t\t\t\t\t<\/div>\n\t\t<\/section>\n\t\t\t\t<section class=\"elementor-section elementor-top-section elementor-element elementor-element-d6a990f elementor-section-boxed elementor-section-height-default elementor-section-height-default\" data-id=\"d6a990f\" data-element_type=\"section\" data-e-type=\"section\">\n\t\t\t\t\t\t<div class=\"elementor-container elementor-column-gap-default\">\n\t\t\t\t\t<div class=\"elementor-column elementor-col-100 elementor-top-column elementor-element elementor-element-59add2d\" data-id=\"59add2d\" data-element_type=\"column\" data-e-type=\"column\">\n\t\t\t<div class=\"elementor-widget-wrap elementor-element-populated\">\n\t\t\t\t\t\t<div class=\"elementor-element elementor-element-65ca3ec elementor-tabs-view-horizontal elementor-widget elementor-widget-tabs\" data-id=\"65ca3ec\" data-element_type=\"widget\" data-e-type=\"widget\" data-widget_type=\"tabs.default\">\n\t\t\t\t<div class=\"elementor-widget-container\">\n\t\t\t\t\t\t\t<div class=\"elementor-tabs\">\n\t\t\t<div class=\"elementor-tabs-wrapper\" role=\"tablist\" >\n\t\t\t\t\t\t\t\t\t<div id=\"elementor-tab-title-1061\" class=\"elementor-tab-title elementor-tab-desktop-title\" aria-selected=\"true\" data-tab=\"1\" role=\"tab\" tabindex=\"0\" aria-controls=\"elementor-tab-content-1061\" aria-expanded=\"false\">FEDU 2022<\/div>\n\t\t\t\t\t\t\t\t\t<div id=\"elementor-tab-title-1062\" class=\"elementor-tab-title elementor-tab-desktop-title\" aria-selected=\"false\" data-tab=\"2\" role=\"tab\" tabindex=\"-1\" aria-controls=\"elementor-tab-content-1062\" aria-expanded=\"false\">BOLSA DE INVESTIGACI\u00d3N 2022<\/div>\n\t\t\t\t\t\t\t<\/div>\n\t\t\t<div class=\"elementor-tabs-content-wrapper\" role=\"tablist\" aria-orientation=\"vertical\">\n\t\t\t\t\t\t\t\t\t<div class=\"elementor-tab-title elementor-tab-mobile-title\" aria-selected=\"true\" data-tab=\"1\" role=\"tab\" tabindex=\"0\" aria-controls=\"elementor-tab-content-1061\" aria-expanded=\"false\">FEDU 2022<\/div>\n\t\t\t\t\t<div id=\"elementor-tab-content-1061\" class=\"elementor-tab-content elementor-clearfix\" data-tab=\"1\" role=\"tabpanel\" aria-labelledby=\"elementor-tab-title-1061\" tabindex=\"0\" hidden=\"false\"><ul>\n<li><a href=\"https:\/\/www.une.edu.pe\/investigacion\/wp-content\/uploads\/2022\/01\/Resolucion-N\u00b0-0014-2022-R-UNE-BASES-CONCURSO-PROYECTOS-DE-INVESTIGACION-2022.pdf\" target=\"_blank\" rel=\"noopener\">Resoluci\u00f3n N\u00b0 0014-2022-R-UNE- Bases de Concurso de Proyectos de Investigaci\u00f3n 2022<\/a><\/li>\n<li><a href=\"https:\/\/www.une.edu.pe\/investigacion\/wp-content\/uploads\/2022\/01\/Resolucion-N\u00b0-2931-2021-R-UNE-CRONOGRAMA-CONCURSO-PROYECTOS-DE-INVESTIGACION-2022.pdf\" target=\"_blank\" rel=\"noopener\">Resoluci\u00f3n N\u00b0 2931-2021-R-UNE Cronograma Concurso Proyectos de Investigaci\u00f3n 2022<\/a><span style=\"font-family: 'Cambria',serif;\"><br><\/span><\/li>\n<li class=\"MsoNormal\"><a href=\"https:\/\/www.une.edu.pe\/investigacion\/wp-content\/uploads\/2022\/01\/FORMATOS-CONCURSO-PROYECTOS-DE-INVESTIGACION-2022-2.docx\" target=\"_blank\" rel=\"noopener\">FORMATOS DE CONCURSO EDITABLE<\/a><\/li>\n<li><a href=\"https:\/\/www.une.edu.pe\/investigacion\/wp-content\/uploads\/2022\/02\/RESULTADO-DEL-CONCURSO-DE-PROYECTOS-DE-INVESTIGACION.pdf\" target=\"_blank\" rel=\"noopener\">RESULTADO DEL CONCURSO DE PROYECTOS DE INVESTIGACI\u00d3N, CON ASIGNACI\u00d3N ECON\u00d3MICA<\/a>&nbsp;<a href=\"_wp_link_placeholder\">ESPECIAL &#8211; 2022<\/a><\/li>\n<\/ul><\/div>\n\t\t\t\t\t\t\t\t\t<div class=\"elementor-tab-title elementor-tab-mobile-title\" aria-selected=\"false\" data-tab=\"2\" role=\"tab\" tabindex=\"-1\" aria-controls=\"elementor-tab-content-1062\" aria-expanded=\"false\">BOLSA DE INVESTIGACI\u00d3N 2022<\/div>\n\t\t\t\t\t<div id=\"elementor-tab-content-1062\" class=\"elementor-tab-content elementor-clearfix\" data-tab=\"2\" role=\"tabpanel\" aria-labelledby=\"elementor-tab-title-1062\" tabindex=\"0\" hidden=\"hidden\"><ul><li><a href=\"https:\/\/www.une.edu.pe\/investigacion\/wp-content\/uploads\/2022\/02\/CRONOGRAMA-DEL-CONCURSO-DE-BOLSA-DE-INVESTIGACION-Modificado.pdf\" target=\"_blank\" rel=\"noopener\">CRONOGRAMA DEL CONCURSO DE PROYECTOS DE BOLSA DE INVESTIGACI\u00d3N, CON EST\u00cdMULO ECON\u00d3MICO 2022<\/a><\/li><li><a href=\"https:\/\/www.une.edu.pe\/investigacion\/wp-content\/uploads\/2022\/03\/Bolsa-de-Investigacion.pdf\">GANADORES EN EL CONCURSO DE PROYECTOS DE LA BOLSA DE INVESTIGACI\u00d3N CON EST\u00cdMULO<\/a>\u00a0<a href=\"https:\/\/www.une.edu.pe\/investigacion\/wp-content\/uploads\/2022\/03\/Bolsa-de-Investigacion.pdf\" target=\"_blank\" rel=\"noopener\">ECON\u00d3MICO &#8211; 2022<\/a><\/li><li><a href=\"https:\/\/www.une.edu.pe\/investigacion\/wp-content\/uploads\/2022\/03\/Resolucion_0768-2022-R-UNE_ganadores-bolsa-investigacion.pdf\" target=\"_blank\" rel=\"noopener\">RESOLUCI\u00d3N N\u00ba 0768-2022-R-UNE- RELACI\u00d3N DE GANADORES DEL CONCURSO DE PROYECTOS DE LA BOLSA DE INVESTIGACI\u00d3N 2022<\/a><\/li><li><a href=\"https:\/\/www.une.edu.pe\/investigacion\/wp-content\/uploads\/2022\/03\/Resolucion_0767-2022-R-UNE_cronograma-bolsas-investigacion.pdf\" target=\"_blank\" rel=\"noopener\">RESOLUCI\u00d3N N\u00ba 0767-2022-R-UNE &#8211; APROBAR EL CRONOGRAMA DE ACTIVIDADES PARA EL DESARROLLO DE PROYECTOS DE LA BOLSA DE INVESTIGACI\u00d3N CON EST\u00cdMULO ECON\u00d3MICO &#8211; 2022<\/a><\/li><\/ul><\/div>\n\t\t\t\t\t\t\t<\/div>\n\t\t<\/div>\n\t\t\t\t\t\t<\/div>\n\t\t\t\t<\/div>\n\t\t\t\t\t<\/div>\n\t\t<\/div>\n\t\t\t\t\t<\/div>\n\t\t<\/section>\n\t\t\t\t<\/div>\n\t\t","protected":false},"excerpt":{"rendered":"<p>FEDU 2022 BOLSA DE INVESTIGACI\u00d3N 2022 FEDU 2022 Resoluci\u00f3n N\u00b0 0014-2022-R-UNE- Bases de Concurso de Proyectos de Investigaci\u00f3n 2022 Resoluci\u00f3n<\/p>\n","protected":false},"author":1,"featured_media":0,"parent":0,"menu_order":0,"comment_status":"closed","ping_status":"closed","template":"","meta":{"colormag_page_container_layout":"no_sidebar_full_width","colormag_page_sidebar_layout":"no_sidebar","footnotes":""},"class_list":["post-561","page","type-page","status-publish","hentry"],"_links":{"self":[{"href":"https:\/\/www.une.edu.pe\/investigacion\/wp-json\/wp\/v2\/pages\/561","targetHints":{"allow":["GET"]}}],"collection":[{"href":"https:\/\/www.une.edu.pe\/investigacion\/wp-json\/wp\/v2\/pages"}],"about":[{"href":"https:\/\/www.une.edu.pe\/investigacion\/wp-json\/wp\/v2\/types\/page"}],"author":[{"embeddable":true,"href":"https:\/\/www.une.edu.pe\/investigacion\/wp-json\/wp\/v2\/users\/1"}],"replies":[{"embeddable":true,"href":"https:\/\/www.une.edu.pe\/investigacion\/wp-json\/wp\/v2\/comments?post=561"}],"version-history":[{"count":61,"href":"https:\/\/www.une.edu.pe\/investigacion\/wp-json\/wp\/v2\/pages\/561\/revisions"}],"predecessor-version":[{"id":1368,"href":"https:\/\/www.une.edu.pe\/investigacion\/wp-json\/wp\/v2\/pages\/561\/revisions\/1368"}],"wp:attachment":[{"href":"https:\/\/www.une.edu.pe\/investigacion\/wp-json\/wp\/v2\/media?parent=561"}],"curies":[{"name":"wp","href":"https:\/\/api.w.org\/{rel}","templated":true}]}}