{"id":3273,"date":"2019-12-05T14:35:02","date_gmt":"2019-12-05T13:35:02","guid":{"rendered":"http:\/\/www.une.edu.pe\/humanidades\/?page_id=3273"},"modified":"2020-07-14T17:03:19","modified_gmt":"2020-07-14T15:03:19","slug":"objetivos","status":"publish","type":"page","link":"https:\/\/www.une.edu.pe\/humanidades\/objetivos\/","title":{"rendered":"Objetivos"},"content":{"rendered":"\t\t<div data-elementor-type=\"wp-post\" data-elementor-id=\"3273\" class=\"elementor elementor-3273\">\n\t\t\t\t\t\t<section class=\"elementor-section elementor-top-section elementor-element elementor-element-7d4beed elementor-section-boxed elementor-section-height-default elementor-section-height-default\" data-id=\"7d4beed\" data-element_type=\"section\" data-e-type=\"section\">\n\t\t\t\t\t\t<div class=\"elementor-container elementor-column-gap-default\">\n\t\t\t\t\t<div class=\"elementor-column elementor-col-100 elementor-top-column elementor-element elementor-element-e6f0d33\" data-id=\"e6f0d33\" data-element_type=\"column\" data-e-type=\"column\">\n\t\t\t<div class=\"elementor-widget-wrap elementor-element-populated\">\n\t\t\t\t\t\t<div class=\"elementor-element elementor-element-8f81922 elementor-icon-list--layout-traditional elementor-list-item-link-full_width elementor-widget elementor-widget-icon-list\" data-id=\"8f81922\" data-element_type=\"widget\" data-e-type=\"widget\" data-widget_type=\"icon-list.default\">\n\t\t\t\t<div class=\"elementor-widget-container\">\n\t\t\t\t\t\t\t<ul class=\"elementor-icon-list-items\">\n\t\t\t\t\t\t\t<li class=\"elementor-icon-list-item\">\n\t\t\t\t\t\t\t\t\t\t\t<span class=\"elementor-icon-list-icon\">\n\t\t\t\t\t\t\t<i aria-hidden=\"true\" class=\"fas fa-caret-square-right\"><\/i>\t\t\t\t\t\t<\/span>\n\t\t\t\t\t\t\t\t\t\t<span class=\"elementor-icon-list-text\"><H4>Difundir el registro de los docentes dedicados a la investigaci\u00f3n de la Facultad.<\/H4><\/span>\n\t\t\t\t\t\t\t\t\t<\/li>\n\t\t\t\t\t\t\t\t<li class=\"elementor-icon-list-item\">\n\t\t\t\t\t\t\t\t\t\t\t<span class=\"elementor-icon-list-icon\">\n\t\t\t\t\t\t\t<i aria-hidden=\"true\" class=\"fas fa-caret-square-right\"><\/i>\t\t\t\t\t\t<\/span>\n\t\t\t\t\t\t\t\t\t\t<span class=\"elementor-icon-list-text\"><H4>Coordinar, orientar y evaluar la ejecuci\u00f3n de los proyectos de investigaci\u00f3n de los docentes y estudiantes de la Facultad.<\/H4><\/span>\n\t\t\t\t\t\t\t\t\t<\/li>\n\t\t\t\t\t\t\t\t<li class=\"elementor-icon-list-item\">\n\t\t\t\t\t\t\t\t\t\t\t<span class=\"elementor-icon-list-icon\">\n\t\t\t\t\t\t\t<i aria-hidden=\"true\" class=\"fas fa-caret-square-right\"><\/i>\t\t\t\t\t\t<\/span>\n\t\t\t\t\t\t\t\t\t\t<span class=\"elementor-icon-list-text\"><H4>Publicar, cada a\u00f1o, el resumen documental o abstract de informes finales de investigaci\u00f3n.<\/H4><\/span>\n\t\t\t\t\t\t\t\t\t<\/li>\n\t\t\t\t\t\t\t\t<li class=\"elementor-icon-list-item\">\n\t\t\t\t\t\t\t\t\t\t\t<span class=\"elementor-icon-list-icon\">\n\t\t\t\t\t\t\t<i aria-hidden=\"true\" class=\"fas fa-caret-square-right\"><\/i>\t\t\t\t\t\t<\/span>\n\t\t\t\t\t\t\t\t\t\t<span class=\"elementor-icon-list-text\"><H4>Promover la publicaci\u00f3n de los trabajos de investigaci\u00f3n de docentes y estudiantes.<\/H4><\/span>\n\t\t\t\t\t\t\t\t\t<\/li>\n\t\t\t\t\t\t\t\t<li class=\"elementor-icon-list-item\">\n\t\t\t\t\t\t\t\t\t\t\t<span class=\"elementor-icon-list-icon\">\n\t\t\t\t\t\t\t<i aria-hidden=\"true\" class=\"fas fa-caret-square-right\"><\/i>\t\t\t\t\t\t<\/span>\n\t\t\t\t\t\t\t\t\t\t<span class=\"elementor-icon-list-text\"><H4>Promover el v\u00ednculo con organismos nacionales e internacionales especializados en la investigaci\u00f3n de las disciplinas cient\u00edficas.<\/H4><\/span>\n\t\t\t\t\t\t\t\t\t<\/li>\n\t\t\t\t\t\t\t\t<li class=\"elementor-icon-list-item\">\n\t\t\t\t\t\t\t\t\t\t\t<span class=\"elementor-icon-list-icon\">\n\t\t\t\t\t\t\t<i aria-hidden=\"true\" class=\"fas fa-caret-square-right\"><\/i>\t\t\t\t\t\t<\/span>\n\t\t\t\t\t\t\t\t\t\t<span class=\"elementor-icon-list-text\"><H4>Organizar jornadas cient\u00edficas, tecnol\u00f3gicas y humanistas dirigidas a la difusi\u00f3n de los descubrimientos, innovaciones o creaciones internacionales, nacionales y de los resultados de las investigaciones en la Facultad.<\/H4><\/span>\n\t\t\t\t\t\t\t\t\t<\/li>\n\t\t\t\t\t\t\t\t<li class=\"elementor-icon-list-item\">\n\t\t\t\t\t\t\t\t\t\t\t<span class=\"elementor-icon-list-icon\">\n\t\t\t\t\t\t\t<i aria-hidden=\"true\" class=\"fas fa-caret-square-right\"><\/i>\t\t\t\t\t\t<\/span>\n\t\t\t\t\t\t\t\t\t\t<span class=\"elementor-icon-list-text\"><H4>Crear espacios de investigaci\u00f3n con los estudiantes y docentes sobre el desarrollo de las pr\u00e1cticas preprofesionales para fortalecer la formaci\u00f3n docente y el desarrollo profesional. <\/H4><\/span>\n\t\t\t\t\t\t\t\t\t<\/li>\n\t\t\t\t\t\t<\/ul>\n\t\t\t\t\t\t<\/div>\n\t\t\t\t<\/div>\n\t\t\t\t\t<\/div>\n\t\t<\/div>\n\t\t\t\t\t<\/div>\n\t\t<\/section>\n\t\t\t\t<\/div>\n\t\t","protected":false},"excerpt":{"rendered":"<p>Difundir el registro de los docentes dedicados a la investigaci\u00f3n de la Facultad. Coordinar, orientar y evaluar la ejecuci\u00f3n de los proyectos de investigaci\u00f3n de los docentes y estudiantes de la Facultad. Publicar, cada a\u00f1o, el resumen documental o abstract <a href=\"https:\/\/www.une.edu.pe\/humanidades\/objetivos\/\" class=\"read-more\">Leer m\u00e1s&#8230;<\/a><\/p>\n","protected":false},"author":3,"featured_media":0,"parent":0,"menu_order":0,"comment_status":"closed","ping_status":"closed","template":"","meta":{"footnotes":""},"class_list":["post-3273","page","type-page","status-publish","hentry"],"_links":{"self":[{"href":"https:\/\/www.une.edu.pe\/humanidades\/wp-json\/wp\/v2\/pages\/3273","targetHints":{"allow":["GET"]}}],"collection":[{"href":"https:\/\/www.une.edu.pe\/humanidades\/wp-json\/wp\/v2\/pages"}],"about":[{"href":"https:\/\/www.une.edu.pe\/humanidades\/wp-json\/wp\/v2\/types\/page"}],"author":[{"embeddable":true,"href":"https:\/\/www.une.edu.pe\/humanidades\/wp-json\/wp\/v2\/users\/3"}],"replies":[{"embeddable":true,"href":"https:\/\/www.une.edu.pe\/humanidades\/wp-json\/wp\/v2\/comments?post=3273"}],"version-history":[{"count":3,"href":"https:\/\/www.une.edu.pe\/humanidades\/wp-json\/wp\/v2\/pages\/3273\/revisions"}],"predecessor-version":[{"id":3792,"href":"https:\/\/www.une.edu.pe\/humanidades\/wp-json\/wp\/v2\/pages\/3273\/revisions\/3792"}],"wp:attachment":[{"href":"https:\/\/www.une.edu.pe\/humanidades\/wp-json\/wp\/v2\/media?parent=3273"}],"curies":[{"name":"wp","href":"https:\/\/api.w.org\/{rel}","templated":true}]}}

<div data-elementor-type="wp-post" data-elementor-id="3273" class="elementor elementor-3273">
						<section class="elementor-section elementor-top-section elementor-element elementor-element-7d4beed elementor-section-boxed elementor-section-height-default elementor-section-height-default" data-id="7d4beed" data-element_type="section" data-e-type="section">
						<div class="elementor-container elementor-column-gap-default">
					<div class="elementor-column elementor-col-100 elementor-top-column elementor-element elementor-element-e6f0d33" data-id="e6f0d33" data-element_type="column" data-e-type="column">
			<div class="elementor-widget-wrap elementor-element-populated">
						<div class="elementor-element elementor-element-8f81922 elementor-icon-list--layout-traditional elementor-list-item-link-full_width elementor-widget elementor-widget-icon-list" data-id="8f81922" data-element_type="widget" data-e-type="widget" data-widget_type="icon-list.default">
				<div class="elementor-widget-container">
							<ul class="elementor-icon-list-items">
							<li class="elementor-icon-list-item">
											<span class="elementor-icon-list-icon">
							<i aria-hidden="true" class="fas fa-caret-square-right"></i>						</span>
										<span class="elementor-icon-list-text"><H4>Difundir el registro de los docentes dedicados a la investigación de la Facultad.</H4></span>
									</li>
								<li class="elementor-icon-list-item">
											<span class="elementor-icon-list-icon">
							<i aria-hidden="true" class="fas fa-caret-square-right"></i>						</span>
										<span class="elementor-icon-list-text"><H4>Coordinar, orientar y evaluar la ejecución de los proyectos de investigación de los docentes y estudiantes de la Facultad.</H4></span>
									</li>
								<li class="elementor-icon-list-item">
											<span class="elementor-icon-list-icon">
							<i aria-hidden="true" class="fas fa-caret-square-right"></i>						</span>
										<span class="elementor-icon-list-text"><H4>Publicar, cada año, el resumen documental o abstract de informes finales de investigación.</H4></span>
									</li>
								<li class="elementor-icon-list-item">
											<span class="elementor-icon-list-icon">
							<i aria-hidden="true" class="fas fa-caret-square-right"></i>						</span>
										<span class="elementor-icon-list-text"><H4>Promover la publicación de los trabajos de investigación de docentes y estudiantes.</H4></span>
									</li>
								<li class="elementor-icon-list-item">
											<span class="elementor-icon-list-icon">
							<i aria-hidden="true" class="fas fa-caret-square-right"></i>						</span>
										<span class="elementor-icon-list-text"><H4>Promover el vínculo con organismos nacionales e internacionales especializados en la investigación de las disciplinas científicas.</H4></span>
									</li>
								<li class="elementor-icon-list-item">
											<span class="elementor-icon-list-icon">
							<i aria-hidden="true" class="fas fa-caret-square-right"></i>						</span>
										<span class="elementor-icon-list-text"><H4>Organizar jornadas científicas, tecnológicas y humanistas dirigidas a la difusión de los descubrimientos, innovaciones o creaciones internacionales, nacionales y de los resultados de las investigaciones en la Facultad.</H4></span>
									</li>
								<li class="elementor-icon-list-item">
											<span class="elementor-icon-list-icon">
							<i aria-hidden="true" class="fas fa-caret-square-right"></i>						</span>
										<span class="elementor-icon-list-text"><H4>Crear espacios de investigación con los estudiantes y docentes sobre el desarrollo de las prácticas preprofesionales para fortalecer la formación docente y el desarrollo profesional. </H4></span>
									</li>
						</ul>
						</div>
				</div>
					</div>
		</div>
					</div>
		</section>
				</div>

<p>Difundir el registro de los docentes dedicados a la investigación de la Facultad. Coordinar, orientar y evaluar la ejecución de los proyectos de investigación de los docentes y estudiantes de la Facultad. Publicar, cada año, el resumen documental o abstract <a href="https://www.une.edu.pe/humanidades/objetivos/" class="read-more">Leer más&#8230;</a></p>
