{"id":761,"date":"2026-03-30T23:10:47","date_gmt":"2026-03-31T04:10:47","guid":{"rendered":"https:\/\/www.une.edu.pe\/admision\/?page_id=761"},"modified":"2026-03-30T23:10:49","modified_gmt":"2026-03-31T04:10:49","slug":"resultados-epg-2026-i","status":"publish","type":"page","link":"https:\/\/www.une.edu.pe\/admision\/index.php\/resultados-epg-2026-i\/","title":{"rendered":"Resultados EPG 2026-I"},"content":{"rendered":"\n<p class=\"has-text-align-center\">Resultados del Proceso de Admisi\u00f3n 2026-I de la Escuela de Posgrado Walter Pe\u00f1aloza Ramella<\/p>\n\n\n\n<p class=\"has-vivid-cyan-blue-color has-primary-light-background-color has-text-color has-background has-link-color has-extra-large-font-size wp-elements-19191b3f853c7af1fb279d3e973132d8\"><strong>Doctorado<\/strong><\/p>\n\n\n\n<p class=\"has-text-align-center\"><a href=\"https:\/\/www.une.edu.pe\/admision\/wp-content\/uploads\/2026\/03\/26-I-Doctorado-D1.pdf\">Ciencias de la Educaci\u00f3n &#8211; D1<\/a><\/p>\n\n\n\n<p class=\"has-text-align-center\"><a href=\"https:\/\/www.une.edu.pe\/admision\/wp-content\/uploads\/2026\/03\/26-I-Doctorado-D2.pdf\">Ciencias de la Educaci\u00f3n &#8211; D2<\/a><\/p>\n\n\n\n<p class=\"has-text-align-center\"><a href=\"https:\/\/www.une.edu.pe\/admision\/wp-content\/uploads\/2026\/03\/26-I-Doctorado-PET.pdf\">Psicolog\u00eda Educacional y Tutorial<\/a><\/p>\n\n\n\n<p><\/p>\n\n\n\n<p class=\"has-vivid-cyan-blue-color has-primary-light-background-color has-text-color has-background has-link-color has-extra-large-font-size wp-elements-1c012797287a37fbc8f6bdb673e6574f\"><strong>Maestr\u00eda<\/strong><\/p>\n\n\n\n<p class=\"has-text-align-center\"><a href=\"https:\/\/www.une.edu.pe\/admision\/wp-content\/uploads\/2026\/03\/26-I-M-Cienccias-del-Deporte.pdf\">Ciencias del Deporte<\/a><\/p>\n\n\n\n<p class=\"has-text-align-center\"><a href=\"https:\/\/www.une.edu.pe\/admision\/wp-content\/uploads\/2026\/03\/26-I-M-DU-1.pdf\">Docencia Universitaria &#8211; D1<\/a><\/p>\n\n\n\n<p class=\"has-text-align-center\"><a href=\"https:\/\/www.une.edu.pe\/admision\/wp-content\/uploads\/2026\/03\/26-I-M-DU-2.pdf\">Docencia Universitaria &#8211; D2<\/a><\/p>\n\n\n\n<p class=\"has-text-align-center\"><a href=\"https:\/\/www.une.edu.pe\/admision\/wp-content\/uploads\/2026\/03\/26-I-M-DU-3.pdf\">Docencia Universitaria &#8211; D3<\/a><\/p>\n\n\n\n<p class=\"has-text-align-center\"><a href=\"https:\/\/www.une.edu.pe\/admision\/wp-content\/uploads\/2026\/03\/26-I-M-DU-4.pdf\">Docencia Universitaria &#8211; D4<\/a><\/p>\n\n\n\n<p class=\"has-text-align-center\"><a href=\"https:\/\/www.une.edu.pe\/admision\/wp-content\/uploads\/2026\/03\/26-I-M-EACE.pdf\">Evaluaci\u00f3n y Acreditaci\u00f3n de la Calidad Educativa<\/a><\/p>\n\n\n\n<p class=\"has-text-align-center\"><a href=\"https:\/\/www.une.edu.pe\/admision\/wp-content\/uploads\/2026\/03\/26-I-M-EILE.pdf\">Ense\u00f1anza de Ingl\u00e9s como Lengua Extranjera<\/a><\/p>\n\n\n\n<p class=\"has-text-align-center\"><a href=\"https:\/\/www.une.edu.pe\/admision\/wp-content\/uploads\/2026\/03\/26-I-M-Gestion-Educacional.pdf\">Gesti\u00f3n Educacional<\/a><\/p>\n\n\n\n<p class=\"has-text-align-center\"><a href=\"https:\/\/www.une.edu.pe\/admision\/wp-content\/uploads\/2026\/03\/26-I-M-Matematica.pdf\">Matem\u00e1tica<\/a><\/p>\n\n\n\n<p class=\"has-text-align-center\"><a href=\"https:\/\/www.une.edu.pe\/admision\/wp-content\/uploads\/2026\/03\/26-I-M-Psicologia-Educativa.pdf\">Psicolog\u00eda Educativa<\/a><\/p>\n\n\n\n<p class=\"has-text-align-center\"><a href=\"https:\/\/www.une.edu.pe\/admision\/wp-content\/uploads\/2026\/03\/26-I-M-Administracion.pdf\">Administraci\u00f3n<\/a><\/p>\n\n\n\n<p class=\"has-text-align-center\"><a href=\"https:\/\/www.une.edu.pe\/admision\/wp-content\/uploads\/2026\/03\/26-I-M-GP-1.pdf\">Gesti\u00f3n P\u00fablica &#8211; 1<\/a><\/p>\n\n\n\n<p class=\"has-text-align-center\"><a href=\"https:\/\/www.une.edu.pe\/admision\/wp-content\/uploads\/2026\/03\/26-I-M-GP-2.pdf\">Gesti\u00f3n P\u00fablica &#8211; 2<\/a><\/p>\n\n\n\n<p class=\"has-text-align-center\"><\/p>\n\n\n\n<p><\/p>\n","protected":false},"excerpt":{"rendered":"<p>Resultados del Proceso de Admisi\u00f3n 2026-I de la Escuela de Posgrado Walter Pe\u00f1aloza Ramella Doctorado Ciencias de la Educaci\u00f3n &#8211; D1 Ciencias de la Educaci\u00f3n &#8211; D2 Psicolog\u00eda Educacional y Tutorial Maestr\u00eda Ciencias del Deporte Docencia Universitaria &#8211; D1 Docencia Universitaria &#8211; D2 Docencia Universitaria &#8211; D3 Docencia Universitaria &#8211; D4 Evaluaci\u00f3n y Acreditaci\u00f3n de [&hellip;]<\/p>\n","protected":false},"author":2,"featured_media":0,"parent":0,"menu_order":0,"comment_status":"closed","ping_status":"closed","template":"","meta":{"footnotes":""},"class_list":["post-761","page","type-page","status-publish","hentry"],"_links":{"self":[{"href":"https:\/\/www.une.edu.pe\/admision\/index.php\/wp-json\/wp\/v2\/pages\/761","targetHints":{"allow":["GET"]}}],"collection":[{"href":"https:\/\/www.une.edu.pe\/admision\/index.php\/wp-json\/wp\/v2\/pages"}],"about":[{"href":"https:\/\/www.une.edu.pe\/admision\/index.php\/wp-json\/wp\/v2\/types\/page"}],"author":[{"embeddable":true,"href":"https:\/\/www.une.edu.pe\/admision\/index.php\/wp-json\/wp\/v2\/users\/2"}],"replies":[{"embeddable":true,"href":"https:\/\/www.une.edu.pe\/admision\/index.php\/wp-json\/wp\/v2\/comments?post=761"}],"version-history":[{"count":3,"href":"https:\/\/www.une.edu.pe\/admision\/index.php\/wp-json\/wp\/v2\/pages\/761\/revisions"}],"predecessor-version":[{"id":780,"href":"https:\/\/www.une.edu.pe\/admision\/index.php\/wp-json\/wp\/v2\/pages\/761\/revisions\/780"}],"wp:attachment":[{"href":"https:\/\/www.une.edu.pe\/admision\/index.php\/wp-json\/wp\/v2\/media?parent=761"}],"curies":[{"name":"wp","href":"https:\/\/api.w.org\/{rel}","templated":true}]}}