{"id":735,"date":"2026-03-23T03:34:24","date_gmt":"2026-03-23T08:34:24","guid":{"rendered":"https:\/\/www.une.edu.pe\/admision\/?page_id=735"},"modified":"2026-03-23T03:34:26","modified_gmt":"2026-03-23T08:34:26","slug":"resultado-sep-2026-i","status":"publish","type":"page","link":"https:\/\/www.une.edu.pe\/admision\/index.php\/resultado-sep-2026-i\/","title":{"rendered":"Resultado SEP &#8211; 2026-I"},"content":{"rendered":"\n<p class=\"has-text-align-center has-light-green-cyan-background-color has-background has-regular-font-size\"><strong>RESULTADOS DE LA PRUEBA GENERAL<\/strong><\/p>\n\n\n\n<div class=\"wp-block-columns is-layout-flex wp-container-core-columns-is-layout-28f84493 wp-block-columns-is-layout-flex\">\n<div class=\"wp-block-column is-layout-flow wp-block-column-is-layout-flow\" style=\"flex-basis:50%\">\n<div class=\"wp-block-group is-layout-grid wp-container-core-group-is-layout-b757edec wp-block-group-is-layout-grid\">\n<div class=\"wp-block-columns is-layout-flex wp-container-core-columns-is-layout-28f84493 wp-block-columns-is-layout-flex\">\n<div class=\"wp-block-column is-layout-flow wp-block-column-is-layout-flow\"><\/div>\n\n\n\n<div class=\"wp-block-column is-layout-flow wp-block-column-is-layout-flow\"><\/div>\n<\/div>\n<\/div>\n\n\n\n<figure class=\"wp-block-image size-large\"><img fetchpriority=\"high\" decoding=\"async\" width=\"1024\" height=\"577\" src=\"https:\/\/www.une.edu.pe\/admision\/wp-content\/uploads\/2026\/03\/EXAMEN-PROSEP-25-1024x577.jpg\" alt=\"\" class=\"wp-image-736\" srcset=\"https:\/\/www.une.edu.pe\/admision\/wp-content\/uploads\/2026\/03\/EXAMEN-PROSEP-25-1024x577.jpg 1024w, https:\/\/www.une.edu.pe\/admision\/wp-content\/uploads\/2026\/03\/EXAMEN-PROSEP-25-300x169.jpg 300w, https:\/\/www.une.edu.pe\/admision\/wp-content\/uploads\/2026\/03\/EXAMEN-PROSEP-25-768x432.jpg 768w, https:\/\/www.une.edu.pe\/admision\/wp-content\/uploads\/2026\/03\/EXAMEN-PROSEP-25-1536x865.jpg 1536w, https:\/\/www.une.edu.pe\/admision\/wp-content\/uploads\/2026\/03\/EXAMEN-PROSEP-25.jpg 2048w\" sizes=\"(max-width: 1024px) 100vw, 1024px\" \/><\/figure>\n<\/div>\n\n\n\n<div class=\"wp-block-column is-layout-flow wp-block-column-is-layout-flow\" style=\"flex-basis:50%\">\n<p class=\"has-base-background-color has-background\"><strong>FACULTAD DE AGROPECUARIA Y NUTRICI\u00d3N<\/strong><\/p>\n\n\n\n<ul class=\"wp-block-list\">\n<li><a href=\"https:\/\/www.une.edu.pe\/admision\/wp-content\/uploads\/2026\/03\/SEP-Industria-Alimentaria.pdf\">SEP &#8211; Industria Alimentaria<\/a><\/li>\n<\/ul>\n\n\n\n<p class=\"has-text-align-center\"><strong>FACULTAD DE CIENCIAS<\/strong><\/p>\n\n\n\n<ul class=\"wp-block-list\">\n<li><a href=\"https:\/\/www.une.edu.pe\/admision\/wp-content\/uploads\/2026\/03\/SEP-Informatica-Educativa.pdf\">SEP &#8211; Inform\u00e1tica Educativa<\/a><\/li>\n<\/ul>\n\n\n\n<p class=\"has-text-align-center\"><strong>FACULTAD DE CIENCIAS SOCIALES Y HUMANIDADES<\/strong><\/p>\n\n\n\n<ul class=\"wp-block-list\">\n<li><a href=\"https:\/\/www.une.edu.pe\/admision\/wp-content\/uploads\/2026\/03\/SEP-Lengua-Extranjera-Ingles.pdf\">SEP &#8211; Lengua Extranjera &#8211; Ingl\u00e9s<\/a><\/li>\n<\/ul>\n\n\n\n<p class=\"has-text-align-center\"><strong>FACULTAD DE EDUCACI\u00d3N INICIAL<\/strong><\/p>\n\n\n\n<ul class=\"wp-block-list\">\n<li><a href=\"https:\/\/www.une.edu.pe\/admision\/wp-content\/uploads\/2026\/03\/SEP-Educacion-Inicial.pdf\">SEP &#8211; Educaci\u00f3n Inicial<\/a><\/li>\n<\/ul>\n\n\n\n<p class=\"has-text-align-center\"><strong>FACULTAD DE PEDAGOG\u00cdA Y CULTURA F\u00cdSICA<\/strong><\/p>\n\n\n\n<ul class=\"wp-block-list\">\n<li><a href=\"https:\/\/www.une.edu.pe\/admision\/wp-content\/uploads\/2026\/03\/SEP-Educacion-Basica-Alternativa.pdf\">SEP &#8211; Educaci\u00f3n B\u00e1sica Alternativa<\/a><\/li>\n\n\n\n<li><a href=\"https:\/\/www.une.edu.pe\/admision\/wp-content\/uploads\/2026\/03\/SEP-Educacion-Fisica.pdf\">SEP &#8211; Educaci\u00f3n F\u00edsica<\/a><\/li>\n\n\n\n<li><a href=\"https:\/\/www.une.edu.pe\/admision\/wp-content\/uploads\/2026\/03\/SEP-Educacion-Primaria.pdf\">SEP &#8211; Educaci\u00f3n Primaria<\/a><\/li>\n\n\n\n<li><a href=\"https:\/\/www.une.edu.pe\/admision\/wp-content\/uploads\/2026\/03\/SEP-Problemas-de-Aprendizaje.pdf\">SEP &#8211; Problemas de Aprendizaje<\/a><\/li>\n<\/ul>\n<\/div>\n<\/div>\n\n\n\n<div class=\"wp-block-columns is-layout-flex wp-container-core-columns-is-layout-28f84493 wp-block-columns-is-layout-flex\">\n<div class=\"wp-block-column is-layout-flow wp-block-column-is-layout-flow\"><\/div>\n\n\n\n<div class=\"wp-block-column is-layout-flow wp-block-column-is-layout-flow\">\n<figure class=\"wp-block-pullquote has-text-align-left has-second-bg-background-color has-background has-extra-small-font-size\" style=\"padding-top:var(--wp--preset--spacing--20);padding-bottom:var(--wp--preset--spacing--20)\"><blockquote><p><strong>Los postulantes que figuran con la condici\u00f3n de ingreso deber\u00e1n remitir su carpeta de ingreso con todos los requisitos se\u00f1alados en el reglamento general de admisi\u00f3n al correo de admision_inscripcion@une.edu.pe en las fechas que se\u00f1ala el cronograma correspondiente.<\/strong><\/p><\/blockquote><\/figure>\n\n\n\n<p><\/p>\n<\/div>\n<\/div>\n\n\n\n<p class=\"has-text-align-center has-light-green-cyan-background-color has-background has-regular-font-size\"><strong>RESULTADOS DE LA PRUEBA DE APTITUD Y PSICOL\u00d3GICA<\/strong><\/p>\n\n\n\n<div class=\"wp-block-columns is-layout-flex wp-container-core-columns-is-layout-28f84493 wp-block-columns-is-layout-flex\">\n<div class=\"wp-block-column is-layout-flow wp-block-column-is-layout-flow\">\n<p class=\"has-text-align-center has-medium-font-size\"><strong>PRUEBA DE APTITUD<\/strong><\/p>\n\n\n\n<p class=\"has-text-align-center\"><a href=\"https:\/\/www.une.edu.pe\/admision\/wp-content\/uploads\/2026\/03\/SEP-26-I-PA_EDUC-FISICA.pdf\">SEP &#8211; Educaci\u00f3n F\u00edsica<\/a><\/p>\n\n\n\n<p class=\"has-text-align-center\"><a href=\"https:\/\/www.une.edu.pe\/admision\/wp-content\/uploads\/2026\/03\/SEP-26-I-PA_LEN-EXTR-INGLES.pdf\">SEP &#8211; Lengua Extranjera &#8211; Ingl\u00e9s<\/a><\/p>\n\n\n\n<p class=\"has-text-align-center has-medium-font-size\"><strong><a href=\"https:\/\/www.une.edu.pe\/admision\/wp-content\/uploads\/2026\/03\/SEP-26-I-PPSICOLOGICA.pdf\">PRUEBA PSICOL\u00d3GICA<\/a><\/strong><\/p>\n<\/div>\n\n\n\n<div class=\"wp-block-column is-layout-flow wp-block-column-is-layout-flow\">\n<figure class=\"wp-block-image\"><img decoding=\"async\" src=\"https:\/\/scontent.flim41-1.fna.fbcdn.net\/v\/t39.30808-6\/653808405_920299490755921_8947898135770045866_n.jpg?stp=cp6_dst-jpg_tt6&amp;_nc_cat=102&amp;ccb=1-7&amp;_nc_sid=13d280&amp;_nc_eui2=AeEoj6UMbDA0IudUrZ2E0drQR4QaLoMas2xHhBougxqzbDUj9thJ7P1RI3WJCPqjM0q8hrHJPikTI5yqZzwtmrTA&amp;_nc_ohc=WDVucGUOMxYQ7kNvwE9iNSX&amp;_nc_oc=AdoKeVSCxcZmi6UfNQBdt7JvP28TbMxDa-NoOy4Ic3kA4OCi6-baD_iPzg8frAWBU10&amp;_nc_zt=23&amp;_nc_ht=scontent.flim41-1.fna&amp;_nc_gid=g3w8dNnH7Osyt2l1Otfvfg&amp;_nc_ss=7a32e&amp;oh=00_AfwmWzbK2rsZnkfL7M77JWvyhlPSpe028b1SsPzQgafrXw&amp;oe=69C6C381\" alt=\"Puede ser una imagen de b\u00e1squet y yoga\"\/><\/figure>\n<\/div>\n<\/div>\n\n\n\n<p><\/p>\n","protected":false},"excerpt":{"rendered":"<p>RESULTADOS DE LA PRUEBA GENERAL FACULTAD DE AGROPECUARIA Y NUTRICI\u00d3N FACULTAD DE CIENCIAS FACULTAD DE CIENCIAS SOCIALES Y HUMANIDADES FACULTAD DE EDUCACI\u00d3N INICIAL FACULTAD DE PEDAGOG\u00cdA Y CULTURA F\u00cdSICA Los postulantes que figuran con la condici\u00f3n de ingreso deber\u00e1n remitir su carpeta de ingreso con todos los requisitos se\u00f1alados en el reglamento general de admisi\u00f3n [&hellip;]<\/p>\n","protected":false},"author":2,"featured_media":0,"parent":0,"menu_order":0,"comment_status":"closed","ping_status":"closed","template":"","meta":{"footnotes":""},"class_list":["post-735","page","type-page","status-publish","hentry"],"_links":{"self":[{"href":"https:\/\/www.une.edu.pe\/admision\/index.php\/wp-json\/wp\/v2\/pages\/735","targetHints":{"allow":["GET"]}}],"collection":[{"href":"https:\/\/www.une.edu.pe\/admision\/index.php\/wp-json\/wp\/v2\/pages"}],"about":[{"href":"https:\/\/www.une.edu.pe\/admision\/index.php\/wp-json\/wp\/v2\/types\/page"}],"author":[{"embeddable":true,"href":"https:\/\/www.une.edu.pe\/admision\/index.php\/wp-json\/wp\/v2\/users\/2"}],"replies":[{"embeddable":true,"href":"https:\/\/www.une.edu.pe\/admision\/index.php\/wp-json\/wp\/v2\/comments?post=735"}],"version-history":[{"count":6,"href":"https:\/\/www.une.edu.pe\/admision\/index.php\/wp-json\/wp\/v2\/pages\/735\/revisions"}],"predecessor-version":[{"id":753,"href":"https:\/\/www.une.edu.pe\/admision\/index.php\/wp-json\/wp\/v2\/pages\/735\/revisions\/753"}],"wp:attachment":[{"href":"https:\/\/www.une.edu.pe\/admision\/index.php\/wp-json\/wp\/v2\/media?parent=735"}],"curies":[{"name":"wp","href":"https:\/\/api.w.org\/{rel}","templated":true}]}}