{"id":254,"date":"2025-03-24T14:40:41","date_gmt":"2025-03-24T19:40:41","guid":{"rendered":"https:\/\/www.une.edu.pe\/admision\/?page_id=254"},"modified":"2025-12-12T16:52:08","modified_gmt":"2025-12-12T21:52:08","slug":"facultad-de-ciencias","status":"publish","type":"page","link":"https:\/\/www.une.edu.pe\/admision\/index.php\/facultad-de-ciencias\/","title":{"rendered":"Facultad de Ciencias"},"content":{"rendered":"\n<p>Programa de Educaci\u00f3n con Especialidad de&nbsp;<strong><a href=\"https:\/\/www.une.edu.pe\/Ciencias\/biologia-ciencias-naturales\/\">Biolog\u00eda \u2013 Ciencias Naturales<\/a><\/strong><\/p>\n\n\n\n<p>Programa de Educaci\u00f3n con Especialidad de&nbsp;<strong><a href=\"https:\/\/www.une.edu.pe\/Ciencias\/biologia-informatica\/\">Biolog\u00eda &#8211; Inform\u00e1tica<\/a><\/strong><\/p>\n\n\n\n<p>Programa de Educaci\u00f3n con Especialidad de&nbsp;<strong><a href=\"https:\/\/www.une.edu.pe\/Ciencias\/fisica-matematica\/\">F\u00edsica &#8211; Matem\u00e1tica<\/a><\/strong><\/p>\n\n\n\n<p>Programa de Educaci\u00f3n con Especialidad de&nbsp;<strong><a href=\"https:\/\/www.une.edu.pe\/Ciencias\/informatica\/\">Inform\u00e1tica<\/a><\/strong><\/p>\n\n\n\n<p>Programa de Educaci\u00f3n con Especialidad de&nbsp;<strong><a href=\"https:\/\/www.une.edu.pe\/Ciencias\/matematica\/\">Matem\u00e1tica<\/a><\/strong><\/p>\n\n\n\n<p>Programa de Educaci\u00f3n con Especialidad de\u00a0<strong><a href=\"https:\/\/www.une.edu.pe\/Ciencias\/matematica-e-informatica\/\">Matem\u00e1tica e Inform\u00e1tica<\/a><\/strong><\/p>\n\n\n\n<p>Programa de Educaci\u00f3n con Especialidad de&nbsp;<strong><a href=\"https:\/\/www.une.edu.pe\/Ciencias\/quimica-ciencias-naturales\/\">Qu\u00edmica \u2013 Ciencias Naturales<\/a><\/strong><\/p>\n\n\n\n<p>Programa de Educaci\u00f3n con Especialidad de&nbsp;<strong><a href=\"https:\/\/www.une.edu.pe\/Ciencias\/quimica-fisica-y-biologia\/\">Qu\u00edmica, F\u00edsica y Biolog\u00eda<\/a><\/strong><\/p>\n\n\n\n<p class=\"has-text-align-center has-extra-large-font-size\"><strong><a href=\"https:\/\/www.une.edu.pe\/Ciencias\/\" target=\"_blank\" rel=\"noreferrer noopener\">Vis\u00edtanos en la p\u00e1gina de la FAC<\/a>&nbsp;<\/strong><\/p>\n\n\n\n<p><\/p>\n","protected":false},"excerpt":{"rendered":"<p>Programa de Educaci\u00f3n con Especialidad de&nbsp;Biolog\u00eda \u2013 Ciencias Naturales Programa de Educaci\u00f3n con Especialidad de&nbsp;Biolog\u00eda &#8211; Inform\u00e1tica Programa de Educaci\u00f3n con Especialidad de&nbsp;F\u00edsica &#8211; Matem\u00e1tica Programa de Educaci\u00f3n con Especialidad de&nbsp;Inform\u00e1tica Programa de Educaci\u00f3n con Especialidad de&nbsp;Matem\u00e1tica Programa de Educaci\u00f3n con Especialidad de\u00a0Matem\u00e1tica e Inform\u00e1tica Programa de Educaci\u00f3n con Especialidad de&nbsp;Qu\u00edmica \u2013 Ciencias Naturales Programa [&hellip;]<\/p>\n","protected":false},"author":2,"featured_media":0,"parent":0,"menu_order":0,"comment_status":"closed","ping_status":"closed","template":"","meta":{"footnotes":""},"class_list":["post-254","page","type-page","status-publish","hentry"],"_links":{"self":[{"href":"https:\/\/www.une.edu.pe\/admision\/index.php\/wp-json\/wp\/v2\/pages\/254","targetHints":{"allow":["GET"]}}],"collection":[{"href":"https:\/\/www.une.edu.pe\/admision\/index.php\/wp-json\/wp\/v2\/pages"}],"about":[{"href":"https:\/\/www.une.edu.pe\/admision\/index.php\/wp-json\/wp\/v2\/types\/page"}],"author":[{"embeddable":true,"href":"https:\/\/www.une.edu.pe\/admision\/index.php\/wp-json\/wp\/v2\/users\/2"}],"replies":[{"embeddable":true,"href":"https:\/\/www.une.edu.pe\/admision\/index.php\/wp-json\/wp\/v2\/comments?post=254"}],"version-history":[{"count":4,"href":"https:\/\/www.une.edu.pe\/admision\/index.php\/wp-json\/wp\/v2\/pages\/254\/revisions"}],"predecessor-version":[{"id":617,"href":"https:\/\/www.une.edu.pe\/admision\/index.php\/wp-json\/wp\/v2\/pages\/254\/revisions\/617"}],"wp:attachment":[{"href":"https:\/\/www.une.edu.pe\/admision\/index.php\/wp-json\/wp\/v2\/media?parent=254"}],"curies":[{"name":"wp","href":"https:\/\/api.w.org\/{rel}","templated":true}]}}