{"id":167,"date":"2025-02-03T16:20:35","date_gmt":"2025-02-03T21:20:35","guid":{"rendered":"https:\/\/www.une.edu.pe\/admision\/?page_id=167"},"modified":"2025-12-12T11:58:54","modified_gmt":"2025-12-12T16:58:54","slug":"facultad-de-agropecuaria-y-nutricion","status":"publish","type":"page","link":"https:\/\/www.une.edu.pe\/admision\/index.php\/facultad-de-agropecuaria-y-nutricion\/","title":{"rendered":"Facultad de Agropecuaria y Nutrici\u00f3n"},"content":{"rendered":"\n<p>La facultad de Agropecuaria y Nutrici\u00f3n (FAN), brinda 3 programas en Educaci\u00f3n y 1 programa en Salud.<\/p>\n\n\n\n<p>Formamos especialistas en Educaci\u00f3n Productiva y Salud.<\/p>\n\n\n\n<p>Programa de Educaci\u00f3n con Especialidad de&nbsp;<strong><a href=\"https:\/\/www.une.edu.pe\/Agropecuaria\/agropecuaria\/\">Agropecuaria<\/a><\/strong><\/p>\n\n\n\n<p>Programa de Educaci\u00f3n con Especialidad de&nbsp;<strong><a href=\"https:\/\/www.une.edu.pe\/Agropecuaria\/desarrollo-ambiental\/\">Desarrollo Ambiental<\/a><\/strong><\/p>\n\n\n\n<p>Programa de Educaci\u00f3n con Especialidad de\u00a0<strong><a href=\"https:\/\/www.une.edu.pe\/Agropecuaria\/el-programa-de-estudios-de-educacion-con-especialidad-de-industria-alimentaria-y-nutricion\/\">Industria Alimentaria y Nutrici\u00f3n<\/a><\/strong><\/p>\n\n\n\n<p>Programa de&nbsp;<strong><a href=\"https:\/\/www.une.edu.pe\/Agropecuaria\/nutricion-humana\/\">Nutrici\u00f3n Humana<\/a><\/strong><\/p>\n\n\n\n<h2 class=\"wp-block-heading has-text-align-center\"><strong><a href=\"https:\/\/www.une.edu.pe\/Agropecuaria\/\" target=\"_blank\" rel=\"noreferrer noopener\">Vis\u00edtanos en la p\u00e1gina de la FAN<\/a>&nbsp;<\/strong><\/h2>\n\n\n\n<p><\/p>\n","protected":false},"excerpt":{"rendered":"<p>La facultad de Agropecuaria y Nutrici\u00f3n (FAN), brinda 3 programas en Educaci\u00f3n y 1 programa en Salud. Formamos especialistas en Educaci\u00f3n Productiva y Salud. Programa de Educaci\u00f3n con Especialidad de&nbsp;Agropecuaria Programa de Educaci\u00f3n con Especialidad de&nbsp;Desarrollo Ambiental Programa de Educaci\u00f3n con Especialidad de\u00a0Industria Alimentaria y Nutrici\u00f3n Programa de&nbsp;Nutrici\u00f3n Humana Vis\u00edtanos en la p\u00e1gina de la [&hellip;]<\/p>\n","protected":false},"author":2,"featured_media":0,"parent":0,"menu_order":0,"comment_status":"closed","ping_status":"closed","template":"","meta":{"footnotes":""},"class_list":["post-167","page","type-page","status-publish","hentry"],"_links":{"self":[{"href":"https:\/\/www.une.edu.pe\/admision\/index.php\/wp-json\/wp\/v2\/pages\/167","targetHints":{"allow":["GET"]}}],"collection":[{"href":"https:\/\/www.une.edu.pe\/admision\/index.php\/wp-json\/wp\/v2\/pages"}],"about":[{"href":"https:\/\/www.une.edu.pe\/admision\/index.php\/wp-json\/wp\/v2\/types\/page"}],"author":[{"embeddable":true,"href":"https:\/\/www.une.edu.pe\/admision\/index.php\/wp-json\/wp\/v2\/users\/2"}],"replies":[{"embeddable":true,"href":"https:\/\/www.une.edu.pe\/admision\/index.php\/wp-json\/wp\/v2\/comments?post=167"}],"version-history":[{"count":3,"href":"https:\/\/www.une.edu.pe\/admision\/index.php\/wp-json\/wp\/v2\/pages\/167\/revisions"}],"predecessor-version":[{"id":616,"href":"https:\/\/www.une.edu.pe\/admision\/index.php\/wp-json\/wp\/v2\/pages\/167\/revisions\/616"}],"wp:attachment":[{"href":"https:\/\/www.une.edu.pe\/admision\/index.php\/wp-json\/wp\/v2\/media?parent=167"}],"curies":[{"name":"wp","href":"https:\/\/api.w.org\/{rel}","templated":true}]}}