{"id":124,"date":"2025-01-27T17:17:23","date_gmt":"2025-01-27T22:17:23","guid":{"rendered":"https:\/\/www.une.edu.pe\/admision\/?page_id=124"},"modified":"2025-01-27T17:30:19","modified_gmt":"2025-01-27T22:30:19","slug":"prosep-educacion-primaria","status":"publish","type":"page","link":"https:\/\/www.une.edu.pe\/admision\/index.php\/prosep-educacion-primaria\/","title":{"rendered":"PROSEP &#8211; Educaci\u00f3n Primaria"},"content":{"rendered":"\n<p><strong>Programa de Segunda Especialidad Profesional: Educaci\u00f3n Primaria<\/strong><\/p>\n\n\n\n<p><strong>Prop\u00f3sito<\/strong><\/p>\n\n\n\n<p>Formar profesionales de Segunda Especialidad en Educaci\u00f3n Primaria con conocimientos cient\u00edficos, pedag\u00f3gicos, human\u00edsticos y metodol\u00f3gicos, para el desarrollo de los principios de la democracia, igualdad, justicia y valores \u00e9ticos comprometidos al servicio de la sociedad.<\/p>\n\n\n\n<p><strong>Funci\u00f3n<\/strong><\/p>\n\n\n\n<ol class=\"wp-block-list\">\n<li>Formar profesionales con conocimiento pedag\u00f3gico, social, cultural y cient\u00edfico para que sean un agente de cambio en su comunidad. (La pedagog\u00eda como ciencia de la educaci\u00f3n)<\/li>\n\n\n\n<li>Desarrollar los procesos cognitivos, metodol\u00f3gicos y actitudinales de todas las \u00e1reas curriculares del nivel de Educaci\u00f3n Primaria acorde con los avances cient\u00edficos y tecnol\u00f3gicos. (La metodolog\u00eda)<\/li>\n\n\n\n<li>Ejecutar los procesos de gesti\u00f3n institucional y pedag\u00f3gica acorde a la normatividad vigente. (Gesti\u00f3n educativa)<\/li>\n\n\n\n<li>Ejecutar los procesos de orientaci\u00f3n y consejer\u00eda respetando, el desarrollo personal, social el proyecto de vida y realizar trabajos de investigaci\u00f3n. (Orientaci\u00f3n e investigaci\u00f3n cient\u00edfica)<\/li>\n<\/ol>\n\n\n\n<p><strong>T\u00edtulo Profesional<\/strong><\/p>\n\n\n\n<p>&nbsp;&nbsp;&nbsp;&nbsp;&nbsp;&nbsp;&nbsp;&nbsp;&nbsp;&nbsp;&nbsp;&nbsp;&nbsp;&nbsp;&nbsp;Titulo de Segunda Especialidad Profesional: Educaci\u00f3n Primaria<\/p>\n\n\n\n<p><strong>Duraci\u00f3n<\/strong><\/p>\n\n\n\n<p>&nbsp;&nbsp;&nbsp;&nbsp;&nbsp;&nbsp;&nbsp;&nbsp;&nbsp;&nbsp;&nbsp;&nbsp;&nbsp;&nbsp;&nbsp; Tres ciclo acad\u00e9micos (1 a\u00f1o 1\/2)<\/p>\n\n\n\n<p><strong>Competencias<\/strong><\/p>\n\n\n\n<ul class=\"wp-block-list\">\n<li>Demuestra conocimientos cient\u00edficos, pedag\u00f3gicos, tecnol\u00f3gicos y actitudinales para desenvolverse en los diferentes \u00e1mbitos sociales, valorando y respetando las diferentes expresiones culturales del contexto seg\u00fan el curr\u00edculo vigente.<\/li>\n\n\n\n<li>Maneja adecuadamente los conocimientos y habilidades sociales con responsabilidad, para contribuir a la transformaci\u00f3n del contexto seg\u00fan normatividad vigente.<\/li>\n\n\n\n<li>Aplica las teor\u00edas educativas para el uso adecuado de las metodolog\u00edas did\u00e1cticas basado en el sistema curricular vigente.<\/li>\n\n\n\n<li>Domina la did\u00e1ctica de la especialidad de Educaci\u00f3n Primaria, para promover el desarrollo cognitivo, el cultivo de habilidades, destrezas y la pr\u00e1ctica de los valores, en la investigaci\u00f3n de acuerdo al sistema curricular vigente.<\/li>\n\n\n\n<li>Aplica estrategias adecuadas de gesti\u00f3n institucional cient\u00edfica y tecnol\u00f3gica para promover la calidad educativa con liderazgo y trabajo en equipo.<\/li>\n\n\n\n<li>Administra en forma asertiva instrumentos de gesti\u00f3n acad\u00e9mica e institucional respetando la normatividad pertinente de la escuela primaria.<\/li>\n\n\n\n<li>Aplica los conocimientos de la tutor\u00eda, y consejer\u00eda en talleres dirigidos a los estudiantes de Educaci\u00f3n Primaria, aplicando estrategias individuales y grupales, respetando las individualidades.<\/li>\n\n\n\n<li>Emplea los procesos de la investigaci\u00f3n cient\u00edfica cuantitativa y cualitativa utilizando las metodolog\u00edas pertinentes para culminar su trabajo de investigaci\u00f3n seg\u00fan la normativa vigente.<\/li>\n<\/ul>\n\n\n\n<p class=\"has-text-align-center has-pale-cyan-blue-background-color has-background has-extra-large-font-size\"><strong><a href=\"https:\/\/www.une.edu.pe\/admision\/wp-content\/uploads\/2025\/01\/malla_sep_ep.pdf\">Malla Curricular<\/a><\/strong><\/p>\n","protected":false},"excerpt":{"rendered":"<p>Programa de Segunda Especialidad Profesional: Educaci\u00f3n Primaria Prop\u00f3sito Formar profesionales de Segunda Especialidad en Educaci\u00f3n Primaria con conocimientos cient\u00edficos, pedag\u00f3gicos, human\u00edsticos y metodol\u00f3gicos, para el desarrollo de los principios de la democracia, igualdad, justicia y valores \u00e9ticos comprometidos al servicio de la sociedad. Funci\u00f3n T\u00edtulo Profesional &nbsp;&nbsp;&nbsp;&nbsp;&nbsp;&nbsp;&nbsp;&nbsp;&nbsp;&nbsp;&nbsp;&nbsp;&nbsp;&nbsp;&nbsp;Titulo de Segunda Especialidad Profesional: Educaci\u00f3n Primaria Duraci\u00f3n &nbsp;&nbsp;&nbsp;&nbsp;&nbsp;&nbsp;&nbsp;&nbsp;&nbsp;&nbsp;&nbsp;&nbsp;&nbsp;&nbsp;&nbsp; [&hellip;]<\/p>\n","protected":false},"author":2,"featured_media":0,"parent":0,"menu_order":0,"comment_status":"closed","ping_status":"closed","template":"","meta":{"footnotes":""},"class_list":["post-124","page","type-page","status-publish","hentry"],"_links":{"self":[{"href":"https:\/\/www.une.edu.pe\/admision\/index.php\/wp-json\/wp\/v2\/pages\/124","targetHints":{"allow":["GET"]}}],"collection":[{"href":"https:\/\/www.une.edu.pe\/admision\/index.php\/wp-json\/wp\/v2\/pages"}],"about":[{"href":"https:\/\/www.une.edu.pe\/admision\/index.php\/wp-json\/wp\/v2\/types\/page"}],"author":[{"embeddable":true,"href":"https:\/\/www.une.edu.pe\/admision\/index.php\/wp-json\/wp\/v2\/users\/2"}],"replies":[{"embeddable":true,"href":"https:\/\/www.une.edu.pe\/admision\/index.php\/wp-json\/wp\/v2\/comments?post=124"}],"version-history":[{"count":2,"href":"https:\/\/www.une.edu.pe\/admision\/index.php\/wp-json\/wp\/v2\/pages\/124\/revisions"}],"predecessor-version":[{"id":144,"href":"https:\/\/www.une.edu.pe\/admision\/index.php\/wp-json\/wp\/v2\/pages\/124\/revisions\/144"}],"wp:attachment":[{"href":"https:\/\/www.une.edu.pe\/admision\/index.php\/wp-json\/wp\/v2\/media?parent=124"}],"curies":[{"name":"wp","href":"https:\/\/api.w.org\/{rel}","templated":true}]}}

PROSEP &#8211; Educación Primaria

<p><strong>Programa de Segunda Especialidad Profesional: Educación Primaria</strong></p>



<p><strong>Propósito</strong></p>



<p>Formar profesionales de Segunda Especialidad en Educación Primaria con conocimientos científicos, pedagógicos, humanísticos y metodológicos, para el desarrollo de los principios de la democracia, igualdad, justicia y valores éticos comprometidos al servicio de la sociedad.</p>



<p><strong>Función</strong></p>



<ol class="wp-block-list">
<li>Formar profesionales con conocimiento pedagógico, social, cultural y científico para que sean un agente de cambio en su comunidad. (La pedagogía como ciencia de la educación)</li>



<li>Desarrollar los procesos cognitivos, metodológicos y actitudinales de todas las áreas curriculares del nivel de Educación Primaria acorde con los avances científicos y tecnológicos. (La metodología)</li>



<li>Ejecutar los procesos de gestión institucional y pedagógica acorde a la normatividad vigente. (Gestión educativa)</li>



<li>Ejecutar los procesos de orientación y consejería respetando, el desarrollo personal, social el proyecto de vida y realizar trabajos de investigación. (Orientación e investigación científica)</li>
</ol>



<p><strong>Título Profesional</strong></p>



<p>&nbsp;&nbsp;&nbsp;&nbsp;&nbsp;&nbsp;&nbsp;&nbsp;&nbsp;&nbsp;&nbsp;&nbsp;&nbsp;&nbsp;&nbsp;Titulo de Segunda Especialidad Profesional: Educación Primaria</p>



<p><strong>Duración</strong></p>



<p>&nbsp;&nbsp;&nbsp;&nbsp;&nbsp;&nbsp;&nbsp;&nbsp;&nbsp;&nbsp;&nbsp;&nbsp;&nbsp;&nbsp;&nbsp; Tres ciclo académicos (1 año 1/2)</p>



<p><strong>Competencias</strong></p>



<ul class="wp-block-list">
<li>Demuestra conocimientos científicos, pedagógicos, tecnológicos y actitudinales para desenvolverse en los diferentes ámbitos sociales, valorando y respetando las diferentes expresiones culturales del contexto según el currículo vigente.</li>



<li>Maneja adecuadamente los conocimientos y habilidades sociales con responsabilidad, para contribuir a la transformación del contexto según normatividad vigente.</li>



<li>Aplica las teorías educativas para el uso adecuado de las metodologías didácticas basado en el sistema curricular vigente.</li>



<li>Domina la didáctica de la especialidad de Educación Primaria, para promover el desarrollo cognitivo, el cultivo de habilidades, destrezas y la práctica de los valores, en la investigación de acuerdo al sistema curricular vigente.</li>



<li>Aplica estrategias adecuadas de gestión institucional científica y tecnológica para promover la calidad educativa con liderazgo y trabajo en equipo.</li>



<li>Administra en forma asertiva instrumentos de gestión académica e institucional respetando la normatividad pertinente de la escuela primaria.</li>



<li>Aplica los conocimientos de la tutoría, y consejería en talleres dirigidos a los estudiantes de Educación Primaria, aplicando estrategias individuales y grupales, respetando las individualidades.</li>



<li>Emplea los procesos de la investigación científica cuantitativa y cualitativa utilizando las metodologías pertinentes para culminar su trabajo de investigación según la normativa vigente.</li>
</ul>



<p class="has-text-align-center has-pale-cyan-blue-background-color has-background has-extra-large-font-size"><strong><a href="https://www.une.edu.pe/admision/wp-content/uploads/2025/01/malla_sep_ep.pdf">Malla Curricular</a></strong></p>

<p>Programa de Segunda Especialidad Profesional: Educación Primaria Propósito Formar profesionales de Segunda Especialidad en Educación Primaria con conocimientos científicos, pedagógicos, humanísticos y metodológicos, para el desarrollo de los principios de la democracia, igualdad, justicia y valores éticos comprometidos al servicio de la sociedad. Función Título Profesional &nbsp;&nbsp;&nbsp;&nbsp;&nbsp;&nbsp;&nbsp;&nbsp;&nbsp;&nbsp;&nbsp;&nbsp;&nbsp;&nbsp;&nbsp;Titulo de Segunda Especialidad Profesional: Educación Primaria Duración &nbsp;&nbsp;&nbsp;&nbsp;&nbsp;&nbsp;&nbsp;&nbsp;&nbsp;&nbsp;&nbsp;&nbsp;&nbsp;&nbsp;&nbsp; [&hellip;]</p>
