{"id":4921,"date":"2022-08-19T07:06:55","date_gmt":"2022-08-19T05:06:55","guid":{"rendered":"http:\/\/www.une.edu.pe\/Practica_Preprofesionales\/?page_id=4921"},"modified":"2024-06-10T17:52:43","modified_gmt":"2024-06-10T15:52:43","slug":"direccion-de-practicas-preprofesionales","status":"publish","type":"page","link":"https:\/\/www.une.edu.pe\/Practica_Preprofesionales\/direccion-de-practicas-preprofesionales\/","title":{"rendered":"Funciones"},"content":{"rendered":"\t\t<div data-elementor-type=\"wp-page\" data-elementor-id=\"4921\" class=\"elementor elementor-4921\">\n\t\t\t\t\t\t<section class=\"elementor-section elementor-top-section elementor-element elementor-element-923b1bf elementor-section-boxed elementor-section-height-default elementor-section-height-default\" data-id=\"923b1bf\" data-element_type=\"section\" data-e-type=\"section\">\n\t\t\t\t\t\t<div class=\"elementor-container elementor-column-gap-default\">\n\t\t\t\t\t<div class=\"elementor-column elementor-col-100 elementor-top-column elementor-element elementor-element-c1e14a1\" data-id=\"c1e14a1\" data-element_type=\"column\" data-e-type=\"column\">\n\t\t\t<div class=\"elementor-widget-wrap elementor-element-populated\">\n\t\t\t\t\t\t<div class=\"elementor-element elementor-element-fc5d515 elementor-widget elementor-widget-text-editor\" data-id=\"fc5d515\" data-element_type=\"widget\" data-e-type=\"widget\" data-widget_type=\"text-editor.default\">\n\t\t\t\t<div class=\"elementor-widget-container\">\n\t\t\t\t\t\t\t\t\t<ol><li><span style=\"color: #000080;\"><strong>Planificar, organizar, dirigir y evaluar el desarrollo de las pr\u00e1cticas preprofesionales de los programas de estudios de especialidades pedag\u00f3gicas y no pedag\u00f3gicas.<\/strong><\/span><\/li><li><span style=\"color: #000080;\"><strong>Supervisar la ejecuci\u00f3n del planeamiento de las pr\u00e1cticas discontinua, continua, intensiva, administrativa y pr\u00e1ctica a la comunidad; as\u00ed mismo, de las pr\u00e1cticas de los programas de estudios no pedag\u00f3gicos.<\/strong><\/span><\/li><li><span style=\"color: #000080;\"><strong>Elaborar, actualizar y proponer las normas para el desarrollo de las pr\u00e1cticas preprofesionales de los programas de estudios en educaci\u00f3n y de las especialidades no educativas.<\/strong><\/span><\/li><li><span style=\"color: #000080;\"><strong>Aprobar el dise\u00f1o y aplicaci\u00f3n de los instrumentos de evaluaci\u00f3n de las pr\u00e1cticas preprofesionales de los programas de estudios de educaci\u00f3n y otros.<\/strong><\/span><\/li><li><span style=\"color: #000080;\"><strong>Promover y proponer al Vicerrectorado Acad\u00e9mico la suscripci\u00f3n de convenios con Instituciones Educativas estatales o privadas, centros pilotos, gobiernos locales, gobiernos regionales y organizaciones no gubernamentales (ONG), con el objetivo del desarrollo de las pr\u00e1cticas preprofesionales.<\/strong><\/span><\/li><li><span style=\"color: #000080;\"><strong>Evaluar peri\u00f3dicamente el desarrollo del s\u00edlabo y las actividades propuestas en el plan de trabajo, con participaci\u00f3n de los coordinadores, delegados y docentes conductores de las pr\u00e1cticas preprofesionales de los diferentes programas de estudios de la Universidad.<\/strong><\/span><\/li><li><span style=\"color: #000080;\"><strong>Formular las orientaciones metodol\u00f3gicas de ejecuci\u00f3n del s\u00edlabo de las pr\u00e1cticas preprofesionales, con participaci\u00f3n de los coordinadores de las facultades de todos los programas de estudios de la Universidad.<\/strong><\/span><\/li><li><span style=\"color: #000080;\"><strong>Dirigir la elaboraci\u00f3n y ejecuci\u00f3n del plan de acompa\u00f1amiento, monitoreo y supervisi\u00f3n de las pr\u00e1cticas preprofesionales de la Universidad.<\/strong><\/span><\/li><li><span style=\"color: #000080;\"><strong>Promover y ejecutar acciones para fortalecer las competencias profesionales de los docentes conductores de las pr\u00e1cticas preprofesionales.<\/strong><\/span><\/li><li><span style=\"color: #000080;\"><strong>Promover la difusi\u00f3n de los trabajos de los docentes y estudiantes por medios impresos o virtuales.<\/strong><\/span><\/li><li><span style=\"color: #000080;\"><strong>Proponer los lineamientos para la ejecuci\u00f3n de actividades de las pr\u00e1cticas preprofesionales, en base a las necesidades cognitivas, pedag\u00f3gicas, did\u00e1cticas, evaluativas y las tecnol\u00f3gicas.<\/strong><\/span><\/li><li><span style=\"color: #000080;\"><strong><strong>Otras funciones que le asigne el Vicerrectorado Acad\u00e9mico, en el marco de sus competencias.\u00a0\u00a0<\/strong><\/strong>(Resoluci\u00f3n 3288-2022-R-UNE)<\/span><\/li><\/ol>\t\t\t\t\t\t\t\t<\/div>\n\t\t\t\t<\/div>\n\t\t\t\t\t<\/div>\n\t\t<\/div>\n\t\t\t\t\t<\/div>\n\t\t<\/section>\n\t\t\t\t<\/div>\n\t\t","protected":false},"excerpt":{"rendered":"<p>Planificar, organizar, dirigir y evaluar el desarrollo de las pr\u00e1cticas preprofesionales de los programas de estudios de especialidades pedag\u00f3gicas y no pedag\u00f3gicas. Supervisar la ejecuci\u00f3n del planeamiento de las pr\u00e1cticas discontinua, continua, intensiva, administrativa y pr\u00e1ctica a la comunidad; as\u00ed <a href=\"https:\/\/www.une.edu.pe\/Practica_Preprofesionales\/direccion-de-practicas-preprofesionales\/\" class=\"read-more\">Leer m\u00e1s&#8230;<\/a><\/p>\n","protected":false},"author":5,"featured_media":0,"parent":0,"menu_order":0,"comment_status":"closed","ping_status":"closed","template":"","meta":{"footnotes":""},"class_list":["post-4921","page","type-page","status-publish","hentry"],"_links":{"self":[{"href":"https:\/\/www.une.edu.pe\/Practica_Preprofesionales\/wp-json\/wp\/v2\/pages\/4921","targetHints":{"allow":["GET"]}}],"collection":[{"href":"https:\/\/www.une.edu.pe\/Practica_Preprofesionales\/wp-json\/wp\/v2\/pages"}],"about":[{"href":"https:\/\/www.une.edu.pe\/Practica_Preprofesionales\/wp-json\/wp\/v2\/types\/page"}],"author":[{"embeddable":true,"href":"https:\/\/www.une.edu.pe\/Practica_Preprofesionales\/wp-json\/wp\/v2\/users\/5"}],"replies":[{"embeddable":true,"href":"https:\/\/www.une.edu.pe\/Practica_Preprofesionales\/wp-json\/wp\/v2\/comments?post=4921"}],"version-history":[{"count":27,"href":"https:\/\/www.une.edu.pe\/Practica_Preprofesionales\/wp-json\/wp\/v2\/pages\/4921\/revisions"}],"predecessor-version":[{"id":6371,"href":"https:\/\/www.une.edu.pe\/Practica_Preprofesionales\/wp-json\/wp\/v2\/pages\/4921\/revisions\/6371"}],"wp:attachment":[{"href":"https:\/\/www.une.edu.pe\/Practica_Preprofesionales\/wp-json\/wp\/v2\/media?parent=4921"}],"curies":[{"name":"wp","href":"https:\/\/api.w.org\/{rel}","templated":true}]}}