{"id":4151,"date":"2021-08-09T20:44:29","date_gmt":"2021-08-09T18:44:29","guid":{"rendered":"http:\/\/www.une.edu.pe\/Practica_Preprofesionales\/?page_id=4151"},"modified":"2024-06-10T18:04:32","modified_gmt":"2024-06-10T16:04:32","slug":"coordinadores-y-delegados","status":"publish","type":"page","link":"https:\/\/www.une.edu.pe\/Practica_Preprofesionales\/coordinadores-y-delegados\/","title":{"rendered":"Coordinadores y delegados"},"content":{"rendered":"\t\t<div data-elementor-type=\"wp-page\" data-elementor-id=\"4151\" class=\"elementor elementor-4151\">\n\t\t\t\t\t\t<section class=\"elementor-section elementor-top-section elementor-element elementor-element-b334a8b elementor-section-boxed elementor-section-height-default elementor-section-height-default\" data-id=\"b334a8b\" data-element_type=\"section\" data-e-type=\"section\">\n\t\t\t\t\t\t<div class=\"elementor-container elementor-column-gap-default\">\n\t\t\t\t\t<div class=\"elementor-column elementor-col-100 elementor-top-column elementor-element elementor-element-90ac166\" data-id=\"90ac166\" data-element_type=\"column\" data-e-type=\"column\">\n\t\t\t<div class=\"elementor-widget-wrap elementor-element-populated\">\n\t\t\t\t\t\t<div class=\"elementor-element elementor-element-0a06e05 elementor-widget elementor-widget-text-editor\" data-id=\"0a06e05\" data-element_type=\"widget\" data-e-type=\"widget\" data-widget_type=\"text-editor.default\">\n\t\t\t\t<div class=\"elementor-widget-container\">\n\t\t\t\t\t\t\t\t\t<p><span style=\"text-decoration: underline;\"><strong><span style=\"color: #000080; text-decoration: underline;\">FACULTAD DE CIENCIAS<\/span><\/strong><\/span><\/p>\n<ul>\n<li><strong><span style=\"color: #000080;\">Dra. Moreno S\u00e1enz, Jenny Victoria&nbsp; &nbsp; &nbsp; &nbsp; &nbsp; &nbsp; &nbsp; &nbsp; &nbsp; Coordinadora de Pr\u00e1cticas Preprofesionales<\/span><\/strong><\/li>\n<li><strong><span style=\"color: #000080;\">Mg. Taipe Poma, Angelica Norma&nbsp;&nbsp;&nbsp;&nbsp;&nbsp;&nbsp;&nbsp;&nbsp;&nbsp;&nbsp;&nbsp;&nbsp;&nbsp;&nbsp;&nbsp;&nbsp;&nbsp;&nbsp;&nbsp; Delegada de PPP del Departamento Acad\u00e9mico de Qu\u00edmica<\/span><\/strong><\/li>\n<li><strong><span style=\"color: #000080;\">Mg. Sarcco Usto, Luciano&nbsp;&nbsp;&nbsp;&nbsp;&nbsp;&nbsp;&nbsp;&nbsp;&nbsp;&nbsp;&nbsp;&nbsp;&nbsp;&nbsp;&nbsp;&nbsp;&nbsp;&nbsp;&nbsp;&nbsp;&nbsp;&nbsp;&nbsp;&nbsp;&nbsp;&nbsp;&nbsp;&nbsp;&nbsp;&nbsp;&nbsp;&nbsp;&nbsp; Delegado de PPP del Departamento Acad\u00e9mico de F\u00edsica<\/span><\/strong><\/li>\n<li><strong><span style=\"color: #000080;\">Dra. Collahua Rupaylla, Vivian&nbsp; &nbsp; &nbsp; &nbsp; &nbsp; &nbsp; &nbsp; &nbsp; &nbsp; &nbsp; &nbsp; &nbsp; &nbsp; Delegada de PPP del Departamento Acad\u00e9mico de Matem\u00e1tica e Inform\u00e1tica<\/span><\/strong><\/li>\n<li><strong><span style=\"color: #000080;\">Mg. Hurtado Aspiros, Angelica Graciela&nbsp; &nbsp; &nbsp; &nbsp; &nbsp;Delegada de PPP del Departamento Acad\u00e9mico de Biolog\u00eda<\/span><\/strong><\/li>\n<\/ul>\n<p><span style=\"text-decoration: underline;\"><strong><span style=\"color: #000080; text-decoration: underline;\">FACULTAD DE CIENCIAS SOCIALES Y HUMANIDADES<\/span><\/strong><\/span><\/p>\n<ul>\n<li><strong><span style=\"color: #000080;\">Mg. Paredes Blancas De Povis, Graciela J.&nbsp; &nbsp; Coordinadora de Pr\u00e1cticas Preprofesionales<\/span><\/strong><\/li>\n<li><strong><span style=\"color: #000080;\">Dra. Carrasco Paredes, Nohimy Edith&nbsp; &nbsp; &nbsp; &nbsp; &nbsp; &nbsp; &nbsp; Delegada de PPP del Departamento Acad\u00e9mico de Comunicaci\u00f3n y Lenguas Nativas<\/span><\/strong><\/li>\n<li><strong><span style=\"color: #000080;\">Mg. Inti Oropeza, Rodolfo Alberto&nbsp; &nbsp; &nbsp; &nbsp; &nbsp; &nbsp; &nbsp; &nbsp; &nbsp; &nbsp; Delegado de PPP del Departamento Acad\u00e9mico de Historia y Geograf\u00eda<\/span><\/strong><\/li>\n<li><strong><span style=\"color: #000080;\">Dr. Reymundo Pujay, Gabriel&nbsp; &nbsp; &nbsp; &nbsp; &nbsp; &nbsp; &nbsp; &nbsp; &nbsp; &nbsp; &nbsp; &nbsp; &nbsp; &nbsp; &nbsp; Delegado de PPP del Departamento Acad\u00e9mico de Lenguas Extranjeras<\/span><\/strong><\/li>\n<li><strong><span style=\"color: #000080;\">Mg. Paredes Quinteros, David Alexander&nbsp; &nbsp; &nbsp; &nbsp; Delegado de PPP del Departamento Acad\u00e9mico de Psicolog\u00eda y Filosof\u00eda<\/span><\/strong><\/li>\n<li><strong><span style=\"color: #000080;\">Mg. Gomez Palomino, Sirley Mariela&nbsp; &nbsp; &nbsp; &nbsp; &nbsp; &nbsp; &nbsp; &nbsp;Delegada de PPP del Departamento Acad\u00e9mico de Educaci\u00f3n Art\u00edstica<\/span><\/strong><\/li>\n<\/ul>\n<p><span style=\"text-decoration: underline;\"><strong><span style=\"color: #000080; text-decoration: underline;\">FACULTAD DE TECNOLOG\u00cdA<\/span><\/strong><\/span><\/p>\n<ul>\n<li><strong><span style=\"color: #000080;\">Dra. Rivera Lopez, Camila Alberta&nbsp;&nbsp;&nbsp;&nbsp;&nbsp;&nbsp;&nbsp;&nbsp;&nbsp;&nbsp;&nbsp;&nbsp;&nbsp;&nbsp;&nbsp;&nbsp;&nbsp;&nbsp; Coordinadora de Pr\u00e1cticas Preprofesionales<\/span><\/strong><\/li>\n<li><strong><span style=\"color: #000080;\">Mg. Palomino Rom\u00e1n, Richar Carlos&nbsp; &nbsp; &nbsp; &nbsp; &nbsp; &nbsp; &nbsp; Delegado de PPP del Departamento Acad\u00e9mico de Dise\u00f1os y Construcciones<\/span><\/strong><\/li>\n<li><strong><span style=\"color: #000080;\">Dr. Negreiros Merma, Ram\u00f3n&nbsp; &nbsp; &nbsp; &nbsp; &nbsp; &nbsp; &nbsp; &nbsp; &nbsp; &nbsp; &nbsp; &nbsp; &nbsp; &nbsp;Delegado de PPP del Departamento Acad\u00e9mico de Metalmec\u00e1nica<\/span><\/strong><\/li>\n<li><strong><span style=\"color: #000080;\">Mg. De la Cruz Vel\u00e1squez, Oscar Gustavo&nbsp; &nbsp; &nbsp;Delegado de PPP del Departamento Acad\u00e9mico de Electromotores<\/span><\/strong><\/li>\n<li><strong><span style=\"color: #000080;\">Dr. Ni\u00f1o Cueva Dan\u00e9s, Carlos Enrique&nbsp; &nbsp; &nbsp; &nbsp; &nbsp; &nbsp; Delegado de PPP del Departamento Acad\u00e9mico de Electr\u00f3nica y Telem\u00e1tica<\/span><\/strong><\/li>\n<\/ul>\n<p><span style=\"text-decoration: underline;\"><strong><span style=\"color: #000080; text-decoration: underline;\">FACULTAD DE EDUCACI\u00d3N INICIAL<\/span><\/strong><\/span><\/p>\n<ul>\n<li><strong><span style=\"color: #000080;\">Mg. Villa L\u00f3pez, Roxana Marlene&nbsp; &nbsp; &nbsp; &nbsp; &nbsp; &nbsp; &nbsp; &nbsp; &nbsp; &nbsp; Coordinadora de Pr\u00e1cticas Preprofesionales<\/span><\/strong><\/li>\n<li><strong><span style=\"color: #000080;\">Mg. Zevallos Rebaza, Sofia Romilda&nbsp; &nbsp; &nbsp; &nbsp; &nbsp; &nbsp; &nbsp; Delegada de PPP del Departamento Acad\u00e9mico de Pedagog\u00eda Infantil<\/span><\/strong><\/li>\n<\/ul>\n<p><span style=\"text-decoration: underline;\"><strong><span style=\"color: #000080; text-decoration: underline;\">FACULTAD DE PEDAGOG\u00cdA Y CULTURA F\u00cdSICA<\/span><\/strong><\/span><\/p>\n<ul>\n<li><strong><span style=\"color: #000080;\">Dr. Due\u00f1as Diaz, Jorge Ra\u00fal&nbsp; &nbsp; &nbsp; &nbsp; &nbsp; &nbsp; &nbsp; &nbsp; &nbsp; &nbsp; &nbsp; &nbsp; &nbsp; &nbsp; &nbsp;Coordinador de Pr\u00e1cticas Preprofesionales<\/span><\/strong><\/li>\n<li><strong><span style=\"color: #000080;\">Mg. Huamani Ucharima, In\u00e9s&nbsp; &nbsp; &nbsp; &nbsp; &nbsp; &nbsp; &nbsp; &nbsp; &nbsp; &nbsp; &nbsp; &nbsp; &nbsp; &nbsp;Delegada de PPP del Departamento Acad\u00e9mico de Educaci\u00f3n Primaria y Educaci\u00f3n B\u00e1sica Alternativa.<\/span><\/strong><\/li>\n<li><strong><span style=\"color: #000080;\">Bach. Huertas Huerta, Fausta Elva&nbsp; &nbsp; &nbsp; &nbsp; &nbsp; &nbsp; &nbsp; &nbsp; &nbsp; <\/span><\/strong><strong><span style=\"color: #000080;\">Delegada de PPP del Departamento Acad\u00e9mico de Ciencias Aplicadas a la Educaci\u00f3n F\u00edsica y el Deporte.<\/span><\/strong><\/li>\n<\/ul>\n<p><span style=\"text-decoration: underline;\"><strong><span style=\"color: #000080; text-decoration: underline;\">FACULTAD DE AGROPECUARIA Y NUTRICI\u00d3N<\/span><\/strong><\/span><\/p>\n<ul>\n<li><strong><span style=\"color: #000080;\">Mg. S\u00e1nchez Baquerizo, Paula Alejandrina&nbsp; &nbsp; Coordinadora Pr\u00e1cticas Preprofesionales<\/span><\/strong><\/li>\n<li><strong><span style=\"color: #000080;\">Mg. Ramos Cevallos, Magda Patricia&nbsp; &nbsp; &nbsp; &nbsp; &nbsp; &nbsp; &nbsp; Delegada de PPP del Departamento Acad\u00e9mico de Industria Alimentaria y Nutrici\u00f3n<\/span><\/strong><\/li>\n<li><strong><span style=\"color: #000080;\">Dr. Gaspar Musucancha, Manuel Ciriaco&nbsp; &nbsp; &nbsp; &nbsp; Delegado de PPP del Departamento Acad\u00e9mico de Agropecuaria y Desarrollo Sostenible<\/span><\/strong><\/li>\n<li><strong><span style=\"color: #000080;\">Mg. Quispe Escarza, Judith Iris&nbsp; &nbsp; &nbsp; &nbsp; &nbsp; &nbsp; &nbsp; &nbsp; &nbsp; &nbsp; &nbsp; &nbsp; Delegada de PPP del Departamento Acad\u00e9mico de Nutrici\u00f3n Humana<\/span><\/strong><\/li>\n<\/ul>\n<p><span style=\"text-decoration: underline;\"><strong><span style=\"color: #000080; text-decoration: underline;\">FACULTAD DE CIENCIAS EMPRESARIALES<\/span><\/strong><\/span><\/p>\n<ul>\n<li><strong><span style=\"color: #000080;\">Mg. Inga Ramirez, Jhonny Alberto&nbsp;&nbsp;&nbsp;&nbsp;&nbsp;&nbsp;&nbsp;&nbsp;&nbsp;&nbsp;&nbsp;&nbsp;&nbsp;&nbsp;&nbsp;&nbsp;&nbsp; Coordinador Pr\u00e1cticas Preprofesionales<\/span><\/strong><\/li>\n<\/ul>\t\t\t\t\t\t\t\t<\/div>\n\t\t\t\t<\/div>\n\t\t\t\t\t<\/div>\n\t\t<\/div>\n\t\t\t\t\t<\/div>\n\t\t<\/section>\n\t\t\t\t<\/div>\n\t\t","protected":false},"excerpt":{"rendered":"<p>FACULTAD DE CIENCIAS Dra. Moreno S\u00e1enz, Jenny Victoria&nbsp; &nbsp; &nbsp; &nbsp; &nbsp; &nbsp; &nbsp; &nbsp; &nbsp; Coordinadora de Pr\u00e1cticas Preprofesionales Mg. Taipe Poma, Angelica Norma&nbsp;&nbsp;&nbsp;&nbsp;&nbsp;&nbsp;&nbsp;&nbsp;&nbsp;&nbsp;&nbsp;&nbsp;&nbsp;&nbsp;&nbsp;&nbsp;&nbsp;&nbsp;&nbsp; Delegada de PPP del Departamento Acad\u00e9mico de Qu\u00edmica Mg. Sarcco Usto, Luciano&nbsp;&nbsp;&nbsp;&nbsp;&nbsp;&nbsp;&nbsp;&nbsp;&nbsp;&nbsp;&nbsp;&nbsp;&nbsp;&nbsp;&nbsp;&nbsp;&nbsp;&nbsp;&nbsp;&nbsp;&nbsp;&nbsp;&nbsp;&nbsp;&nbsp;&nbsp;&nbsp;&nbsp;&nbsp;&nbsp;&nbsp;&nbsp;&nbsp; Delegado de PPP <a href=\"https:\/\/www.une.edu.pe\/Practica_Preprofesionales\/coordinadores-y-delegados\/\" class=\"read-more\">Leer m\u00e1s&#8230;<\/a><\/p>\n","protected":false},"author":5,"featured_media":0,"parent":0,"menu_order":0,"comment_status":"closed","ping_status":"closed","template":"","meta":{"footnotes":""},"class_list":["post-4151","page","type-page","status-publish","hentry"],"_links":{"self":[{"href":"https:\/\/www.une.edu.pe\/Practica_Preprofesionales\/wp-json\/wp\/v2\/pages\/4151","targetHints":{"allow":["GET"]}}],"collection":[{"href":"https:\/\/www.une.edu.pe\/Practica_Preprofesionales\/wp-json\/wp\/v2\/pages"}],"about":[{"href":"https:\/\/www.une.edu.pe\/Practica_Preprofesionales\/wp-json\/wp\/v2\/types\/page"}],"author":[{"embeddable":true,"href":"https:\/\/www.une.edu.pe\/Practica_Preprofesionales\/wp-json\/wp\/v2\/users\/5"}],"replies":[{"embeddable":true,"href":"https:\/\/www.une.edu.pe\/Practica_Preprofesionales\/wp-json\/wp\/v2\/comments?post=4151"}],"version-history":[{"count":70,"href":"https:\/\/www.une.edu.pe\/Practica_Preprofesionales\/wp-json\/wp\/v2\/pages\/4151\/revisions"}],"predecessor-version":[{"id":6404,"href":"https:\/\/www.une.edu.pe\/Practica_Preprofesionales\/wp-json\/wp\/v2\/pages\/4151\/revisions\/6404"}],"wp:attachment":[{"href":"https:\/\/www.une.edu.pe\/Practica_Preprofesionales\/wp-json\/wp\/v2\/media?parent=4151"}],"curies":[{"name":"wp","href":"https:\/\/api.w.org\/{rel}","templated":true}]}}