{"id":8765,"date":"2025-07-08T14:17:35","date_gmt":"2025-07-08T19:17:35","guid":{"rendered":"https:\/\/www.une.edu.pe\/Pedagogia\/?page_id=8765"},"modified":"2025-12-30T10:44:47","modified_gmt":"2025-12-30T15:44:47","slug":"educacion-primaria-educacion-basica-alternativa","status":"publish","type":"page","link":"https:\/\/www.une.edu.pe\/Pedagogia\/educacion-primaria-educacion-basica-alternativa\/","title":{"rendered":"Educaci\u00f3n Primaria &#8211; Educaci\u00f3n B\u00e1sica Alternativa"},"content":{"rendered":"\t\t<div data-elementor-type=\"wp-page\" data-elementor-id=\"8765\" class=\"elementor elementor-8765\">\n\t\t\t\t\t\t<section class=\"elementor-section elementor-top-section elementor-element elementor-element-1485538 elementor-section-boxed elementor-section-height-default elementor-section-height-default\" data-id=\"1485538\" data-element_type=\"section\" data-e-type=\"section\">\n\t\t\t\t\t\t<div class=\"elementor-container elementor-column-gap-default\">\n\t\t\t\t\t<div class=\"elementor-column elementor-col-20 elementor-top-column elementor-element elementor-element-0fbb28e\" data-id=\"0fbb28e\" data-element_type=\"column\" data-e-type=\"column\">\n\t\t\t<div class=\"elementor-widget-wrap elementor-element-populated\">\n\t\t\t\t\t\t<div class=\"elementor-element elementor-element-d03cc04 elementor-widget elementor-widget-image\" data-id=\"d03cc04\" data-element_type=\"widget\" data-e-type=\"widget\" data-widget_type=\"image.default\">\n\t\t\t\t<div class=\"elementor-widget-container\">\n\t\t\t\t\t\t\t\t\t\t\t\t<figure class=\"wp-caption\">\n\t\t\t\t\t\t\t\t\t\t\t<a href=\"https:\/\/www.une.edu.pe\/Pedagogia\/docentes-del-programa-educacion-primaria-educacion-basica-alternativa\/\" target=\"_blank\">\n\t\t\t\t\t\t\t<img fetchpriority=\"high\" decoding=\"async\" width=\"847\" height=\"847\" src=\"https:\/\/www.une.edu.pe\/Pedagogia\/wp-content\/uploads\/2025\/07\/ChatGPT-Image-Jul-8-2025-02_59_06-PM.png\" class=\"attachment-large size-large wp-image-8777\" alt=\"\" srcset=\"https:\/\/www.une.edu.pe\/Pedagogia\/wp-content\/uploads\/2025\/07\/ChatGPT-Image-Jul-8-2025-02_59_06-PM.png 1024w, https:\/\/www.une.edu.pe\/Pedagogia\/wp-content\/uploads\/2025\/07\/ChatGPT-Image-Jul-8-2025-02_59_06-PM-300x300.png 300w, https:\/\/www.une.edu.pe\/Pedagogia\/wp-content\/uploads\/2025\/07\/ChatGPT-Image-Jul-8-2025-02_59_06-PM-150x150.png 150w, https:\/\/www.une.edu.pe\/Pedagogia\/wp-content\/uploads\/2025\/07\/ChatGPT-Image-Jul-8-2025-02_59_06-PM-768x768.png 768w, https:\/\/www.une.edu.pe\/Pedagogia\/wp-content\/uploads\/2025\/07\/ChatGPT-Image-Jul-8-2025-02_59_06-PM-270x270.png 270w, https:\/\/www.une.edu.pe\/Pedagogia\/wp-content\/uploads\/2025\/07\/elementor\/thumbs\/ChatGPT-Image-Jul-8-2025-02_59_06-PM-r8gzvunzpzefrm7gibhexkblr0g49bgcn72fav1qjk.png 400w\" sizes=\"(max-width: 847px) 100vw, 847px\" \/>\t\t\t\t\t\t\t\t<\/a>\n\t\t\t\t\t\t\t\t\t\t\t<figcaption class=\"widget-image-caption wp-caption-text\">DOCENTES<\/figcaption>\n\t\t\t\t\t\t\t\t\t\t<\/figure>\n\t\t\t\t\t\t\t\t\t<\/div>\n\t\t\t\t<\/div>\n\t\t\t\t\t<\/div>\n\t\t<\/div>\n\t\t\t\t<div class=\"elementor-column elementor-col-20 elementor-top-column elementor-element elementor-element-a6b37ea\" data-id=\"a6b37ea\" data-element_type=\"column\" data-e-type=\"column\">\n\t\t\t<div class=\"elementor-widget-wrap elementor-element-populated\">\n\t\t\t\t\t\t<div class=\"elementor-element elementor-element-c8bb375 elementor-widget elementor-widget-image\" data-id=\"c8bb375\" data-element_type=\"widget\" data-e-type=\"widget\" data-widget_type=\"image.default\">\n\t\t\t\t<div class=\"elementor-widget-container\">\n\t\t\t\t\t\t\t\t\t\t\t\t<figure class=\"wp-caption\">\n\t\t\t\t\t\t\t\t\t\t\t<a href=\"https:\/\/www.une.edu.pe\/Pedagogia\/silabos-educacion-primaria-educacion-basica-alternativa\/\" target=\"_blank\">\n\t\t\t\t\t\t\t<img decoding=\"async\" width=\"847\" height=\"847\" src=\"https:\/\/www.une.edu.pe\/Pedagogia\/wp-content\/uploads\/2025\/07\/Silabus.png\" class=\"attachment-large size-large wp-image-8793\" alt=\"\" srcset=\"https:\/\/www.une.edu.pe\/Pedagogia\/wp-content\/uploads\/2025\/07\/Silabus.png 1024w, https:\/\/www.une.edu.pe\/Pedagogia\/wp-content\/uploads\/2025\/07\/Silabus-300x300.png 300w, https:\/\/www.une.edu.pe\/Pedagogia\/wp-content\/uploads\/2025\/07\/Silabus-150x150.png 150w, https:\/\/www.une.edu.pe\/Pedagogia\/wp-content\/uploads\/2025\/07\/Silabus-768x768.png 768w, https:\/\/www.une.edu.pe\/Pedagogia\/wp-content\/uploads\/2025\/07\/Silabus-270x270.png 270w\" sizes=\"(max-width: 847px) 100vw, 847px\" \/>\t\t\t\t\t\t\t\t<\/a>\n\t\t\t\t\t\t\t\t\t\t\t<figcaption class=\"widget-image-caption wp-caption-text\">SILABOS<\/figcaption>\n\t\t\t\t\t\t\t\t\t\t<\/figure>\n\t\t\t\t\t\t\t\t\t<\/div>\n\t\t\t\t<\/div>\n\t\t\t\t\t<\/div>\n\t\t<\/div>\n\t\t\t\t<div class=\"elementor-column elementor-col-20 elementor-top-column elementor-element elementor-element-cee1f91\" data-id=\"cee1f91\" data-element_type=\"column\" data-e-type=\"column\">\n\t\t\t<div class=\"elementor-widget-wrap elementor-element-populated\">\n\t\t\t\t\t\t<div class=\"elementor-element elementor-element-3227bf8 elementor-widget elementor-widget-image\" data-id=\"3227bf8\" data-element_type=\"widget\" data-e-type=\"widget\" data-widget_type=\"image.default\">\n\t\t\t\t<div class=\"elementor-widget-container\">\n\t\t\t\t\t\t\t\t\t\t\t\t<figure class=\"wp-caption\">\n\t\t\t\t\t\t\t\t\t\t\t<a href=\"https:\/\/www.une.edu.pe\/Pedagogia\/programacion-academica-educacion-primaria-educacion-basica-alternativa\/\" target=\"_blank\">\n\t\t\t\t\t\t\t<img decoding=\"async\" width=\"559\" height=\"502\" src=\"https:\/\/www.une.edu.pe\/Pedagogia\/wp-content\/uploads\/2025\/12\/Captura.jpg\" class=\"attachment-large size-large wp-image-10307\" alt=\"\" srcset=\"https:\/\/www.une.edu.pe\/Pedagogia\/wp-content\/uploads\/2025\/12\/Captura.jpg 559w, https:\/\/www.une.edu.pe\/Pedagogia\/wp-content\/uploads\/2025\/12\/Captura-300x269.jpg 300w, https:\/\/www.une.edu.pe\/Pedagogia\/wp-content\/uploads\/2025\/12\/Captura-301x270.jpg 301w\" sizes=\"(max-width: 559px) 100vw, 559px\" \/>\t\t\t\t\t\t\t\t<\/a>\n\t\t\t\t\t\t\t\t\t\t\t<figcaption class=\"widget-image-caption wp-caption-text\">PROGRAMACI\u00d3N ACAD\u00c9MICA<\/figcaption>\n\t\t\t\t\t\t\t\t\t\t<\/figure>\n\t\t\t\t\t\t\t\t\t<\/div>\n\t\t\t\t<\/div>\n\t\t\t\t\t<\/div>\n\t\t<\/div>\n\t\t\t\t<div class=\"elementor-column elementor-col-20 elementor-top-column elementor-element elementor-element-57e6e08\" data-id=\"57e6e08\" data-element_type=\"column\" data-e-type=\"column\">\n\t\t\t<div class=\"elementor-widget-wrap elementor-element-populated\">\n\t\t\t\t\t\t<div class=\"elementor-element elementor-element-3eeb63f elementor-widget elementor-widget-image\" data-id=\"3eeb63f\" data-element_type=\"widget\" data-e-type=\"widget\" data-widget_type=\"image.default\">\n\t\t\t\t<div class=\"elementor-widget-container\">\n\t\t\t\t\t\t\t\t\t\t\t\t<figure class=\"wp-caption\">\n\t\t\t\t\t\t\t\t\t\t\t<a href=\"https:\/\/www.une.edu.pe\/Pedagogia\/horarios-educacion-primaria\/\" target=\"_blank\">\n\t\t\t\t\t\t\t<img loading=\"lazy\" decoding=\"async\" width=\"847\" height=\"847\" src=\"https:\/\/www.une.edu.pe\/Pedagogia\/wp-content\/uploads\/2025\/07\/Horario.png\" class=\"attachment-large size-large wp-image-8792\" alt=\"\" srcset=\"https:\/\/www.une.edu.pe\/Pedagogia\/wp-content\/uploads\/2025\/07\/Horario.png 1024w, https:\/\/www.une.edu.pe\/Pedagogia\/wp-content\/uploads\/2025\/07\/Horario-300x300.png 300w, https:\/\/www.une.edu.pe\/Pedagogia\/wp-content\/uploads\/2025\/07\/Horario-150x150.png 150w, https:\/\/www.une.edu.pe\/Pedagogia\/wp-content\/uploads\/2025\/07\/Horario-768x768.png 768w, https:\/\/www.une.edu.pe\/Pedagogia\/wp-content\/uploads\/2025\/07\/Horario-270x270.png 270w\" sizes=\"(max-width: 847px) 100vw, 847px\" \/>\t\t\t\t\t\t\t\t<\/a>\n\t\t\t\t\t\t\t\t\t\t\t<figcaption class=\"widget-image-caption wp-caption-text\">HORARIO<\/figcaption>\n\t\t\t\t\t\t\t\t\t\t<\/figure>\n\t\t\t\t\t\t\t\t\t<\/div>\n\t\t\t\t<\/div>\n\t\t\t\t\t<\/div>\n\t\t<\/div>\n\t\t\t\t<div class=\"elementor-column elementor-col-20 elementor-top-column elementor-element elementor-element-32e627b\" data-id=\"32e627b\" data-element_type=\"column\" data-e-type=\"column\">\n\t\t\t<div class=\"elementor-widget-wrap elementor-element-populated\">\n\t\t\t\t\t\t<div class=\"elementor-element elementor-element-01b82c8 elementor-widget elementor-widget-image\" data-id=\"01b82c8\" data-element_type=\"widget\" data-e-type=\"widget\" data-widget_type=\"image.default\">\n\t\t\t\t<div class=\"elementor-widget-container\">\n\t\t\t\t\t\t\t\t\t\t\t\t<figure class=\"wp-caption\">\n\t\t\t\t\t\t\t\t\t\t\t<a href=\"https:\/\/www.une.edu.pe\/Pedagogia\/planes-de-estudio-programa-educacion-primaria-educacion-basica-alternativa\/\" target=\"_blank\">\n\t\t\t\t\t\t\t<img loading=\"lazy\" decoding=\"async\" width=\"847\" height=\"847\" src=\"https:\/\/www.une.edu.pe\/Pedagogia\/wp-content\/uploads\/2025\/07\/Plan-de-estudio.png\" class=\"attachment-large size-large wp-image-8797\" alt=\"\" srcset=\"https:\/\/www.une.edu.pe\/Pedagogia\/wp-content\/uploads\/2025\/07\/Plan-de-estudio.png 1024w, https:\/\/www.une.edu.pe\/Pedagogia\/wp-content\/uploads\/2025\/07\/Plan-de-estudio-300x300.png 300w, https:\/\/www.une.edu.pe\/Pedagogia\/wp-content\/uploads\/2025\/07\/Plan-de-estudio-150x150.png 150w, https:\/\/www.une.edu.pe\/Pedagogia\/wp-content\/uploads\/2025\/07\/Plan-de-estudio-768x768.png 768w, https:\/\/www.une.edu.pe\/Pedagogia\/wp-content\/uploads\/2025\/07\/Plan-de-estudio-270x270.png 270w\" sizes=\"(max-width: 847px) 100vw, 847px\" \/>\t\t\t\t\t\t\t\t<\/a>\n\t\t\t\t\t\t\t\t\t\t\t<figcaption class=\"widget-image-caption wp-caption-text\">PLAN DE ESTUDIO<\/figcaption>\n\t\t\t\t\t\t\t\t\t\t<\/figure>\n\t\t\t\t\t\t\t\t\t<\/div>\n\t\t\t\t<\/div>\n\t\t\t\t\t<\/div>\n\t\t<\/div>\n\t\t\t\t\t<\/div>\n\t\t<\/section>\n\t\t\t\t<section class=\"elementor-section elementor-top-section elementor-element elementor-element-9463683 elementor-section-boxed elementor-section-height-default elementor-section-height-default\" data-id=\"9463683\" data-element_type=\"section\" data-e-type=\"section\">\n\t\t\t\t\t\t<div class=\"elementor-container elementor-column-gap-default\">\n\t\t\t\t\t<div class=\"elementor-column elementor-col-20 elementor-top-column elementor-element elementor-element-0f8d6d8\" data-id=\"0f8d6d8\" data-element_type=\"column\" data-e-type=\"column\">\n\t\t\t<div class=\"elementor-widget-wrap elementor-element-populated\">\n\t\t\t\t\t\t<div class=\"elementor-element elementor-element-678d155 elementor-widget elementor-widget-image\" data-id=\"678d155\" data-element_type=\"widget\" data-e-type=\"widget\" data-widget_type=\"image.default\">\n\t\t\t\t<div class=\"elementor-widget-container\">\n\t\t\t\t\t\t\t\t\t\t\t\t<figure class=\"wp-caption\">\n\t\t\t\t\t\t\t\t\t\t\t<a href=\"https:\/\/www.une.edu.pe\/Pedagogia\/wp-content\/uploads\/2025\/11\/LINEA-DE-PROGRESION-PROFESIONAL.pdf\" target=\"_blank\">\n\t\t\t\t\t\t\t<img loading=\"lazy\" decoding=\"async\" width=\"473\" height=\"488\" src=\"https:\/\/www.une.edu.pe\/Pedagogia\/wp-content\/uploads\/2025\/07\/iCONO-PROGRESO.jpg\" class=\"attachment-large size-large wp-image-8799\" alt=\"\" srcset=\"https:\/\/www.une.edu.pe\/Pedagogia\/wp-content\/uploads\/2025\/07\/iCONO-PROGRESO.jpg 473w, https:\/\/www.une.edu.pe\/Pedagogia\/wp-content\/uploads\/2025\/07\/iCONO-PROGRESO-291x300.jpg 291w, https:\/\/www.une.edu.pe\/Pedagogia\/wp-content\/uploads\/2025\/07\/iCONO-PROGRESO-262x270.jpg 262w\" sizes=\"(max-width: 473px) 100vw, 473px\" \/>\t\t\t\t\t\t\t\t<\/a>\n\t\t\t\t\t\t\t\t\t\t\t<figcaption class=\"widget-image-caption wp-caption-text\">LINEA DE PROGRESION<\/figcaption>\n\t\t\t\t\t\t\t\t\t\t<\/figure>\n\t\t\t\t\t\t\t\t\t<\/div>\n\t\t\t\t<\/div>\n\t\t\t\t\t<\/div>\n\t\t<\/div>\n\t\t\t\t<div class=\"elementor-column elementor-col-20 elementor-top-column elementor-element elementor-element-2b7847b\" data-id=\"2b7847b\" data-element_type=\"column\" data-e-type=\"column\">\n\t\t\t<div class=\"elementor-widget-wrap\">\n\t\t\t\t\t\t\t<\/div>\n\t\t<\/div>\n\t\t\t\t<div class=\"elementor-column elementor-col-20 elementor-top-column elementor-element elementor-element-4cccafa\" data-id=\"4cccafa\" data-element_type=\"column\" data-e-type=\"column\">\n\t\t\t<div class=\"elementor-widget-wrap\">\n\t\t\t\t\t\t\t<\/div>\n\t\t<\/div>\n\t\t\t\t<div class=\"elementor-column elementor-col-20 elementor-top-column elementor-element elementor-element-a97198d\" data-id=\"a97198d\" data-element_type=\"column\" data-e-type=\"column\">\n\t\t\t<div class=\"elementor-widget-wrap\">\n\t\t\t\t\t\t\t<\/div>\n\t\t<\/div>\n\t\t\t\t<div class=\"elementor-column elementor-col-20 elementor-top-column elementor-element elementor-element-6640d0e\" data-id=\"6640d0e\" data-element_type=\"column\" data-e-type=\"column\">\n\t\t\t<div class=\"elementor-widget-wrap\">\n\t\t\t\t\t\t\t<\/div>\n\t\t<\/div>\n\t\t\t\t\t<\/div>\n\t\t<\/section>\n\t\t\t\t<section class=\"elementor-section elementor-top-section elementor-element elementor-element-cae1c4e elementor-section-boxed elementor-section-height-default elementor-section-height-default\" data-id=\"cae1c4e\" data-element_type=\"section\" data-e-type=\"section\">\n\t\t\t\t\t\t<div class=\"elementor-container elementor-column-gap-default\">\n\t\t\t\t\t<div class=\"elementor-column elementor-col-100 elementor-top-column elementor-element elementor-element-49420e8\" data-id=\"49420e8\" data-element_type=\"column\" data-e-type=\"column\">\n\t\t\t<div class=\"elementor-widget-wrap elementor-element-populated\">\n\t\t\t\t\t\t<div class=\"elementor-element elementor-element-799a0fa elementor-widget-divider--view-line_icon elementor-view-default elementor-widget-divider--element-align-center elementor-widget elementor-widget-divider\" data-id=\"799a0fa\" data-element_type=\"widget\" data-e-type=\"widget\" data-widget_type=\"divider.default\">\n\t\t\t\t<div class=\"elementor-widget-container\">\n\t\t\t\t\t\t\t<div class=\"elementor-divider\">\n\t\t\t<span class=\"elementor-divider-separator\">\n\t\t\t\t\t\t\t<div class=\"elementor-icon elementor-divider__element\">\n\t\t\t\t\t<i aria-hidden=\"true\" class=\"fas fa-sun\"><\/i><\/div>\n\t\t\t\t\t\t<\/span>\n\t\t<\/div>\n\t\t\t\t\t\t<\/div>\n\t\t\t\t<\/div>\n\t\t\t\t\t<\/div>\n\t\t<\/div>\n\t\t\t\t\t<\/div>\n\t\t<\/section>\n\t\t\t\t<section class=\"elementor-section elementor-top-section elementor-element elementor-element-a22d856 elementor-section-boxed elementor-section-height-default elementor-section-height-default\" data-id=\"a22d856\" data-element_type=\"section\" data-e-type=\"section\">\n\t\t\t\t\t\t<div class=\"elementor-container elementor-column-gap-default\">\n\t\t\t\t\t<div class=\"elementor-column elementor-col-25 elementor-top-column elementor-element elementor-element-1cb7320\" data-id=\"1cb7320\" data-element_type=\"column\" data-e-type=\"column\">\n\t\t\t<div class=\"elementor-widget-wrap\">\n\t\t\t\t\t\t\t<\/div>\n\t\t<\/div>\n\t\t\t\t<div class=\"elementor-column elementor-col-50 elementor-top-column elementor-element elementor-element-75d9430\" data-id=\"75d9430\" data-element_type=\"column\" data-e-type=\"column\">\n\t\t\t<div class=\"elementor-widget-wrap elementor-element-populated\">\n\t\t\t\t\t\t<div class=\"elementor-element elementor-element-3fd6577 elementor-widget elementor-widget-image\" data-id=\"3fd6577\" data-element_type=\"widget\" data-e-type=\"widget\" data-widget_type=\"image.default\">\n\t\t\t\t<div class=\"elementor-widget-container\">\n\t\t\t\t\t\t\t\t\t\t\t\t\t\t\t\t<a href=\"https:\/\/www.une.edu.pe\/Pedagogia\/descubre-por-que-elegir-el-programa-de-educacion-con-especialidad-de-educacion-primaria-educacion-basica-alternativa\/\" target=\"_blank\">\n\t\t\t\t\t\t\t<img loading=\"lazy\" decoding=\"async\" width=\"611\" height=\"408\" src=\"https:\/\/www.une.edu.pe\/Pedagogia\/wp-content\/uploads\/2025\/12\/imagen-removebg-preview.png\" class=\"attachment-full size-full wp-image-10269\" alt=\"\" srcset=\"https:\/\/www.une.edu.pe\/Pedagogia\/wp-content\/uploads\/2025\/12\/imagen-removebg-preview.png 611w, https:\/\/www.une.edu.pe\/Pedagogia\/wp-content\/uploads\/2025\/12\/imagen-removebg-preview-300x200.png 300w, https:\/\/www.une.edu.pe\/Pedagogia\/wp-content\/uploads\/2025\/12\/imagen-removebg-preview-360x240.png 360w\" sizes=\"(max-width: 611px) 100vw, 611px\" \/>\t\t\t\t\t\t\t\t<\/a>\n\t\t\t\t\t\t\t\t\t\t\t\t\t\t\t<\/div>\n\t\t\t\t<\/div>\n\t\t\t\t\t<\/div>\n\t\t<\/div>\n\t\t\t\t<div class=\"elementor-column elementor-col-25 elementor-top-column elementor-element elementor-element-9f8e3ef\" data-id=\"9f8e3ef\" data-element_type=\"column\" data-e-type=\"column\">\n\t\t\t<div class=\"elementor-widget-wrap\">\n\t\t\t\t\t\t\t<\/div>\n\t\t<\/div>\n\t\t\t\t\t<\/div>\n\t\t<\/section>\n\t\t\t\t<section class=\"elementor-section elementor-top-section elementor-element elementor-element-7883059 elementor-section-boxed elementor-section-height-default elementor-section-height-default\" data-id=\"7883059\" data-element_type=\"section\" data-e-type=\"section\">\n\t\t\t\t\t\t<div class=\"elementor-container elementor-column-gap-default\">\n\t\t\t\t\t<div class=\"elementor-column elementor-col-100 elementor-top-column elementor-element elementor-element-cb93733\" data-id=\"cb93733\" data-element_type=\"column\" data-e-type=\"column\">\n\t\t\t<div class=\"elementor-widget-wrap elementor-element-populated\">\n\t\t\t\t\t\t<div class=\"elementor-element elementor-element-d25e7e4 elementor-widget-divider--view-line_icon elementor-view-default elementor-widget-divider--element-align-center elementor-widget elementor-widget-divider\" data-id=\"d25e7e4\" data-element_type=\"widget\" data-e-type=\"widget\" data-widget_type=\"divider.default\">\n\t\t\t\t<div class=\"elementor-widget-container\">\n\t\t\t\t\t\t\t<div class=\"elementor-divider\">\n\t\t\t<span class=\"elementor-divider-separator\">\n\t\t\t\t\t\t\t<div class=\"elementor-icon elementor-divider__element\">\n\t\t\t\t\t<i aria-hidden=\"true\" class=\"fas fa-atom\"><\/i><\/div>\n\t\t\t\t\t\t<\/span>\n\t\t<\/div>\n\t\t\t\t\t\t<\/div>\n\t\t\t\t<\/div>\n\t\t\t\t\t<\/div>\n\t\t<\/div>\n\t\t\t\t\t<\/div>\n\t\t<\/section>\n\t\t\t\t<\/div>\n\t\t","protected":false},"excerpt":{"rendered":"<p>DOCENTES SILABOS PROGRAMACI\u00d3N ACAD\u00c9MICA HORARIO PLAN DE ESTUDIO LINEA DE PROGRESION<\/p>\n","protected":false},"author":3,"featured_media":0,"parent":0,"menu_order":0,"comment_status":"closed","ping_status":"closed","template":"","meta":{"footnotes":""},"class_list":["post-8765","page","type-page","status-publish","hentry"],"_links":{"self":[{"href":"https:\/\/www.une.edu.pe\/Pedagogia\/wp-json\/wp\/v2\/pages\/8765","targetHints":{"allow":["GET"]}}],"collection":[{"href":"https:\/\/www.une.edu.pe\/Pedagogia\/wp-json\/wp\/v2\/pages"}],"about":[{"href":"https:\/\/www.une.edu.pe\/Pedagogia\/wp-json\/wp\/v2\/types\/page"}],"author":[{"embeddable":true,"href":"https:\/\/www.une.edu.pe\/Pedagogia\/wp-json\/wp\/v2\/users\/3"}],"replies":[{"embeddable":true,"href":"https:\/\/www.une.edu.pe\/Pedagogia\/wp-json\/wp\/v2\/comments?post=8765"}],"version-history":[{"count":71,"href":"https:\/\/www.une.edu.pe\/Pedagogia\/wp-json\/wp\/v2\/pages\/8765\/revisions"}],"predecessor-version":[{"id":10768,"href":"https:\/\/www.une.edu.pe\/Pedagogia\/wp-json\/wp\/v2\/pages\/8765\/revisions\/10768"}],"wp:attachment":[{"href":"https:\/\/www.une.edu.pe\/Pedagogia\/wp-json\/wp\/v2\/media?parent=8765"}],"curies":[{"name":"wp","href":"https:\/\/api.w.org\/{rel}","templated":true}]}}