{"id":3276,"date":"2019-12-05T14:36:11","date_gmt":"2019-12-05T13:36:11","guid":{"rendered":"http:\/\/www.une.edu.pe\/Inicial\/?page_id=3276"},"modified":"2022-11-08T19:45:07","modified_gmt":"2022-11-08T18:45:07","slug":"organigrama-y-funciones","status":"publish","type":"page","link":"https:\/\/www.une.edu.pe\/Inicial\/organigrama-y-funciones\/","title":{"rendered":"Organigrama y funciones"},"content":{"rendered":"\t\t<div data-elementor-type=\"wp-post\" data-elementor-id=\"3276\" class=\"elementor elementor-3276\">\n\t\t\t\t\t\t<section class=\"elementor-section elementor-top-section elementor-element elementor-element-81684e3 elementor-section-boxed elementor-section-height-default elementor-section-height-default\" data-id=\"81684e3\" data-element_type=\"section\" data-e-type=\"section\">\n\t\t\t\t\t\t<div class=\"elementor-container elementor-column-gap-default\">\n\t\t\t\t\t<div class=\"elementor-column elementor-col-100 elementor-top-column elementor-element elementor-element-17d3d59\" data-id=\"17d3d59\" data-element_type=\"column\" data-e-type=\"column\">\n\t\t\t<div class=\"elementor-widget-wrap elementor-element-populated\">\n\t\t\t\t\t\t<div class=\"elementor-element elementor-element-562145f elementor-widget elementor-widget-text-editor\" data-id=\"562145f\" data-element_type=\"widget\" data-e-type=\"widget\" data-widget_type=\"text-editor.default\">\n\t\t\t\t<div class=\"elementor-widget-container\">\n\t\t\t\t\t\t\t\t\t<h3>Son funciones de la Unidad de Investigaci\u00f3n de la Facultad:<\/h3><ul><li><h5>Establecer un registro de los docentes dedicados a la investigaci\u00f3n.<\/h5><\/li><\/ul><ul><li><h5>Coordinar con los Departamentos Acad\u00e9micos, las l\u00edneas prioritarias de investigaci\u00f3n.<\/h5><\/li><\/ul><ul><li><h5>Coordinar, orientar y evaluar la ejecuci\u00f3n de los proyectos de investigaci\u00f3n de los docentes y estudiantes de la Facultad.<\/h5><\/li><\/ul><ul><li><h5>Publicar, cada a\u00f1o, el resumen documental o abstract de los informes finales de investigaci\u00f3n.<\/h5><\/li><\/ul><ul><li><h5>Promover la publicaci\u00f3n de los trabajos de investigaci\u00f3n de docentes y estudiantes.<\/h5><\/li><\/ul><ul><li><h5>Relacionarse con organismos nacionales e internacionales especializados en la investigaci\u00f3n de las disciplinas cient\u00edficas de los Departamentos Acad\u00e9micos y de las Escuelas Profesionales.<\/h5><\/li><\/ul><ul><li><h5>Organizar las jornadas cient\u00edficas, tecnol\u00f3gicas o humanistas dirigidas a la difusi\u00f3n de los descubrimientos, innovaciones o creaciones internacionales, nacionales y de los resultados de las investigaciones en la Facultad.<\/h5><\/li><\/ul><ul><li><h5>Dar conformidad a los contenidos de los trabajos de investigaci\u00f3n para optar los grados acad\u00e9micos y t\u00edtulos profesionales.<\/h5><\/li><\/ul>\t\t\t\t\t\t\t\t<\/div>\n\t\t\t\t<\/div>\n\t\t\t\t\t<\/div>\n\t\t<\/div>\n\t\t\t\t\t<\/div>\n\t\t<\/section>\n\t\t\t\t<\/div>\n\t\t","protected":false},"excerpt":{"rendered":"<p>Son funciones de la Unidad de Investigaci\u00f3n de la Facultad: Establecer un registro de los docentes dedicados a la investigaci\u00f3n. Coordinar con los Departamentos Acad\u00e9micos, las l\u00edneas prioritarias de investigaci\u00f3n. Coordinar, orientar y evaluar la ejecuci\u00f3n de los proyectos de <a href=\"https:\/\/www.une.edu.pe\/Inicial\/organigrama-y-funciones\/\" class=\"read-more\">Leer m\u00e1s&#8230;<\/a><\/p>\n","protected":false},"author":3,"featured_media":0,"parent":0,"menu_order":0,"comment_status":"closed","ping_status":"closed","template":"","meta":{"footnotes":""},"class_list":["post-3276","page","type-page","status-publish","hentry"],"_links":{"self":[{"href":"https:\/\/www.une.edu.pe\/Inicial\/wp-json\/wp\/v2\/pages\/3276","targetHints":{"allow":["GET"]}}],"collection":[{"href":"https:\/\/www.une.edu.pe\/Inicial\/wp-json\/wp\/v2\/pages"}],"about":[{"href":"https:\/\/www.une.edu.pe\/Inicial\/wp-json\/wp\/v2\/types\/page"}],"author":[{"embeddable":true,"href":"https:\/\/www.une.edu.pe\/Inicial\/wp-json\/wp\/v2\/users\/3"}],"replies":[{"embeddable":true,"href":"https:\/\/www.une.edu.pe\/Inicial\/wp-json\/wp\/v2\/comments?post=3276"}],"version-history":[{"count":8,"href":"https:\/\/www.une.edu.pe\/Inicial\/wp-json\/wp\/v2\/pages\/3276\/revisions"}],"predecessor-version":[{"id":5070,"href":"https:\/\/www.une.edu.pe\/Inicial\/wp-json\/wp\/v2\/pages\/3276\/revisions\/5070"}],"wp:attachment":[{"href":"https:\/\/www.une.edu.pe\/Inicial\/wp-json\/wp\/v2\/media?parent=3276"}],"curies":[{"name":"wp","href":"https:\/\/api.w.org\/{rel}","templated":true}]}}