{"id":9671,"date":"2025-11-17T11:22:44","date_gmt":"2025-11-17T16:22:44","guid":{"rendered":"https:\/\/www.une.edu.pe\/Empresariales\/?page_id=9671"},"modified":"2025-11-17T15:39:13","modified_gmt":"2025-11-17T20:39:13","slug":"presentacion","status":"publish","type":"page","link":"https:\/\/www.une.edu.pe\/Empresariales\/presentacion\/","title":{"rendered":"Presentaci\u00f3n"},"content":{"rendered":"\t\t<div data-elementor-type=\"wp-post\" data-elementor-id=\"9671\" class=\"elementor elementor-9671\">\n\t\t\t\t\t\t<section class=\"elementor-section elementor-top-section elementor-element elementor-element-8e3129d elementor-section-boxed elementor-section-height-default elementor-section-height-default\" data-id=\"8e3129d\" data-element_type=\"section\" data-e-type=\"section\">\n\t\t\t\t\t\t<div class=\"elementor-container elementor-column-gap-default\">\n\t\t\t\t\t<div class=\"elementor-column elementor-col-50 elementor-top-column elementor-element elementor-element-1c30c92\" data-id=\"1c30c92\" data-element_type=\"column\" data-e-type=\"column\">\n\t\t\t<div class=\"elementor-widget-wrap elementor-element-populated\">\n\t\t\t\t\t\t<div class=\"elementor-element elementor-element-b8089b1 elementor-widget elementor-widget-text-editor\" data-id=\"b8089b1\" data-element_type=\"widget\" data-e-type=\"widget\" data-widget_type=\"text-editor.default\">\n\t\t\t\t<div class=\"elementor-widget-container\">\n\t\t\t\t\t\t\t\t\t<p><strong>La Direcci\u00f3n de la Unidad de Investigaci\u00f3n de la Facultad de Ciencias Empresariales de la Universidad Nacional de Educaci\u00f3n Enrique Guzm\u00e1n y Valle tiene como misi\u00f3n fortalecer la cultura investigativa dentro de la comunidad acad\u00e9mica, promoviendo el desarrollo de investigaciones rigurosas, pertinentes y de impacto que respondan a las necesidades del entorno ambiental, social, econ\u00f3mico y empresarial del pa\u00eds.<\/strong><\/p><p><strong>Desde nuestra unidad, impulsamos l\u00edneas de investigaci\u00f3n alineadas a los desaf\u00edos actuales del sector empresarial, del turismo y los negocios internacionales, fomentando la participaci\u00f3n activa de docentes, estudiantes y egresados en proyectos cient\u00edficos y acad\u00e9micos que contribuyan al conocimiento y a la mejora continua de la pr\u00e1ctica profesional.<\/strong><\/p><p><strong>Nuestro compromiso es garantizar una gesti\u00f3n eficiente de la investigaci\u00f3n, brindando soporte t\u00e9cnico, metodol\u00f3gico y \u00e9tico en cada una de las etapas del proceso investigativo, as\u00ed como promover la difusi\u00f3n de los resultados a trav\u00e9s de revistas cient\u00edficas, congresos, seminarios y otros espacios acad\u00e9micos, tanto a nivel nacional como internacional.<\/strong><\/p><p><strong>Invitamos a toda la comunidad universitaria a integrarse a nuestras actividades investigativas, seguros de que, a trav\u00e9s del trabajo colaborativo, la innovaci\u00f3n y el pensamiento cr\u00edtico, contribuiremos al desarrollo sostenible de nuestra sociedad.<\/strong><\/p>\t\t\t\t\t\t\t\t<\/div>\n\t\t\t\t<\/div>\n\t\t\t\t\t<\/div>\n\t\t<\/div>\n\t\t\t\t<div class=\"elementor-column elementor-col-50 elementor-top-column elementor-element elementor-element-77fd97d\" data-id=\"77fd97d\" data-element_type=\"column\" data-e-type=\"column\">\n\t\t\t<div class=\"elementor-widget-wrap elementor-element-populated\">\n\t\t\t\t\t\t<div class=\"elementor-element elementor-element-a0ec3b1 elementor-widget elementor-widget-image\" data-id=\"a0ec3b1\" data-element_type=\"widget\" data-e-type=\"widget\" data-widget_type=\"image.default\">\n\t\t\t\t<div class=\"elementor-widget-container\">\n\t\t\t\t\t\t\t\t\t\t\t\t\t\t\t<img fetchpriority=\"high\" decoding=\"async\" width=\"578\" height=\"900\" src=\"https:\/\/www.une.edu.pe\/Empresariales\/wp-content\/uploads\/2025\/11\/Captura.jpg\" class=\"attachment-large size-large wp-image-9579\" alt=\"\" srcset=\"https:\/\/www.une.edu.pe\/Empresariales\/wp-content\/uploads\/2025\/11\/Captura.jpg 578w, https:\/\/www.une.edu.pe\/Empresariales\/wp-content\/uploads\/2025\/11\/Captura-193x300.jpg 193w, https:\/\/www.une.edu.pe\/Empresariales\/wp-content\/uploads\/2025\/11\/Captura-173x270.jpg 173w\" sizes=\"(max-width: 578px) 100vw, 578px\" \/>\t\t\t\t\t\t\t\t\t\t\t\t\t\t\t<\/div>\n\t\t\t\t<\/div>\n\t\t\t\t<div class=\"elementor-element elementor-element-837b776 elementor-widget elementor-widget-text-editor\" data-id=\"837b776\" data-element_type=\"widget\" data-e-type=\"widget\" data-widget_type=\"text-editor.default\">\n\t\t\t\t<div class=\"elementor-widget-container\">\n\t\t\t\t\t\t\t\t\t<h4 class=\"elementor-heading-title elementor-size-default\" style=\"text-align: center;\"><span style=\"color: #808080;\"><strong>Dra. Luc\u00eda Guadalupe Panta Sifuentes<\/strong><\/span><\/h4>\t\t\t\t\t\t\t\t<\/div>\n\t\t\t\t<\/div>\n\t\t\t\t<div class=\"elementor-element elementor-element-1f69c64 elementor-widget elementor-widget-text-editor\" data-id=\"1f69c64\" data-element_type=\"widget\" data-e-type=\"widget\" data-widget_type=\"text-editor.default\">\n\t\t\t\t<div class=\"elementor-widget-container\">\n\t\t\t\t\t\t\t\t\t<p class=\"elementor-heading-title elementor-size-default\" style=\"text-align: center;\"><strong>Directora de la Unidad de Investigaci\u00f3n<\/strong><\/p>\t\t\t\t\t\t\t\t<\/div>\n\t\t\t\t<\/div>\n\t\t\t\t\t<\/div>\n\t\t<\/div>\n\t\t\t\t\t<\/div>\n\t\t<\/section>\n\t\t\t\t<\/div>\n\t\t","protected":false},"excerpt":{"rendered":"<p>La Direcci\u00f3n de la Unidad de Investigaci\u00f3n de la Facultad de Ciencias Empresariales de la Universidad Nacional de Educaci\u00f3n Enrique Guzm\u00e1n y Valle tiene como misi\u00f3n fortalecer la cultura investigativa dentro de la comunidad acad\u00e9mica, promoviendo el desarrollo de investigaciones <a href=\"https:\/\/www.une.edu.pe\/Empresariales\/presentacion\/\" class=\"read-more\">Leer m\u00e1s&#8230;<\/a><\/p>\n","protected":false},"author":3,"featured_media":4419,"parent":0,"menu_order":0,"comment_status":"closed","ping_status":"closed","template":"","meta":{"footnotes":""},"class_list":["post-9671","page","type-page","status-publish","has-post-thumbnail","hentry"],"_links":{"self":[{"href":"https:\/\/www.une.edu.pe\/Empresariales\/wp-json\/wp\/v2\/pages\/9671","targetHints":{"allow":["GET"]}}],"collection":[{"href":"https:\/\/www.une.edu.pe\/Empresariales\/wp-json\/wp\/v2\/pages"}],"about":[{"href":"https:\/\/www.une.edu.pe\/Empresariales\/wp-json\/wp\/v2\/types\/page"}],"author":[{"embeddable":true,"href":"https:\/\/www.une.edu.pe\/Empresariales\/wp-json\/wp\/v2\/users\/3"}],"replies":[{"embeddable":true,"href":"https:\/\/www.une.edu.pe\/Empresariales\/wp-json\/wp\/v2\/comments?post=9671"}],"version-history":[{"count":16,"href":"https:\/\/www.une.edu.pe\/Empresariales\/wp-json\/wp\/v2\/pages\/9671\/revisions"}],"predecessor-version":[{"id":9772,"href":"https:\/\/www.une.edu.pe\/Empresariales\/wp-json\/wp\/v2\/pages\/9671\/revisions\/9772"}],"wp:featuredmedia":[{"embeddable":true,"href":"https:\/\/www.une.edu.pe\/Empresariales\/wp-json\/wp\/v2\/media\/4419"}],"wp:attachment":[{"href":"https:\/\/www.une.edu.pe\/Empresariales\/wp-json\/wp\/v2\/media?parent=9671"}],"curies":[{"name":"wp","href":"https:\/\/api.w.org\/{rel}","templated":true}]}}