{"id":5075,"date":"2021-06-22T00:53:31","date_gmt":"2021-06-21T22:53:31","guid":{"rendered":"http:\/\/www.une.edu.pe\/Ciencias\/?page_id=5075"},"modified":"2021-07-10T06:12:56","modified_gmt":"2021-07-10T04:12:56","slug":"directorio-de-autoridades-2","status":"publish","type":"page","link":"https:\/\/www.une.edu.pe\/Ciencias\/directorio-de-autoridades-2\/","title":{"rendered":"DIRECTORIO DE AUTORIDADES"},"content":{"rendered":"\n<figure class=\"wp-block-table is-style-stripes\"><table class=\"\"><tbody><tr><td><strong>CARGO <\/strong><\/td><td><strong>APELLIDOS Y NOMBRES <\/strong><\/td><td class=\"has-text-align-center\" data-align=\"center\"><strong>CORREO <\/strong><\/td><td><strong>CELULAR <\/strong><\/td><\/tr><tr><td>DECANO <\/td><td>DR. HUAMANI ESCOBAR WILLIAM ALBERTO <\/td><td class=\"has-text-align-center\" data-align=\"center\"> whuamani@une.edu.pe  <br> ciencias@une.edu.pe     <\/td><td> 987781450 <\/td><\/tr><tr><td>DIRECTORA (e) DE LA ESCUELA PROFESIONAL DE CIENCIAS NATURALES <\/td><td>MG. MORENO CARRERA ESPERANZA ANDREA <\/td><td class=\"has-text-align-center\" data-align=\"center\">emoreno@une.edu.pe ciencias.ep.naturales@une.edu.pe  <\/td><td> 991739655 <\/td><\/tr><tr><td>DIRECTOR DE LA ESCUELA PROFESIONAL DE MATEM\u00c1TICA E INFORM\u00c1TICA <\/td><td>DR. FERNANDEZ SAUCEDO NARCISO <\/td><td class=\"has-text-align-center\" data-align=\"center\">nfernandez@une.edu.pe ciencias.ep.informatica@une.edu.pe <\/td><td> 946890673 <\/td><\/tr><tr><td>DIRECTOR DEL DEPARTAMENTO ACAD\u00c9MICO DE BIOLOG\u00cdA <\/td><td> DR. ROGER WILFREDO ASENCIOS ESPEJO <\/td><td class=\"has-text-align-center\" data-align=\"center\"> ciencias.da.biologia@une.edu.pe<\/td><td>  996276430 <\/td><\/tr><tr><td>DIRECTOR DEL DEPARTAMENTO ACAD\u00c9MICO DE QU\u00cdMICA <\/td><td>DR. GONZALES FLORES AURELIO <\/td><td class=\"has-text-align-center\" data-align=\"center\">agonzales@une.edu.pe<br> ciencias.da.quimica@une.edu.pe<\/td><td> 995745099 <\/td><\/tr><tr><td>DIRECTOR DEL DEPARTAMENTO ACAD\u00c9MICO DE F\u00cdSICA <\/td><td>DR. VILLAR VALENZUELA DARIO LEONCIO <\/td><td class=\"has-text-align-center\" data-align=\"center\">dvillar@une.edu.pe<br> ciencias.da.fisica@une.edu.pe<\/td><td> 985866535 <\/td><\/tr><tr><td>DIRECTOR DEL DEPARTAMENTO ACAD\u00c9MICO DE MATEM\u00c1TICA E INFORM\u00c1TICA <\/td><td>DR. CABALLERO CIFUENTES LOLO JOS\u00c9 <\/td><td class=\"has-text-align-center\" data-align=\"center\">lcaballero@une.edu.pe<br> ciencias.da.informatica@une.edu.pe<\/td><td> 965715827 <\/td><\/tr><tr><td>DIRECTOR DE LA UNIDAD DE POSGRADO &#8211; FAC <\/td><td>DR. QUIVIO CUNO RICHARD SANTIAGO <\/td><td class=\"has-text-align-center\" data-align=\"center\">rquivio@une.edu.pe<br><\/td><td> 991357195 <\/td><\/tr><tr><td>COORDINADOR DE CALIDAD ACAD\u00c9MICA Y ACREDITACI\u00d3N <\/td><td> MG. RUEDA MILACHAY LUIS JULIO <\/td><td class=\"has-text-align-center\" data-align=\"center\">  lrueda@une.pe <\/td><td> 914184254 <\/td><\/tr><tr><td>COORDINADOR DE LOS LABORATORIOS DEL PROGRAMA DE ESTUDIOS DE EDUCACI\u00d3N CON ESPECIALIDAD DE MATEM\u00c1TICA <\/td><td>DR. QUISPEALAYA ALIAGA CARLOS <\/td><td class=\"has-text-align-center\" data-align=\"center\">cquispealaya@une.edu.pe<\/td><td> 949270791 <\/td><\/tr><tr><td>COORDINADOR DE LOS LABORATORIOS DEL PROGRAMA DE ESTUDIOS DE EDUCACI\u00d3N CON ESPECIALIDAD DE INFORM\u00c1TICA <\/td><td>DR. VICENTE DE TOMAS CARLOS JAVIER <\/td><td class=\"has-text-align-center\" data-align=\"center\">cvicente@une.edu.pe<\/td><td>  999918128  <\/td><\/tr><tr><td>COORDINADOR DE LOS LABORATORIOS DEL PROGRAMA DE ESTUDIOS DE EDUCACI\u00d3N CON ESPECIALIDAD DE MATEM\u00c1TICA E INFORM\u00c1TICA <\/td><td> DR. VICENTE DE TOMAS CARLOS JAVIER  <\/td><td class=\"has-text-align-center\" data-align=\"center\">cvicente@une.edu.pe<\/td><td>  999918128 <\/td><\/tr><tr><td>COORDINADOR DE LOS LABORATORIOS DEL PROGRAMA DE ESTUDIOS DE EDUCACI\u00d3N CON ESPECIALIDAD DE QU\u00cdMICA &#8211; CIENCIAS NATURALES <\/td><td> DR. OSORIO DE LA CRUZ ISIDRO MART\u00cdN  <\/td><td class=\"has-text-align-center\" data-align=\"center\">iosorio@une.edu.pe<\/td><td>  997717899 <\/td><\/tr><tr><td>COORDINADOR DE LOS LABORATORIOS DEL PROGRAMA DE ESTUDIOS DE EDUCACI\u00d3N CON ESPECIALIDAD DE QU\u00cdMICA, F\u00cdSICA Y BIOLOG\u00cdA <\/td><td>DR. OSORIO DE LA CRUZ ISIDRO MART\u00cdN   <\/td><td class=\"has-text-align-center\" data-align=\"center\">iosorio@une.edu.pe<\/td><td>  997717899  <\/td><\/tr><tr><td>COORDINADOR DE LOS LABORATORIOS DEL PROGRAMA DE ESTUDIOS DE EDUCACI\u00d3N CON ESPECIALIDAD DE F\u00cdSICA &#8211; MATEM\u00c1TICA <\/td><td> DR. GOMEZ FERRER GILMER HOMERO   <\/td><td class=\"has-text-align-center\" data-align=\"center\">ggomezf@une.edu.pe<\/td><td> 990008183 <\/td><\/tr><tr><td>COORDINADOR DE LOS LABORATORIOS DEL PROGRAMA DE ESTUDIOS DE EDUCACI\u00d3N CON ESPECIALIDAD DE BIOLOG\u00cdA \u2013 CIENCIAS NATURALES <\/td><td> DR. DIONISIO CIEZA WILFREDO  <\/td><td class=\"has-text-align-center\" data-align=\"center\">wdionisio@une.edu.pe<\/td><td> 950428483 <\/td><\/tr><tr><td>COORDINADOR DE LOS LABORATORIOS DEL PROGRAMA DE ESTUDIOS DE EDUCACI\u00d3N CON ESPECIALIDAD DE BIOLOG\u00cdA &#8211; INFORM\u00c1TICA <\/td><td> DR. DIONISIO CIEZA WILFREDO   <\/td><td class=\"has-text-align-center\" data-align=\"center\">wdionisio@une.edu.pe<\/td><td> 950428483 <\/td><\/tr><tr><td>COORDINADOR DEL PROGRAMA DE SEGUNDA ESPECIALIDAD <\/td><td>DR. TORRES ANAYA LEONIDAS <\/td><td class=\"has-text-align-center\" data-align=\"center\">ltorres@une.edu.pe<br> ciencias.pse@une.edu.pe <\/td><td> 950002115 <\/td><\/tr><tr><td>DIRECTOR DE LA UNIDAD DE INVESTIGACI\u00d3N <\/td><td> DR. FOY VALENCIA ENZIO CAROL <\/td><td class=\"has-text-align-center\" data-align=\"center\"> efoy@une.edu.pe<br>ciencias.investigacion@une.edu.pe <\/td><td>  996965236 <\/td><\/tr><tr><td>COORDINADORA DE LAS PR\u00c1CTICAS PRE PROFESIONALES <\/td><td>DRA. VARGAS TUMAYA JADY LUZ <\/td><td class=\"has-text-align-center\" data-align=\"center\"> jvargas@une.edu.pe <\/td><td> 991895257 <\/td><\/tr><tr><td>COORDINADOR DE TUTOR\u00cdA Y CONSEJER\u00cdA <\/td><td>DR. HUAMAN HURTADO JUAN CARLOS <\/td><td class=\"has-text-align-center\" data-align=\"center\"> jchuaman@une.edu.pe <\/td><td> 995883960 <\/td><\/tr><tr><td>COORDINADOR DE EXTENSI\u00d3N CULTURAL Y PROYECCI\u00d3N SOCIAL <\/td><td>DRA. GUTIERREZ GUADALUPE SANDRA <\/td><td class=\"has-text-align-center\" data-align=\"center\">sgutierrezg@une.edu.pe<\/td><td> 932569049 <\/td><\/tr><tr><td>COORDINADOR DE FORMACI\u00d3N CONTINUA <\/td><td>DR. MORALES ROMERO GUILLERMO PASTOR <\/td><td class=\"has-text-align-center\" data-align=\"center\">gmorales@une.edu.pe<\/td><td> 939319870 <\/td><\/tr><tr><td>COORDINADOR DE COOPERACI\u00d3N NACIONAL E INTERNACIONAL <\/td><td>MG. TRINIDAD LOLI NICEFORO LADISLAO  <\/td><td class=\"has-text-align-center\" data-align=\"center\">ntrinidad@une.edu.pe<\/td><td> 943123241 <\/td><\/tr><tr><td>COORDINADOR DEL CENTRO DE PRODUCCI\u00d3N DE BIENES Y SERVICIOS <\/td><td>DR. GOMEZ FERRER GILMER HOMERO  <\/td><td class=\"has-text-align-center\" data-align=\"center\">ggomezf@une.edu.pe<\/td><td> 990008183 <\/td><\/tr><\/tbody><\/table><\/figure>\n\n\n\n<p class=\"has-medium-font-size\"><strong>Directorio de Personal Administrativo<\/strong><\/p>\n\n\n\n<figure class=\"wp-block-table is-style-stripes\"><table class=\"\"><tbody><tr><td><strong>CARGO<\/strong><\/td><td><strong>APELLIDOS Y NOMBRES<\/strong><\/td><td class=\"has-text-align-center\" data-align=\"center\"><strong>CELULAR<\/strong><\/td><td class=\"has-text-align-center\" data-align=\"center\"><strong>CORREO<\/strong><\/td><\/tr><tr><td> SECRETARIA ACAD\u00c9MICA <\/td><td> TORRES PORRAS ZARELA MIRTHA <\/td><td class=\"has-text-align-center\" data-align=\"center\"><\/td><td class=\"has-text-align-center\" data-align=\"center\">ztorres@une.edu.pe ciencias.sec.acad@une.edu.pe <\/td><\/tr><tr><td> ASISTENTE  ADMINISTRATIVO (SECRETARIA DEL DECANO) <\/td><td> R\u00cdOS AGUILAR HILDA ROSA <\/td><td class=\"has-text-align-center\" data-align=\"center\"> 990214004 <\/td><td class=\"has-text-align-center\" data-align=\"center\">hrios@une.edu.pe ciencias@une.edu.pe <\/td><\/tr><tr><td> SECRETARIA DE LA SECRETARIA ACAD\u00c9MICA <\/td><td> VILLANUEVA VARILLAS TEOFILA <\/td><td class=\"has-text-align-center\" data-align=\"center\"> 983470715  <\/td><td class=\"has-text-align-center\" data-align=\"center\"> tvillanueva@une.edu.pe <\/td><\/tr><tr><td> APOYO A LA SECRETARIA  ACAD\u00c9MCA <\/td><td> CABRERA AVENDA\u00d1O JUAN <\/td><td class=\"has-text-align-center\" data-align=\"center\"> 993634954  <\/td><td class=\"has-text-align-center\" data-align=\"center\">jcabrera@une.edu.pe <\/td><\/tr><tr><td> ASISTENTE ACAD\u00c9MICO  DE LA FAC  <\/td><td> MU\u00d1OZ SOTO C\u00c9SAR <\/td><td class=\"has-text-align-center\" data-align=\"center\"> 961817245  <\/td><td class=\"has-text-align-center\" data-align=\"center\"> cmunoz@une.edu.pe <\/td><\/tr><tr><td> SECRETARIA DE LA  ESCUELA PROFESIONAL  DE CIENCIAS NATURALES <\/td><td> MALDONADO GUERREROS JUDITH LUCIA <\/td><td class=\"has-text-align-center\" data-align=\"center\"> 997188535 <\/td><td class=\"has-text-align-center\" data-align=\"center\"> maldonado@une.edu.pe ciencias.ep.naturales@une.edu.pe <\/td><\/tr><tr><td> SECRETARIA DE LA DE  LA ESCUELA  PROFESIONAL DE  MATEM\u00c1TICA E  INFORM\u00c1TICA <\/td><td> MALDONADO GUERREROS JUDITH LUCIA <\/td><td class=\"has-text-align-center\" data-align=\"center\"> 997188535 <\/td><td class=\"has-text-align-center\" data-align=\"center\"> maldonado@une.edu.pe  ciencias.ep.informatica@une.edu.pe <\/td><\/tr><tr><td> SECRETARIA DEL  DEPARTAMENTO  ACAD\u00c9MICO DE  F\u00cdSICA <\/td><td> GUEVARA GARC\u00cdA MAR\u00cdA  ELIZABETH <\/td><td class=\"has-text-align-center\" data-align=\"center\"> 969764150 <\/td><td class=\"has-text-align-center\" data-align=\"center\">eguevara@une.edu.pe ciencias.da.fisica@une.edu.pe <\/td><\/tr><tr><td> SECRETARIA DEL  DEPARTAMENTO  ACAD\u00c9MICO DE  BIOLOG\u00cdA <\/td><td> GUEVARA GARC\u00cdA MAR\u00cdA  ELIZABETH <\/td><td class=\"has-text-align-center\" data-align=\"center\"> 969764150 <\/td><td class=\"has-text-align-center\" data-align=\"center\">eguevara@une.edu.pe ciencias.da.biologia@une.edu.pe <\/td><\/tr><tr><td> SECRETARIA DEL  DEPARTAMENTO  ACAD\u00c9MICO DE  QU\u00cdMICA <\/td><td> GUEVARA GARC\u00cdA MAR\u00cdA  ELIZABETH <\/td><td class=\"has-text-align-center\" data-align=\"center\"> 969764150 <\/td><td class=\"has-text-align-center\" data-align=\"center\">eguevara@une.edu.pe  ciencias.da.quimica@une.edu.pe <\/td><\/tr><tr><td> SECRETARIA DEL  DEPARTAMENTO  ACAD\u00c9MICO DE MATEM\u00c1TICA E  INFORM\u00c1TICA <\/td><td> MARTINEZ CACERES CARMEN BEATRIZ <\/td><td class=\"has-text-align-center\" data-align=\"center\"> 933262013 <\/td><td class=\"has-text-align-center\" data-align=\"center\"> cmartinezc@une.edu.pe ciencias.da.informatica@une.edu.pe <\/td><\/tr><tr><td> APOYO A LA UNIDAD DE  INVESTIGACI\u00d3N <\/td><td> SULCA UCHARIMA LADY JEANET <\/td><td class=\"has-text-align-center\" data-align=\"center\"> 930239322 <\/td><td class=\"has-text-align-center\" data-align=\"center\"> lsulca@une.edu.pe ciencias.investigacion@une.edu.pe <\/td><\/tr><tr><td> T\u00c9CNICO  ADMINISTRATIVO MESA DE PARTES- FAC <\/td><td> HUAM\u00c1N MALCA MARCO ANTONIO <\/td><td class=\"has-text-align-center\" data-align=\"center\"> 995772103 <\/td><td class=\"has-text-align-center\" data-align=\"center\"> mhuaman@une.edu.pe ciencias.mesadepartes@une.edu.pe <\/td><\/tr><tr><td> ASISTENTE DE  LABORATORIO DE  BIOLOG\u00cdA <\/td><td> GUIZADO INFANTE GLICERIA <\/td><td class=\"has-text-align-center\" data-align=\"center\"> 989461076 <\/td><td class=\"has-text-align-center\" data-align=\"center\">gguizadoi@une.edu.pe <\/td><\/tr><tr><td>  ASISTENTE DE  LABORATORIO DE  BIOLOG\u00cdA  <\/td><td> QUISPE MELGAR ROBERTO EGBERTO <\/td><td class=\"has-text-align-center\" data-align=\"center\"> 916695031  <\/td><td class=\"has-text-align-center\" data-align=\"center\"> rquispem@une.edu.pe <\/td><\/tr><tr><td> ASISTENTE DE  LABORATORIO DE F\u00cdSICA <\/td><td> MENDOZA RODRIGUEZ MARIA  ISABEL <\/td><td class=\"has-text-align-center\" data-align=\"center\"> 995365501 <\/td><td class=\"has-text-align-center\" data-align=\"center\"> mmedoza@une.edu.pe <\/td><\/tr><tr><td> ASISTENTE DE  LABORATORIO DE  QU\u00cdMICA <\/td><td> GUTIERREZ LOARTE EFRAIN  WALTER <\/td><td class=\"has-text-align-center\" data-align=\"center\"> 986371330  <\/td><td class=\"has-text-align-center\" data-align=\"center\"> egutierrezl@une.edu.pe <\/td><\/tr><tr><td>  ASISTENTE DE  LABORATORIO DE  QU\u00cdMICA  <\/td><td> PERALTA PALOMINO JESSICA  YOVANNA <\/td><td class=\"has-text-align-center\" data-align=\"center\"> 992723171 <\/td><td class=\"has-text-align-center\" data-align=\"center\"> jperaltap@une.edu.pe <\/td><\/tr><tr><td> T\u00c9CNICO DEL  LABORATORIO DE  INFORM\u00c1TICA <\/td><td> GUTIERREZ CASTILLO GUSTAVO <\/td><td class=\"has-text-align-center\" data-align=\"center\"> 969764199 <\/td><td class=\"has-text-align-center\" data-align=\"center\"> ggutierrezc@une.edu.pe <\/td><\/tr><tr><td> T\u00c9CNICO DE  AUDIVISUALES <\/td><td> BENITO BARRETO WALTHER <\/td><td class=\"has-text-align-center\" data-align=\"center\"> 986393718  <\/td><td class=\"has-text-align-center\" data-align=\"center\"> wbenito@une.edu.pe <\/td><\/tr><tr><td> PROGRAMA DE  SEGUNDA ESPECIALIDAD <\/td><td> MALDONADO GUERREROS  JUDITH LUCIA <\/td><td class=\"has-text-align-center\" data-align=\"center\"> 997188535  <\/td><td class=\"has-text-align-center\" data-align=\"center\"> ciencias.pse.@une.edu.pe<\/td><\/tr><\/tbody><\/table><\/figure>\n","protected":false},"excerpt":{"rendered":"<p>CARGO APELLIDOS Y NOMBRES CORREO CELULAR DECANO DR. HUAMANI ESCOBAR WILLIAM ALBERTO whuamani@une.edu.pe ciencias@une.edu.pe 987781450 DIRECTORA (e) DE LA ESCUELA PROFESIONAL DE CIENCIAS NATURALES MG. MORENO CARRERA ESPERANZA ANDREA emoreno@une.edu.pe ciencias.ep.naturales@une.edu.pe 991739655 DIRECTOR DE LA ESCUELA PROFESIONAL DE MATEM\u00c1TICA E <a href=\"https:\/\/www.une.edu.pe\/Ciencias\/directorio-de-autoridades-2\/\" class=\"read-more\">Leer m\u00e1s&#8230;<\/a><\/p>\n","protected":false},"author":3,"featured_media":0,"parent":0,"menu_order":0,"comment_status":"closed","ping_status":"closed","template":"","meta":[],"_links":{"self":[{"href":"https:\/\/www.une.edu.pe\/Ciencias\/wp-json\/wp\/v2\/pages\/5075"}],"collection":[{"href":"https:\/\/www.une.edu.pe\/Ciencias\/wp-json\/wp\/v2\/pages"}],"about":[{"href":"https:\/\/www.une.edu.pe\/Ciencias\/wp-json\/wp\/v2\/types\/page"}],"author":[{"embeddable":true,"href":"https:\/\/www.une.edu.pe\/Ciencias\/wp-json\/wp\/v2\/users\/3"}],"replies":[{"embeddable":true,"href":"https:\/\/www.une.edu.pe\/Ciencias\/wp-json\/wp\/v2\/comments?post=5075"}],"version-history":[{"count":30,"href":"https:\/\/www.une.edu.pe\/Ciencias\/wp-json\/wp\/v2\/pages\/5075\/revisions"}],"predecessor-version":[{"id":5215,"href":"https:\/\/www.une.edu.pe\/Ciencias\/wp-json\/wp\/v2\/pages\/5075\/revisions\/5215"}],"wp:attachment":[{"href":"https:\/\/www.une.edu.pe\/Ciencias\/wp-json\/wp\/v2\/media?parent=5075"}],"curies":[{"name":"wp","href":"https:\/\/api.w.org\/{rel}","templated":true}]}}