{"id":4818,"date":"2021-06-20T08:36:31","date_gmt":"2021-06-20T06:36:31","guid":{"rendered":"http:\/\/www.une.edu.pe\/Ciencias\/?page_id=4818"},"modified":"2021-06-20T08:49:22","modified_gmt":"2021-06-20T06:49:22","slug":"departamento-academico-de-fisica","status":"publish","type":"page","link":"https:\/\/www.une.edu.pe\/Ciencias\/departamento-academico-de-fisica\/","title":{"rendered":"Departamento Acad\u00e9mico de F\u00edsica"},"content":{"rendered":"\t\t<div data-elementor-type=\"wp-post\" data-elementor-id=\"4818\" class=\"elementor elementor-4818\">\n\t\t\t\t\t\t<section class=\"elementor-section elementor-top-section elementor-element elementor-element-a2825a6 elementor-section-boxed elementor-section-height-default elementor-section-height-default\" data-id=\"a2825a6\" data-element_type=\"section\" data-e-type=\"section\">\n\t\t\t\t\t\t<div class=\"elementor-container elementor-column-gap-default\">\n\t\t\t\t\t<div class=\"elementor-column elementor-col-100 elementor-top-column elementor-element elementor-element-e663c40\" data-id=\"e663c40\" data-element_type=\"column\" data-e-type=\"column\">\n\t\t\t<div class=\"elementor-widget-wrap elementor-element-populated\">\n\t\t\t\t\t\t<div class=\"elementor-element elementor-element-cb30211 elementor-widget elementor-widget-text-editor\" data-id=\"cb30211\" data-element_type=\"widget\" data-e-type=\"widget\" data-widget_type=\"text-editor.default\">\n\t\t\t\t<div class=\"elementor-widget-container\">\n\t\t\t\t\t\t\t\t\t<p>El Departamento Acad\u00e9mico de F\u00edsica que gestiona la carrera de F\u00edsica &#8211; Matem\u00e1tica, persigue formar profesionales de la docencia, capaces de desempe\u00f1arse eficientemente en la ense\u00f1anza de la F\u00edsica en las diferentes Instituciones Educativas Publicas y Privadas del Nivel B\u00e1sico Regular, Nivel Superior y Universitario.<\/p>\t\t\t\t\t\t\t\t<\/div>\n\t\t\t\t<\/div>\n\t\t\t\t\t<\/div>\n\t\t<\/div>\n\t\t\t\t\t<\/div>\n\t\t<\/section>\n\t\t\t\t<section class=\"elementor-section elementor-top-section elementor-element elementor-element-d0a3969 elementor-section-boxed elementor-section-height-default elementor-section-height-default\" data-id=\"d0a3969\" data-element_type=\"section\" data-e-type=\"section\">\n\t\t\t\t\t\t<div class=\"elementor-container elementor-column-gap-default\">\n\t\t\t\t\t<div class=\"elementor-column elementor-col-50 elementor-top-column elementor-element elementor-element-8768b12\" data-id=\"8768b12\" data-element_type=\"column\" data-e-type=\"column\">\n\t\t\t<div class=\"elementor-widget-wrap elementor-element-populated\">\n\t\t\t\t\t\t<div class=\"elementor-element elementor-element-98db76a elementor-widget elementor-widget-text-editor\" data-id=\"98db76a\" data-element_type=\"widget\" data-e-type=\"widget\" data-widget_type=\"text-editor.default\">\n\t\t\t\t<div class=\"elementor-widget-container\">\n\t\t\t\t\t\t\t\t\t<p>MISI\u00d3N<\/p><p>Ser un Departamento l\u00edder de la Facultad de Ciencias, con un elevado nivel human\u00edstico, cient\u00edfico y tecnol\u00f3gico; con un modelo de organizaci\u00f3n, infraestructura y equipamiento que cumpla los est\u00e1ndares m\u00ednimos de aceptaci\u00f3n a fin de lograr la acreditaci\u00f3n a nivel local, regional y nacional.<\/p>\t\t\t\t\t\t\t\t<\/div>\n\t\t\t\t<\/div>\n\t\t\t\t\t<\/div>\n\t\t<\/div>\n\t\t\t\t<div class=\"elementor-column elementor-col-50 elementor-top-column elementor-element elementor-element-1cd6006\" data-id=\"1cd6006\" data-element_type=\"column\" data-e-type=\"column\">\n\t\t\t<div class=\"elementor-widget-wrap elementor-element-populated\">\n\t\t\t\t\t\t<div class=\"elementor-element elementor-element-bc1a8fe elementor-widget elementor-widget-text-editor\" data-id=\"bc1a8fe\" data-element_type=\"widget\" data-e-type=\"widget\" data-widget_type=\"text-editor.default\">\n\t\t\t\t<div class=\"elementor-widget-container\">\n\t\t\t\t\t\t\t\t\t<p>VISI\u00d3N<\/p><p>Formar profesionales en Educaci\u00f3n en los campos de la F\u00edsica te\u00f3rica y aplicada, con un elevado nivel cient\u00edfico, human\u00edstico y tecnol\u00f3gico con profundo conocimiento de estrategias metodol\u00f3gicas, acorde a los grandes cambios del mundo actual. de manera que sea un l\u00edder competitivo e innovador; con valores \u00e9ticos y morales para que contribuyan al desarrollo sostenible del pa\u00eds.<\/p>\t\t\t\t\t\t\t\t<\/div>\n\t\t\t\t<\/div>\n\t\t\t\t\t<\/div>\n\t\t<\/div>\n\t\t\t\t\t<\/div>\n\t\t<\/section>\n\t\t\t\t<section class=\"elementor-section elementor-top-section elementor-element elementor-element-40d0ebd elementor-section-boxed elementor-section-height-default elementor-section-height-default\" data-id=\"40d0ebd\" data-element_type=\"section\" data-e-type=\"section\">\n\t\t\t\t\t\t<div class=\"elementor-container elementor-column-gap-default\">\n\t\t\t\t\t<div class=\"elementor-column elementor-col-100 elementor-top-column elementor-element elementor-element-1c84a5e\" data-id=\"1c84a5e\" data-element_type=\"column\" data-e-type=\"column\">\n\t\t\t<div class=\"elementor-widget-wrap elementor-element-populated\">\n\t\t\t\t\t\t<div class=\"elementor-element elementor-element-368742d elementor-widget elementor-widget-image\" data-id=\"368742d\" data-element_type=\"widget\" data-e-type=\"widget\" data-widget_type=\"image.default\">\n\t\t\t\t<div class=\"elementor-widget-container\">\n\t\t\t\t\t\t\t\t\t\t\t\t\t\t\t<img fetchpriority=\"high\" decoding=\"async\" width=\"800\" height=\"249\" src=\"https:\/\/www.une.edu.pe\/Ciencias\/wp-content\/uploads\/2021\/06\/public_fisica-large.jpg\" class=\"attachment-large size-large wp-image-4822\" alt=\"\" srcset=\"https:\/\/www.une.edu.pe\/Ciencias\/wp-content\/uploads\/2021\/06\/public_fisica-large.jpg 800w, https:\/\/www.une.edu.pe\/Ciencias\/wp-content\/uploads\/2021\/06\/public_fisica-large-300x93.jpg 300w, https:\/\/www.une.edu.pe\/Ciencias\/wp-content\/uploads\/2021\/06\/public_fisica-large-768x239.jpg 768w, https:\/\/www.une.edu.pe\/Ciencias\/wp-content\/uploads\/2021\/06\/public_fisica-large-360x112.jpg 360w\" sizes=\"(max-width: 800px) 100vw, 800px\" \/>\t\t\t\t\t\t\t\t\t\t\t\t\t\t\t<\/div>\n\t\t\t\t<\/div>\n\t\t\t\t\t<\/div>\n\t\t<\/div>\n\t\t\t\t\t<\/div>\n\t\t<\/section>\n\t\t\t\t<section class=\"elementor-section elementor-top-section elementor-element elementor-element-709d7e9 elementor-section-boxed elementor-section-height-default elementor-section-height-default\" data-id=\"709d7e9\" data-element_type=\"section\" data-e-type=\"section\">\n\t\t\t\t\t\t<div class=\"elementor-container elementor-column-gap-default\">\n\t\t\t\t\t<div class=\"elementor-column elementor-col-100 elementor-top-column elementor-element elementor-element-5c35ed5\" data-id=\"5c35ed5\" data-element_type=\"column\" data-e-type=\"column\">\n\t\t\t<div class=\"elementor-widget-wrap elementor-element-populated\">\n\t\t\t\t\t\t<div class=\"elementor-element elementor-element-fe8d63a elementor-widget elementor-widget-image-gallery\" data-id=\"fe8d63a\" data-element_type=\"widget\" data-e-type=\"widget\" data-widget_type=\"image-gallery.default\">\n\t\t\t\t<div class=\"elementor-widget-container\">\n\t\t\t\t\t\t\t<div class=\"elementor-image-gallery\">\n\t\t\t<div id='gallery-1' class='gallery galleryid-4818 gallery-columns-4 gallery-size-thumbnail'><figure class='gallery-item'>\n\t\t\t<div class='gallery-icon landscape'>\n\t\t\t\t<a data-elementor-open-lightbox=\"yes\" data-elementor-lightbox-slideshow=\"fe8d63a\" data-elementor-lightbox-title=\"IV ENCUENTRO DE DOCENTES DE FISICA Y QUIMICA-3-large\" data-e-action-hash=\"#elementor-action%3Aaction%3Dlightbox%26settings%3DeyJpZCI6NDgyOCwidXJsIjoiaHR0cHM6XC9cL3d3dy51bmUuZWR1LnBlXC9DaWVuY2lhc1wvd3AtY29udGVudFwvdXBsb2Fkc1wvMjAyMVwvMDZcL0lWLUVOQ1VFTlRSTy1ERS1ET0NFTlRFUy1ERS1GSVNJQ0EtWS1RVUlNSUNBLTMtbGFyZ2UuanBnIiwic2xpZGVzaG93IjoiZmU4ZDYzYSJ9\" href='https:\/\/www.une.edu.pe\/Ciencias\/wp-content\/uploads\/2021\/06\/IV-ENCUENTRO-DE-DOCENTES-DE-FISICA-Y-QUIMICA-3-large.jpg'><img decoding=\"async\" width=\"150\" height=\"150\" src=\"https:\/\/www.une.edu.pe\/Ciencias\/wp-content\/uploads\/2021\/06\/IV-ENCUENTRO-DE-DOCENTES-DE-FISICA-Y-QUIMICA-3-large-150x150.jpg\" class=\"attachment-thumbnail size-thumbnail\" alt=\"\" \/><\/a>\n\t\t\t<\/div><\/figure><figure class='gallery-item'>\n\t\t\t<div class='gallery-icon landscape'>\n\t\t\t\t<a data-elementor-open-lightbox=\"yes\" data-elementor-lightbox-slideshow=\"fe8d63a\" data-elementor-lightbox-title=\"BIENVENIDA A INGRESANTES 2018-2-large\" data-e-action-hash=\"#elementor-action%3Aaction%3Dlightbox%26settings%3DeyJpZCI6NDgyMywidXJsIjoiaHR0cHM6XC9cL3d3dy51bmUuZWR1LnBlXC9DaWVuY2lhc1wvd3AtY29udGVudFwvdXBsb2Fkc1wvMjAyMVwvMDZcL0JJRU5WRU5JREEtQS1JTkdSRVNBTlRFUy0yMDE4LTItbGFyZ2UuanBnIiwic2xpZGVzaG93IjoiZmU4ZDYzYSJ9\" href='https:\/\/www.une.edu.pe\/Ciencias\/wp-content\/uploads\/2021\/06\/BIENVENIDA-A-INGRESANTES-2018-2-large.jpg'><img decoding=\"async\" width=\"150\" height=\"150\" src=\"https:\/\/www.une.edu.pe\/Ciencias\/wp-content\/uploads\/2021\/06\/BIENVENIDA-A-INGRESANTES-2018-2-large-150x150.jpg\" class=\"attachment-thumbnail size-thumbnail\" alt=\"\" \/><\/a>\n\t\t\t<\/div><\/figure><figure class='gallery-item'>\n\t\t\t<div class='gallery-icon landscape'>\n\t\t\t\t<a data-elementor-open-lightbox=\"yes\" data-elementor-lightbox-slideshow=\"fe8d63a\" data-elementor-lightbox-title=\"CURSO DE ASTRONOMIA-2018 - 1-large\" data-e-action-hash=\"#elementor-action%3Aaction%3Dlightbox%26settings%3DeyJpZCI6NDgyNCwidXJsIjoiaHR0cHM6XC9cL3d3dy51bmUuZWR1LnBlXC9DaWVuY2lhc1wvd3AtY29udGVudFwvdXBsb2Fkc1wvMjAyMVwvMDZcL0NVUlNPLURFLUFTVFJPTk9NSUEtMjAxOC0xLWxhcmdlLmpwZyIsInNsaWRlc2hvdyI6ImZlOGQ2M2EifQ%3D%3D\" href='https:\/\/www.une.edu.pe\/Ciencias\/wp-content\/uploads\/2021\/06\/CURSO-DE-ASTRONOMIA-2018-1-large.jpg'><img loading=\"lazy\" decoding=\"async\" width=\"150\" height=\"150\" src=\"https:\/\/www.une.edu.pe\/Ciencias\/wp-content\/uploads\/2021\/06\/CURSO-DE-ASTRONOMIA-2018-1-large-150x150.jpg\" class=\"attachment-thumbnail size-thumbnail\" alt=\"\" \/><\/a>\n\t\t\t<\/div><\/figure><figure class='gallery-item'>\n\t\t\t<div class='gallery-icon landscape'>\n\t\t\t\t<a data-elementor-open-lightbox=\"yes\" data-elementor-lightbox-slideshow=\"fe8d63a\" data-elementor-lightbox-title=\"CURSO DE ASTRONOMIA-2018 - 2-large\" data-e-action-hash=\"#elementor-action%3Aaction%3Dlightbox%26settings%3DeyJpZCI6NDgyNiwidXJsIjoiaHR0cHM6XC9cL3d3dy51bmUuZWR1LnBlXC9DaWVuY2lhc1wvd3AtY29udGVudFwvdXBsb2Fkc1wvMjAyMVwvMDZcL0NVUlNPLURFLUFTVFJPTk9NSUEtMjAxOC0yLWxhcmdlLmpwZyIsInNsaWRlc2hvdyI6ImZlOGQ2M2EifQ%3D%3D\" href='https:\/\/www.une.edu.pe\/Ciencias\/wp-content\/uploads\/2021\/06\/CURSO-DE-ASTRONOMIA-2018-2-large.jpg'><img loading=\"lazy\" decoding=\"async\" width=\"150\" height=\"150\" src=\"https:\/\/www.une.edu.pe\/Ciencias\/wp-content\/uploads\/2021\/06\/CURSO-DE-ASTRONOMIA-2018-2-large-150x150.jpg\" class=\"attachment-thumbnail size-thumbnail\" alt=\"\" \/><\/a>\n\t\t\t<\/div><\/figure>\n\t\t<\/div>\n\t\t<\/div>\n\t\t\t\t\t\t<\/div>\n\t\t\t\t<\/div>\n\t\t\t\t\t<\/div>\n\t\t<\/div>\n\t\t\t\t\t<\/div>\n\t\t<\/section>\n\t\t\t\t<\/div>\n\t\t","protected":false},"excerpt":{"rendered":"<p>El Departamento Acad\u00e9mico de F\u00edsica que gestiona la carrera de F\u00edsica &#8211; Matem\u00e1tica, persigue formar profesionales de la docencia, capaces de desempe\u00f1arse eficientemente en la ense\u00f1anza de la F\u00edsica en las diferentes Instituciones Educativas Publicas y Privadas del Nivel B\u00e1sico <a href=\"https:\/\/www.une.edu.pe\/Ciencias\/departamento-academico-de-fisica\/\" class=\"read-more\">Leer m\u00e1s&#8230;<\/a><\/p>\n","protected":false},"author":3,"featured_media":0,"parent":0,"menu_order":0,"comment_status":"closed","ping_status":"closed","template":"","meta":{"footnotes":""},"class_list":["post-4818","page","type-page","status-publish","hentry"],"_links":{"self":[{"href":"https:\/\/www.une.edu.pe\/Ciencias\/wp-json\/wp\/v2\/pages\/4818","targetHints":{"allow":["GET"]}}],"collection":[{"href":"https:\/\/www.une.edu.pe\/Ciencias\/wp-json\/wp\/v2\/pages"}],"about":[{"href":"https:\/\/www.une.edu.pe\/Ciencias\/wp-json\/wp\/v2\/types\/page"}],"author":[{"embeddable":true,"href":"https:\/\/www.une.edu.pe\/Ciencias\/wp-json\/wp\/v2\/users\/3"}],"replies":[{"embeddable":true,"href":"https:\/\/www.une.edu.pe\/Ciencias\/wp-json\/wp\/v2\/comments?post=4818"}],"version-history":[{"count":8,"href":"https:\/\/www.une.edu.pe\/Ciencias\/wp-json\/wp\/v2\/pages\/4818\/revisions"}],"predecessor-version":[{"id":4834,"href":"https:\/\/www.une.edu.pe\/Ciencias\/wp-json\/wp\/v2\/pages\/4818\/revisions\/4834"}],"wp:attachment":[{"href":"https:\/\/www.une.edu.pe\/Ciencias\/wp-json\/wp\/v2\/media?parent=4818"}],"curies":[{"name":"wp","href":"https:\/\/api.w.org\/{rel}","templated":true}]}}