{"id":4779,"date":"2021-06-20T07:43:32","date_gmt":"2021-06-20T05:43:32","guid":{"rendered":"http:\/\/www.une.edu.pe\/Ciencias\/?page_id=4779"},"modified":"2021-06-20T08:24:43","modified_gmt":"2021-06-20T06:24:43","slug":"departamento-academico-de-quimica","status":"publish","type":"page","link":"https:\/\/www.une.edu.pe\/Ciencias\/departamento-academico-de-quimica\/","title":{"rendered":"Departamento Acad\u00e9mico de Qu\u00edmica"},"content":{"rendered":"\t\t<div data-elementor-type=\"wp-post\" data-elementor-id=\"4779\" class=\"elementor elementor-4779\">\n\t\t\t\t\t\t<section class=\"elementor-section elementor-top-section elementor-element elementor-element-e05db7e elementor-section-boxed elementor-section-height-default elementor-section-height-default\" data-id=\"e05db7e\" data-element_type=\"section\" data-e-type=\"section\">\n\t\t\t\t\t\t<div class=\"elementor-container elementor-column-gap-default\">\n\t\t\t\t\t<div class=\"elementor-column elementor-col-100 elementor-top-column elementor-element elementor-element-ff92d5d\" data-id=\"ff92d5d\" data-element_type=\"column\" data-e-type=\"column\">\n\t\t\t<div class=\"elementor-widget-wrap elementor-element-populated\">\n\t\t\t\t\t\t<div class=\"elementor-element elementor-element-70ca3ed elementor-widget elementor-widget-text-editor\" data-id=\"70ca3ed\" data-element_type=\"widget\" data-e-type=\"widget\" data-widget_type=\"text-editor.default\">\n\t\t\t\t<div class=\"elementor-widget-container\">\n\t\t\t\t\t\t\t\t\t<p>\u00bfQUIERES ESTUDIAR QU\u00cdMICA EN LA UNIVERSIDAD NACIONAL DE EDUCACI\u00d3N?<\/p><p>Si!. En ti est\u00e1 la decisi\u00f3n en incursionar en esta maravillosa ciencia, de entender con una visi\u00f3n diferente la forma como interacciona la qu\u00edmica con tu vida diaria, como solucionar problemas en la sociedad, de tal modo que ejerzas el poder del conocimiento y disfrutes el m\u00e1gico mundo de la ense\u00f1anza de las ciencias. La calidad de vida que podemos alcanzar est\u00e1 ligada a los adelantos de la qu\u00edmica.<\/p><p>\u00bfPOR QU\u00c9 ES IMPORTANTE LA QU\u00cdMICA EN TU VIDA DIARIA?<\/p><p>Desde la F\u00edsico-Qu\u00edmica permite conocer las propiedades y la calidad de las aguas, los alimentos que consumimos, el aire que respiramos y el suelo que proporciona los nutrientes a nuestros alimentos.<\/p>\t\t\t\t\t\t\t\t<\/div>\n\t\t\t\t<\/div>\n\t\t\t\t\t<\/div>\n\t\t<\/div>\n\t\t\t\t\t<\/div>\n\t\t<\/section>\n\t\t\t\t<section class=\"elementor-section elementor-top-section elementor-element elementor-element-6f51dda elementor-section-boxed elementor-section-height-default elementor-section-height-default\" data-id=\"6f51dda\" data-element_type=\"section\" data-e-type=\"section\">\n\t\t\t\t\t\t<div class=\"elementor-container elementor-column-gap-default\">\n\t\t\t\t\t<div class=\"elementor-column elementor-col-100 elementor-top-column elementor-element elementor-element-101232a\" data-id=\"101232a\" data-element_type=\"column\" data-e-type=\"column\">\n\t\t\t<div class=\"elementor-widget-wrap elementor-element-populated\">\n\t\t\t\t\t\t<div class=\"elementor-element elementor-element-7c82ee0 elementor-widget elementor-widget-image\" data-id=\"7c82ee0\" data-element_type=\"widget\" data-e-type=\"widget\" data-widget_type=\"image.default\">\n\t\t\t\t<div class=\"elementor-widget-container\">\n\t\t\t\t\t\t\t\t\t\t\t\t\t\t\t<img fetchpriority=\"high\" decoding=\"async\" width=\"768\" height=\"540\" src=\"https:\/\/www.une.edu.pe\/Ciencias\/wp-content\/uploads\/2021\/06\/TRIP-QUIMICA-768x540.jpg\" class=\"attachment-medium_large size-medium_large wp-image-4784\" alt=\"\" srcset=\"https:\/\/www.une.edu.pe\/Ciencias\/wp-content\/uploads\/2021\/06\/TRIP-QUIMICA-768x540.jpg 768w, https:\/\/www.une.edu.pe\/Ciencias\/wp-content\/uploads\/2021\/06\/TRIP-QUIMICA-300x211.jpg 300w, https:\/\/www.une.edu.pe\/Ciencias\/wp-content\/uploads\/2021\/06\/TRIP-QUIMICA-360x253.jpg 360w, https:\/\/www.une.edu.pe\/Ciencias\/wp-content\/uploads\/2021\/06\/TRIP-QUIMICA.jpg 800w\" sizes=\"(max-width: 768px) 100vw, 768px\" \/>\t\t\t\t\t\t\t\t\t\t\t\t\t\t\t<\/div>\n\t\t\t\t<\/div>\n\t\t\t\t\t<\/div>\n\t\t<\/div>\n\t\t\t\t\t<\/div>\n\t\t<\/section>\n\t\t\t\t<section class=\"elementor-section elementor-top-section elementor-element elementor-element-a2150b4 elementor-section-boxed elementor-section-height-default elementor-section-height-default\" data-id=\"a2150b4\" data-element_type=\"section\" data-e-type=\"section\">\n\t\t\t\t\t\t<div class=\"elementor-container elementor-column-gap-default\">\n\t\t\t\t\t<div class=\"elementor-column elementor-col-100 elementor-top-column elementor-element elementor-element-6e3cd8e\" data-id=\"6e3cd8e\" data-element_type=\"column\" data-e-type=\"column\">\n\t\t\t<div class=\"elementor-widget-wrap elementor-element-populated\">\n\t\t\t\t\t\t<div class=\"elementor-element elementor-element-4d3da90 elementor-widget elementor-widget-text-editor\" data-id=\"4d3da90\" data-element_type=\"widget\" data-e-type=\"widget\" data-widget_type=\"text-editor.default\">\n\t\t\t\t<div class=\"elementor-widget-container\">\n\t\t\t\t\t\t\t\t\t<p>CONTAMOS CON BUENA INFRAESTRUCTURA DE AULA &#8211; LABORATORIO<\/p>\t\t\t\t\t\t\t\t<\/div>\n\t\t\t\t<\/div>\n\t\t\t\t\t<\/div>\n\t\t<\/div>\n\t\t\t\t\t<\/div>\n\t\t<\/section>\n\t\t\t\t<section class=\"elementor-section elementor-top-section elementor-element elementor-element-20918c9 elementor-section-boxed elementor-section-height-default elementor-section-height-default\" data-id=\"20918c9\" data-element_type=\"section\" data-e-type=\"section\">\n\t\t\t\t\t\t<div class=\"elementor-container elementor-column-gap-default\">\n\t\t\t\t\t<div class=\"elementor-column elementor-col-33 elementor-top-column elementor-element elementor-element-a595d82\" data-id=\"a595d82\" data-element_type=\"column\" data-e-type=\"column\">\n\t\t\t<div class=\"elementor-widget-wrap elementor-element-populated\">\n\t\t\t\t\t\t<div class=\"elementor-element elementor-element-7ab9265 elementor-widget elementor-widget-image\" data-id=\"7ab9265\" data-element_type=\"widget\" data-e-type=\"widget\" data-widget_type=\"image.default\">\n\t\t\t\t<div class=\"elementor-widget-container\">\n\t\t\t\t\t\t\t\t\t\t\t\t<figure class=\"wp-caption\">\n\t\t\t\t\t\t\t\t\t\t<img decoding=\"async\" width=\"768\" height=\"571\" src=\"https:\/\/www.une.edu.pe\/Ciencias\/wp-content\/uploads\/2021\/06\/imag1-large-768x571.jpg\" class=\"attachment-medium_large size-medium_large wp-image-4786\" alt=\"\" srcset=\"https:\/\/www.une.edu.pe\/Ciencias\/wp-content\/uploads\/2021\/06\/imag1-large-768x571.jpg 768w, https:\/\/www.une.edu.pe\/Ciencias\/wp-content\/uploads\/2021\/06\/imag1-large-300x223.jpg 300w, https:\/\/www.une.edu.pe\/Ciencias\/wp-content\/uploads\/2021\/06\/imag1-large-360x268.jpg 360w, https:\/\/www.une.edu.pe\/Ciencias\/wp-content\/uploads\/2021\/06\/imag1-large.jpg 791w\" sizes=\"(max-width: 768px) 100vw, 768px\" \/>\t\t\t\t\t\t\t\t\t\t\t<figcaption class=\"widget-image-caption wp-caption-text\">Qu\u00edmica General<\/figcaption>\n\t\t\t\t\t\t\t\t\t\t<\/figure>\n\t\t\t\t\t\t\t\t\t<\/div>\n\t\t\t\t<\/div>\n\t\t\t\t\t<\/div>\n\t\t<\/div>\n\t\t\t\t<div class=\"elementor-column elementor-col-33 elementor-top-column elementor-element elementor-element-1a2c8a6\" data-id=\"1a2c8a6\" data-element_type=\"column\" data-e-type=\"column\">\n\t\t\t<div class=\"elementor-widget-wrap elementor-element-populated\">\n\t\t\t\t\t\t<div class=\"elementor-element elementor-element-1a79608 elementor-widget elementor-widget-image\" data-id=\"1a79608\" data-element_type=\"widget\" data-e-type=\"widget\" data-widget_type=\"image.default\">\n\t\t\t\t<div class=\"elementor-widget-container\">\n\t\t\t\t\t\t\t\t\t\t\t\t<figure class=\"wp-caption\">\n\t\t\t\t\t\t\t\t\t\t<img decoding=\"async\" width=\"768\" height=\"574\" src=\"https:\/\/www.une.edu.pe\/Ciencias\/wp-content\/uploads\/2021\/06\/imag2-large-768x574.jpg\" class=\"attachment-medium_large size-medium_large wp-image-4787\" alt=\"\" srcset=\"https:\/\/www.une.edu.pe\/Ciencias\/wp-content\/uploads\/2021\/06\/imag2-large-768x574.jpg 768w, https:\/\/www.une.edu.pe\/Ciencias\/wp-content\/uploads\/2021\/06\/imag2-large-300x224.jpg 300w, https:\/\/www.une.edu.pe\/Ciencias\/wp-content\/uploads\/2021\/06\/imag2-large-360x270.jpg 360w, https:\/\/www.une.edu.pe\/Ciencias\/wp-content\/uploads\/2021\/06\/imag2-large.jpg 787w\" sizes=\"(max-width: 768px) 100vw, 768px\" \/>\t\t\t\t\t\t\t\t\t\t\t<figcaption class=\"widget-image-caption wp-caption-text\">Qu\u00edmica Anal\u00edtica y F\u00edsico-Qu\u00edmica<\/figcaption>\n\t\t\t\t\t\t\t\t\t\t<\/figure>\n\t\t\t\t\t\t\t\t\t<\/div>\n\t\t\t\t<\/div>\n\t\t\t\t\t<\/div>\n\t\t<\/div>\n\t\t\t\t<div class=\"elementor-column elementor-col-33 elementor-top-column elementor-element elementor-element-70e2839\" data-id=\"70e2839\" data-element_type=\"column\" data-e-type=\"column\">\n\t\t\t<div class=\"elementor-widget-wrap elementor-element-populated\">\n\t\t\t\t\t\t<div class=\"elementor-element elementor-element-51fdd06 elementor-widget elementor-widget-image\" data-id=\"51fdd06\" data-element_type=\"widget\" data-e-type=\"widget\" data-widget_type=\"image.default\">\n\t\t\t\t<div class=\"elementor-widget-container\">\n\t\t\t\t\t\t\t\t\t\t\t\t<figure class=\"wp-caption\">\n\t\t\t\t\t\t\t\t\t\t<img loading=\"lazy\" decoding=\"async\" width=\"768\" height=\"574\" src=\"https:\/\/www.une.edu.pe\/Ciencias\/wp-content\/uploads\/2021\/06\/imag3-large-1-768x574.jpg\" class=\"attachment-medium_large size-medium_large wp-image-4804\" alt=\"\" srcset=\"https:\/\/www.une.edu.pe\/Ciencias\/wp-content\/uploads\/2021\/06\/imag3-large-1-768x574.jpg 768w, https:\/\/www.une.edu.pe\/Ciencias\/wp-content\/uploads\/2021\/06\/imag3-large-1-300x224.jpg 300w, https:\/\/www.une.edu.pe\/Ciencias\/wp-content\/uploads\/2021\/06\/imag3-large-1-360x270.jpg 360w, https:\/\/www.une.edu.pe\/Ciencias\/wp-content\/uploads\/2021\/06\/imag3-large-1.jpg 787w\" sizes=\"(max-width: 768px) 100vw, 768px\" \/>\t\t\t\t\t\t\t\t\t\t\t<figcaption class=\"widget-image-caption wp-caption-text\">Qu\u00edmica Inorg\u00e1nica<\/figcaption>\n\t\t\t\t\t\t\t\t\t\t<\/figure>\n\t\t\t\t\t\t\t\t\t<\/div>\n\t\t\t\t<\/div>\n\t\t\t\t\t<\/div>\n\t\t<\/div>\n\t\t\t\t\t<\/div>\n\t\t<\/section>\n\t\t\t\t<section class=\"elementor-section elementor-top-section elementor-element elementor-element-2fd1727 elementor-section-boxed elementor-section-height-default elementor-section-height-default\" data-id=\"2fd1727\" data-element_type=\"section\" data-e-type=\"section\">\n\t\t\t\t\t\t<div class=\"elementor-container elementor-column-gap-default\">\n\t\t\t\t\t<div class=\"elementor-column elementor-col-33 elementor-top-column elementor-element elementor-element-873e639\" data-id=\"873e639\" data-element_type=\"column\" data-e-type=\"column\">\n\t\t\t<div class=\"elementor-widget-wrap elementor-element-populated\">\n\t\t\t\t\t\t<div class=\"elementor-element elementor-element-7122bda elementor-widget elementor-widget-image\" data-id=\"7122bda\" data-element_type=\"widget\" data-e-type=\"widget\" data-widget_type=\"image.default\">\n\t\t\t\t<div class=\"elementor-widget-container\">\n\t\t\t\t\t\t\t\t\t\t\t\t<figure class=\"wp-caption\">\n\t\t\t\t\t\t\t\t\t\t<img loading=\"lazy\" decoding=\"async\" width=\"768\" height=\"574\" src=\"https:\/\/www.une.edu.pe\/Ciencias\/wp-content\/uploads\/2021\/06\/imag4-large-768x574.jpg\" class=\"attachment-medium_large size-medium_large wp-image-4798\" alt=\"\" srcset=\"https:\/\/www.une.edu.pe\/Ciencias\/wp-content\/uploads\/2021\/06\/imag4-large-768x574.jpg 768w, https:\/\/www.une.edu.pe\/Ciencias\/wp-content\/uploads\/2021\/06\/imag4-large-300x224.jpg 300w, https:\/\/www.une.edu.pe\/Ciencias\/wp-content\/uploads\/2021\/06\/imag4-large-360x270.jpg 360w, https:\/\/www.une.edu.pe\/Ciencias\/wp-content\/uploads\/2021\/06\/imag4-large.jpg 787w\" sizes=\"(max-width: 768px) 100vw, 768px\" \/>\t\t\t\t\t\t\t\t\t\t\t<figcaption class=\"widget-image-caption wp-caption-text\">Qu\u00edmica Org\u00e1nica<\/figcaption>\n\t\t\t\t\t\t\t\t\t\t<\/figure>\n\t\t\t\t\t\t\t\t\t<\/div>\n\t\t\t\t<\/div>\n\t\t\t\t\t<\/div>\n\t\t<\/div>\n\t\t\t\t<div class=\"elementor-column elementor-col-33 elementor-top-column elementor-element elementor-element-9bfecbb\" data-id=\"9bfecbb\" data-element_type=\"column\" data-e-type=\"column\">\n\t\t\t<div class=\"elementor-widget-wrap elementor-element-populated\">\n\t\t\t\t\t\t<div class=\"elementor-element elementor-element-a8bcfc2 elementor-widget elementor-widget-image\" data-id=\"a8bcfc2\" data-element_type=\"widget\" data-e-type=\"widget\" data-widget_type=\"image.default\">\n\t\t\t\t<div class=\"elementor-widget-container\">\n\t\t\t\t\t\t\t\t\t\t\t\t\t\t\t<img loading=\"lazy\" decoding=\"async\" width=\"768\" height=\"574\" src=\"https:\/\/www.une.edu.pe\/Ciencias\/wp-content\/uploads\/2021\/06\/imag5-large-768x574.jpg\" class=\"attachment-medium_large size-medium_large wp-image-4810\" alt=\"\" srcset=\"https:\/\/www.une.edu.pe\/Ciencias\/wp-content\/uploads\/2021\/06\/imag5-large-768x574.jpg 768w, https:\/\/www.une.edu.pe\/Ciencias\/wp-content\/uploads\/2021\/06\/imag5-large-300x224.jpg 300w, https:\/\/www.une.edu.pe\/Ciencias\/wp-content\/uploads\/2021\/06\/imag5-large-360x270.jpg 360w, https:\/\/www.une.edu.pe\/Ciencias\/wp-content\/uploads\/2021\/06\/imag5-large.jpg 787w\" sizes=\"(max-width: 768px) 100vw, 768px\" \/>\t\t\t\t\t\t\t\t\t\t\t\t\t\t\t<\/div>\n\t\t\t\t<\/div>\n\t\t\t\t\t<\/div>\n\t\t<\/div>\n\t\t\t\t<div class=\"elementor-column elementor-col-33 elementor-top-column elementor-element elementor-element-8a09d06\" data-id=\"8a09d06\" data-element_type=\"column\" data-e-type=\"column\">\n\t\t\t<div class=\"elementor-widget-wrap elementor-element-populated\">\n\t\t\t\t\t\t<div class=\"elementor-element elementor-element-c87fb72 elementor-widget elementor-widget-text-editor\" data-id=\"c87fb72\" data-element_type=\"widget\" data-e-type=\"widget\" data-widget_type=\"text-editor.default\">\n\t\t\t\t<div class=\"elementor-widget-container\">\n\t\t\t\t\t\t\t\t\t<p>Laboratorio de An\u00e1lisis Instrumental e investigaci\u00f3n los cuales se encuentran equipados con materiales y equipos modernos.<\/p>\t\t\t\t\t\t\t\t<\/div>\n\t\t\t\t<\/div>\n\t\t\t\t\t<\/div>\n\t\t<\/div>\n\t\t\t\t\t<\/div>\n\t\t<\/section>\n\t\t\t\t<\/div>\n\t\t","protected":false},"excerpt":{"rendered":"<p>\u00bfQUIERES ESTUDIAR QU\u00cdMICA EN LA UNIVERSIDAD NACIONAL DE EDUCACI\u00d3N? Si!. En ti est\u00e1 la decisi\u00f3n en incursionar en esta maravillosa ciencia, de entender con una visi\u00f3n diferente la forma como interacciona la qu\u00edmica con tu vida diaria, como solucionar problemas <a href=\"https:\/\/www.une.edu.pe\/Ciencias\/departamento-academico-de-quimica\/\" class=\"read-more\">Leer m\u00e1s&#8230;<\/a><\/p>\n","protected":false},"author":3,"featured_media":0,"parent":0,"menu_order":0,"comment_status":"closed","ping_status":"closed","template":"","meta":{"footnotes":""},"class_list":["post-4779","page","type-page","status-publish","hentry"],"_links":{"self":[{"href":"https:\/\/www.une.edu.pe\/Ciencias\/wp-json\/wp\/v2\/pages\/4779","targetHints":{"allow":["GET"]}}],"collection":[{"href":"https:\/\/www.une.edu.pe\/Ciencias\/wp-json\/wp\/v2\/pages"}],"about":[{"href":"https:\/\/www.une.edu.pe\/Ciencias\/wp-json\/wp\/v2\/types\/page"}],"author":[{"embeddable":true,"href":"https:\/\/www.une.edu.pe\/Ciencias\/wp-json\/wp\/v2\/users\/3"}],"replies":[{"embeddable":true,"href":"https:\/\/www.une.edu.pe\/Ciencias\/wp-json\/wp\/v2\/comments?post=4779"}],"version-history":[{"count":18,"href":"https:\/\/www.une.edu.pe\/Ciencias\/wp-json\/wp\/v2\/pages\/4779\/revisions"}],"predecessor-version":[{"id":4816,"href":"https:\/\/www.une.edu.pe\/Ciencias\/wp-json\/wp\/v2\/pages\/4779\/revisions\/4816"}],"wp:attachment":[{"href":"https:\/\/www.une.edu.pe\/Ciencias\/wp-json\/wp\/v2\/media?parent=4779"}],"curies":[{"name":"wp","href":"https:\/\/api.w.org\/{rel}","templated":true}]}}