{"id":3223,"date":"2019-12-05T00:37:25","date_gmt":"2019-12-04T23:37:25","guid":{"rendered":"http:\/\/www.une.edu.pe\/Ciencias\/?page_id=3223"},"modified":"2021-07-02T07:53:54","modified_gmt":"2021-07-02T05:53:54","slug":"programacion-academica","status":"publish","type":"page","link":"https:\/\/www.une.edu.pe\/Ciencias\/programacion-academica\/","title":{"rendered":"Programaci\u00f3n Acad\u00e9mica"},"content":{"rendered":"\t\t<div data-elementor-type=\"wp-post\" data-elementor-id=\"3223\" class=\"elementor elementor-3223\">\n\t\t\t\t\t\t<section class=\"elementor-section elementor-top-section elementor-element elementor-element-0653109 elementor-section-boxed elementor-section-height-default elementor-section-height-default\" data-id=\"0653109\" data-element_type=\"section\" data-e-type=\"section\">\n\t\t\t\t\t\t<div class=\"elementor-container elementor-column-gap-default\">\n\t\t\t\t\t<div class=\"elementor-column elementor-col-100 elementor-top-column elementor-element elementor-element-80dfa5f\" data-id=\"80dfa5f\" data-element_type=\"column\" data-e-type=\"column\">\n\t\t\t<div class=\"elementor-widget-wrap elementor-element-populated\">\n\t\t\t\t\t\t<div class=\"elementor-element elementor-element-58c3644 elementor-widget elementor-widget-heading\" data-id=\"58c3644\" data-element_type=\"widget\" data-e-type=\"widget\" data-widget_type=\"heading.default\">\n\t\t\t\t<div class=\"elementor-widget-container\">\n\t\t\t\t\t<h3 class=\"elementor-heading-title elementor-size-default\"><a href=\"http:\/\/www.une.edu.pe\/Ciencias\/wp-content\/uploads\/2021\/07\/0794.-PROGRAMACI\u00d3N-2021-I-QU\u00cdMICA-CIENCIAS-NATURALES.pdf\" target=\"_blank\">RESOLUCI\u00d3N N\u00b0 0794-2020-D-FAC (QU\u00cdMICA - CIENCIAS NATURALES)<\/a><\/h3>\t\t\t\t<\/div>\n\t\t\t\t<\/div>\n\t\t\t\t\t<\/div>\n\t\t<\/div>\n\t\t\t\t\t<\/div>\n\t\t<\/section>\n\t\t\t\t<section class=\"elementor-section elementor-top-section elementor-element elementor-element-74098fc elementor-section-boxed elementor-section-height-default elementor-section-height-default\" data-id=\"74098fc\" data-element_type=\"section\" data-e-type=\"section\">\n\t\t\t\t\t\t<div class=\"elementor-container elementor-column-gap-default\">\n\t\t\t\t\t<div class=\"elementor-column elementor-col-100 elementor-top-column elementor-element elementor-element-9cb0591\" data-id=\"9cb0591\" data-element_type=\"column\" data-e-type=\"column\">\n\t\t\t<div class=\"elementor-widget-wrap elementor-element-populated\">\n\t\t\t\t\t\t<div class=\"elementor-element elementor-element-fe99262 elementor-invisible elementor-widget elementor-widget-text-editor\" data-id=\"fe99262\" data-element_type=\"widget\" data-e-type=\"widget\" data-settings=\"{&quot;_animation&quot;:&quot;fadeInRight&quot;}\" data-widget_type=\"text-editor.default\">\n\t\t\t\t<div class=\"elementor-widget-container\">\n\t\t\t\t\t\t\t\t\t<p align=\"justify\"><strong>APROBAR<\/strong> la Programaci\u00f3n Acad\u00e9mica, correspondiente al Ciclo Acad\u00e9mico 2021-I, para los estudiantes del Pregrado-Regular, de las Escuelas Profesionales de Ciencias Naturales y de Matem\u00e1tica e Inform\u00e1tica de la Facultad de Ciencias, que en anexo de trece (13) folios forman parte de la presente resoluci\u00f3n.<\/p>\t\t\t\t\t\t\t\t<\/div>\n\t\t\t\t<\/div>\n\t\t\t\t\t<\/div>\n\t\t<\/div>\n\t\t\t\t\t<\/div>\n\t\t<\/section>\n\t\t\t\t<section class=\"elementor-section elementor-top-section elementor-element elementor-element-f4abc27 elementor-section-boxed elementor-section-height-default elementor-section-height-default\" data-id=\"f4abc27\" data-element_type=\"section\" data-e-type=\"section\">\n\t\t\t\t\t\t<div class=\"elementor-container elementor-column-gap-default\">\n\t\t\t\t\t<div class=\"elementor-column elementor-col-100 elementor-top-column elementor-element elementor-element-c6dc338\" data-id=\"c6dc338\" data-element_type=\"column\" data-e-type=\"column\">\n\t\t\t<div class=\"elementor-widget-wrap elementor-element-populated\">\n\t\t\t\t\t\t<div class=\"elementor-element elementor-element-9fb1ad5 elementor-widget elementor-widget-heading\" data-id=\"9fb1ad5\" data-element_type=\"widget\" data-e-type=\"widget\" data-widget_type=\"heading.default\">\n\t\t\t\t<div class=\"elementor-widget-container\">\n\t\t\t\t\t<h3 class=\"elementor-heading-title elementor-size-default\"><a href=\"http:\/\/www.une.edu.pe\/Ciencias\/wp-content\/uploads\/2021\/07\/0794.-PROGRAMACI\u00d3N-2021-I-QU\u00cdMICA-F\u00cdSICA-Y-BIOLOG\u00cdA.pdf\" target=\"_blank\">RESOLUCI\u00d3N N\u00b0 0794-2020-D-FAC (QU\u00cdMICA, F\u00cdSICA Y BIOLOG\u00cdA)<\/a><\/h3>\t\t\t\t<\/div>\n\t\t\t\t<\/div>\n\t\t\t\t\t<\/div>\n\t\t<\/div>\n\t\t\t\t\t<\/div>\n\t\t<\/section>\n\t\t\t\t<section class=\"elementor-section elementor-top-section elementor-element elementor-element-1839114 elementor-section-boxed elementor-section-height-default elementor-section-height-default\" data-id=\"1839114\" data-element_type=\"section\" data-e-type=\"section\">\n\t\t\t\t\t\t<div class=\"elementor-container elementor-column-gap-default\">\n\t\t\t\t\t<div class=\"elementor-column elementor-col-100 elementor-top-column elementor-element elementor-element-841cdbe\" data-id=\"841cdbe\" data-element_type=\"column\" data-e-type=\"column\">\n\t\t\t<div class=\"elementor-widget-wrap elementor-element-populated\">\n\t\t\t\t\t\t<div class=\"elementor-element elementor-element-9b417c0 elementor-invisible elementor-widget elementor-widget-text-editor\" data-id=\"9b417c0\" data-element_type=\"widget\" data-e-type=\"widget\" data-settings=\"{&quot;_animation&quot;:&quot;fadeInRight&quot;}\" data-widget_type=\"text-editor.default\">\n\t\t\t\t<div class=\"elementor-widget-container\">\n\t\t\t\t\t\t\t\t\t<p><strong>APROBAR<\/strong> la Programaci\u00f3n Acad\u00e9mica, correspondiente al Ciclo Acad\u00e9mico 2021-I, para los estudiantes del Pregrado-Regular, de las Escuelas Profesionales de Ciencias Naturales y de Matem\u00e1tica e Inform\u00e1tica de la Facultad de Ciencias, que en anexo de trece (13) folios forman parte de la presente resoluci\u00f3n.<\/p>\t\t\t\t\t\t\t\t<\/div>\n\t\t\t\t<\/div>\n\t\t\t\t\t<\/div>\n\t\t<\/div>\n\t\t\t\t\t<\/div>\n\t\t<\/section>\n\t\t\t\t<section class=\"elementor-section elementor-top-section elementor-element elementor-element-28075c5 elementor-section-boxed elementor-section-height-default elementor-section-height-default\" data-id=\"28075c5\" data-element_type=\"section\" data-e-type=\"section\">\n\t\t\t\t\t\t<div class=\"elementor-container elementor-column-gap-default\">\n\t\t\t\t\t<div class=\"elementor-column elementor-col-100 elementor-top-column elementor-element elementor-element-1465b78\" data-id=\"1465b78\" data-element_type=\"column\" data-e-type=\"column\">\n\t\t\t<div class=\"elementor-widget-wrap elementor-element-populated\">\n\t\t\t\t\t\t<div class=\"elementor-element elementor-element-d041bfd elementor-widget elementor-widget-heading\" data-id=\"d041bfd\" data-element_type=\"widget\" data-e-type=\"widget\" data-widget_type=\"heading.default\">\n\t\t\t\t<div class=\"elementor-widget-container\">\n\t\t\t\t\t<h3 class=\"elementor-heading-title elementor-size-default\"><a href=\"http:\/\/www.une.edu.pe\/Ciencias\/wp-content\/uploads\/2021\/07\/0794.-PROGRAMACI\u00d3N-2021-I-FISICA-MATEM\u00c1TICA.pdf\" target=\"_blank\">RESOLUCI\u00d3N N\u00b0 0794-2020-D-FAC (F\u00cdSICA - MATEM\u00c1TICA)<\/a><\/h3>\t\t\t\t<\/div>\n\t\t\t\t<\/div>\n\t\t\t\t\t<\/div>\n\t\t<\/div>\n\t\t\t\t\t<\/div>\n\t\t<\/section>\n\t\t\t\t<section class=\"elementor-section elementor-top-section elementor-element elementor-element-9d6a8cd elementor-section-boxed elementor-section-height-default elementor-section-height-default\" data-id=\"9d6a8cd\" data-element_type=\"section\" data-e-type=\"section\">\n\t\t\t\t\t\t<div class=\"elementor-container elementor-column-gap-default\">\n\t\t\t\t\t<div class=\"elementor-column elementor-col-100 elementor-top-column elementor-element elementor-element-7262d53\" data-id=\"7262d53\" data-element_type=\"column\" data-e-type=\"column\">\n\t\t\t<div class=\"elementor-widget-wrap elementor-element-populated\">\n\t\t\t\t\t\t<div class=\"elementor-element elementor-element-5166bf7 elementor-invisible elementor-widget elementor-widget-text-editor\" data-id=\"5166bf7\" data-element_type=\"widget\" data-e-type=\"widget\" data-settings=\"{&quot;_animation&quot;:&quot;fadeInRight&quot;}\" data-widget_type=\"text-editor.default\">\n\t\t\t\t<div class=\"elementor-widget-container\">\n\t\t\t\t\t\t\t\t\t<p><strong>APROBAR<\/strong> la Programaci\u00f3n Acad\u00e9mica, correspondiente al Ciclo Acad\u00e9mico 2021-I, para los estudiantes del Pregrado-Regular, de las Escuelas Profesionales de Ciencias Naturales y de Matem\u00e1tica e Inform\u00e1tica de la Facultad de Ciencias, que en anexo de trece (13) folios forman parte de la presente resoluci\u00f3n.<\/p>\t\t\t\t\t\t\t\t<\/div>\n\t\t\t\t<\/div>\n\t\t\t\t\t<\/div>\n\t\t<\/div>\n\t\t\t\t\t<\/div>\n\t\t<\/section>\n\t\t\t\t<section class=\"elementor-section elementor-top-section elementor-element elementor-element-3e5767e elementor-section-boxed elementor-section-height-default elementor-section-height-default\" data-id=\"3e5767e\" data-element_type=\"section\" data-e-type=\"section\">\n\t\t\t\t\t\t<div class=\"elementor-container elementor-column-gap-default\">\n\t\t\t\t\t<div class=\"elementor-column elementor-col-100 elementor-top-column elementor-element elementor-element-237e8e5\" data-id=\"237e8e5\" data-element_type=\"column\" data-e-type=\"column\">\n\t\t\t<div class=\"elementor-widget-wrap elementor-element-populated\">\n\t\t\t\t\t\t<div class=\"elementor-element elementor-element-f4c09dd elementor-widget elementor-widget-heading\" data-id=\"f4c09dd\" data-element_type=\"widget\" data-e-type=\"widget\" data-widget_type=\"heading.default\">\n\t\t\t\t<div class=\"elementor-widget-container\">\n\t\t\t\t\t<h3 class=\"elementor-heading-title elementor-size-default\"><a href=\"http:\/\/www.une.edu.pe\/Ciencias\/wp-content\/uploads\/2021\/07\/0794.-PROGRAMACI\u00d3N-2021-I-MATEM\u00c1TICA-E-INFORM\u00c1TICA.pdff\" target=\"_blank\">RESOLUCI\u00d3N N\u00b0 0794-2020-D-FAC (MATEM\u00c1TICA E INFORM\u00c1TICA)\n<\/a><\/h3>\t\t\t\t<\/div>\n\t\t\t\t<\/div>\n\t\t\t\t\t<\/div>\n\t\t<\/div>\n\t\t\t\t\t<\/div>\n\t\t<\/section>\n\t\t\t\t<section class=\"elementor-section elementor-top-section elementor-element elementor-element-4d986a4 elementor-section-boxed elementor-section-height-default elementor-section-height-default\" data-id=\"4d986a4\" data-element_type=\"section\" data-e-type=\"section\">\n\t\t\t\t\t\t<div class=\"elementor-container elementor-column-gap-default\">\n\t\t\t\t\t<div class=\"elementor-column elementor-col-100 elementor-top-column elementor-element elementor-element-ef66eb9\" data-id=\"ef66eb9\" data-element_type=\"column\" data-e-type=\"column\">\n\t\t\t<div class=\"elementor-widget-wrap elementor-element-populated\">\n\t\t\t\t\t\t<div class=\"elementor-element elementor-element-4763bbc elementor-invisible elementor-widget elementor-widget-text-editor\" data-id=\"4763bbc\" data-element_type=\"widget\" data-e-type=\"widget\" data-settings=\"{&quot;_animation&quot;:&quot;fadeInRight&quot;}\" data-widget_type=\"text-editor.default\">\n\t\t\t\t<div class=\"elementor-widget-container\">\n\t\t\t\t\t\t\t\t\t<p><strong>APROBAR<\/strong> la Programaci\u00f3n Acad\u00e9mica, correspondiente al Ciclo Acad\u00e9mico 2021-I, para los estudiantes del Pregrado-Regular, de las Escuelas Profesionales de Ciencias Naturales y de Matem\u00e1tica e Inform\u00e1tica de la Facultad de Ciencias, que en anexo de trece (13) folios forman parte de la presente resoluci\u00f3n.<\/p>\t\t\t\t\t\t\t\t<\/div>\n\t\t\t\t<\/div>\n\t\t\t\t\t<\/div>\n\t\t<\/div>\n\t\t\t\t\t<\/div>\n\t\t<\/section>\n\t\t\t\t<section class=\"elementor-section elementor-top-section elementor-element elementor-element-bc8f4e9 elementor-section-boxed elementor-section-height-default elementor-section-height-default\" data-id=\"bc8f4e9\" data-element_type=\"section\" data-e-type=\"section\">\n\t\t\t\t\t\t<div class=\"elementor-container elementor-column-gap-default\">\n\t\t\t\t\t<div class=\"elementor-column elementor-col-100 elementor-top-column elementor-element elementor-element-1596238\" data-id=\"1596238\" data-element_type=\"column\" data-e-type=\"column\">\n\t\t\t<div class=\"elementor-widget-wrap elementor-element-populated\">\n\t\t\t\t\t\t<div class=\"elementor-element elementor-element-d2d580f elementor-widget elementor-widget-heading\" data-id=\"d2d580f\" data-element_type=\"widget\" data-e-type=\"widget\" data-widget_type=\"heading.default\">\n\t\t\t\t<div class=\"elementor-widget-container\">\n\t\t\t\t\t<h3 class=\"elementor-heading-title elementor-size-default\"><a href=\"http:\/\/www.une.edu.pe\/Ciencias\/wp-content\/uploads\/2021\/07\/0794.-PROGRAMACI\u00d3N-2021-I.-BIOLOG\u00cdA-CIENCIAS-NATURALES.pdf\" target=\"_blank\">RESOLUCI\u00d3N N\u00b0 0794-2020-D-FAC (BIOLOG\u00cdA - CIENCIAS NATURALES)\n<\/a><\/h3>\t\t\t\t<\/div>\n\t\t\t\t<\/div>\n\t\t\t\t\t<\/div>\n\t\t<\/div>\n\t\t\t\t\t<\/div>\n\t\t<\/section>\n\t\t\t\t<section class=\"elementor-section elementor-top-section elementor-element elementor-element-4dce314 elementor-section-boxed elementor-section-height-default elementor-section-height-default\" data-id=\"4dce314\" data-element_type=\"section\" data-e-type=\"section\">\n\t\t\t\t\t\t<div class=\"elementor-container elementor-column-gap-default\">\n\t\t\t\t\t<div class=\"elementor-column elementor-col-100 elementor-top-column elementor-element elementor-element-e02c264\" data-id=\"e02c264\" data-element_type=\"column\" data-e-type=\"column\">\n\t\t\t<div class=\"elementor-widget-wrap elementor-element-populated\">\n\t\t\t\t\t\t<div class=\"elementor-element elementor-element-2ca7030 elementor-invisible elementor-widget elementor-widget-text-editor\" data-id=\"2ca7030\" data-element_type=\"widget\" data-e-type=\"widget\" data-settings=\"{&quot;_animation&quot;:&quot;fadeInRight&quot;}\" data-widget_type=\"text-editor.default\">\n\t\t\t\t<div class=\"elementor-widget-container\">\n\t\t\t\t\t\t\t\t\t<p><strong>APROBAR<\/strong> la Programaci\u00f3n Acad\u00e9mica, correspondiente al Ciclo Acad\u00e9mico 2021-I, para los estudiantes del Pregrado-Regular, de las Escuelas Profesionales de Ciencias Naturales y de Matem\u00e1tica e Inform\u00e1tica de la Facultad de Ciencias, que en anexo de trece (13) folios forman parte de la presente resoluci\u00f3n.<\/p>\t\t\t\t\t\t\t\t<\/div>\n\t\t\t\t<\/div>\n\t\t\t\t\t<\/div>\n\t\t<\/div>\n\t\t\t\t\t<\/div>\n\t\t<\/section>\n\t\t\t\t<section class=\"elementor-section elementor-top-section elementor-element elementor-element-c109349 elementor-section-boxed elementor-section-height-default elementor-section-height-default\" data-id=\"c109349\" data-element_type=\"section\" data-e-type=\"section\">\n\t\t\t\t\t\t<div class=\"elementor-container elementor-column-gap-default\">\n\t\t\t\t\t<div class=\"elementor-column elementor-col-100 elementor-top-column elementor-element elementor-element-6038b67\" data-id=\"6038b67\" data-element_type=\"column\" data-e-type=\"column\">\n\t\t\t<div class=\"elementor-widget-wrap elementor-element-populated\">\n\t\t\t\t\t\t<div class=\"elementor-element elementor-element-2bd6431 elementor-widget elementor-widget-heading\" data-id=\"2bd6431\" data-element_type=\"widget\" data-e-type=\"widget\" data-widget_type=\"heading.default\">\n\t\t\t\t<div class=\"elementor-widget-container\">\n\t\t\t\t\t<h3 class=\"elementor-heading-title elementor-size-default\"><a href=\"http:\/\/www.une.edu.pe\/Ciencias\/wp-content\/uploads\/2021\/07\/0794.-PROGRAMACI\u00d3N-2021-I.-BIOLOG\u00cdA-INFORM\u00c1TICA.pdf\">RESOLUCI\u00d3N N\u00b0 0794-2020-D-FAC (BIOLOG\u00cdA - INFORM\u00c1TICA)\n<\/a><\/h3>\t\t\t\t<\/div>\n\t\t\t\t<\/div>\n\t\t\t\t\t<\/div>\n\t\t<\/div>\n\t\t\t\t\t<\/div>\n\t\t<\/section>\n\t\t\t\t<section class=\"elementor-section elementor-top-section elementor-element elementor-element-9022ddb elementor-section-boxed elementor-section-height-default elementor-section-height-default\" data-id=\"9022ddb\" data-element_type=\"section\" data-e-type=\"section\">\n\t\t\t\t\t\t<div class=\"elementor-container elementor-column-gap-default\">\n\t\t\t\t\t<div class=\"elementor-column elementor-col-100 elementor-top-column elementor-element elementor-element-71c5db9\" data-id=\"71c5db9\" data-element_type=\"column\" data-e-type=\"column\">\n\t\t\t<div class=\"elementor-widget-wrap elementor-element-populated\">\n\t\t\t\t\t\t<div class=\"elementor-element elementor-element-59c2ab7 elementor-widget elementor-widget-text-editor\" data-id=\"59c2ab7\" data-element_type=\"widget\" data-e-type=\"widget\" data-widget_type=\"text-editor.default\">\n\t\t\t\t<div class=\"elementor-widget-container\">\n\t\t\t\t\t\t\t\t\t<p><strong>APROBAR<\/strong> la Programaci\u00f3n Acad\u00e9mica, correspondiente al Ciclo Acad\u00e9mico 2021-I, para los estudiantes del Pregrado-Regular, de las Escuelas Profesionales de Ciencias Naturales y de Matem\u00e1tica e Inform\u00e1tica de la Facultad de Ciencias, que en anexo de trece (13) folios forman parte de la presente resoluci\u00f3n.<\/p>\t\t\t\t\t\t\t\t<\/div>\n\t\t\t\t<\/div>\n\t\t\t\t\t<\/div>\n\t\t<\/div>\n\t\t\t\t\t<\/div>\n\t\t<\/section>\n\t\t\t\t<section class=\"elementor-section elementor-top-section elementor-element elementor-element-708e88b elementor-section-boxed elementor-section-height-default elementor-section-height-default\" data-id=\"708e88b\" data-element_type=\"section\" data-e-type=\"section\">\n\t\t\t\t\t\t<div class=\"elementor-container elementor-column-gap-default\">\n\t\t\t\t\t<div class=\"elementor-column elementor-col-100 elementor-top-column elementor-element elementor-element-8da3094\" data-id=\"8da3094\" data-element_type=\"column\" data-e-type=\"column\">\n\t\t\t<div class=\"elementor-widget-wrap elementor-element-populated\">\n\t\t\t\t\t\t<div class=\"elementor-element elementor-element-3f39fde elementor-widget elementor-widget-heading\" data-id=\"3f39fde\" data-element_type=\"widget\" data-e-type=\"widget\" data-widget_type=\"heading.default\">\n\t\t\t\t<div class=\"elementor-widget-container\">\n\t\t\t\t\t<h3 class=\"elementor-heading-title elementor-size-default\"><a href=\"http:\/\/www.une.edu.pe\/Ciencias\/wp-content\/uploads\/2021\/07\/0794.-PROGRAMACI\u00d3N-2021-I.-INFORMATICA.pdf\">RESOLUCI\u00d3N N\u00b0 0794-2020-D-FAC (INFORM\u00c1TICA)<\/a><\/h3>\t\t\t\t<\/div>\n\t\t\t\t<\/div>\n\t\t\t\t\t<\/div>\n\t\t<\/div>\n\t\t\t\t\t<\/div>\n\t\t<\/section>\n\t\t\t\t<section class=\"elementor-section elementor-top-section elementor-element elementor-element-5d661f4 elementor-section-boxed elementor-section-height-default elementor-section-height-default\" data-id=\"5d661f4\" data-element_type=\"section\" data-e-type=\"section\">\n\t\t\t\t\t\t<div class=\"elementor-container elementor-column-gap-default\">\n\t\t\t\t\t<div class=\"elementor-column elementor-col-100 elementor-top-column elementor-element elementor-element-90c2bc8\" data-id=\"90c2bc8\" data-element_type=\"column\" data-e-type=\"column\">\n\t\t\t<div class=\"elementor-widget-wrap elementor-element-populated\">\n\t\t\t\t\t\t<div class=\"elementor-element elementor-element-c3a0b6d elementor-widget elementor-widget-text-editor\" data-id=\"c3a0b6d\" data-element_type=\"widget\" data-e-type=\"widget\" data-widget_type=\"text-editor.default\">\n\t\t\t\t<div class=\"elementor-widget-container\">\n\t\t\t\t\t\t\t\t\t<p><strong>APROBAR<\/strong> la Programaci\u00f3n Acad\u00e9mica, correspondiente al Ciclo Acad\u00e9mico 2021-I, para los estudiantes del Pregrado-Regular, de las Escuelas Profesionales de Ciencias Naturales y de Matem\u00e1tica e Inform\u00e1tica de la Facultad de Ciencias, que en anexo de trece (13) folios forman parte de la presente resoluci\u00f3n.<\/p>\t\t\t\t\t\t\t\t<\/div>\n\t\t\t\t<\/div>\n\t\t\t\t\t<\/div>\n\t\t<\/div>\n\t\t\t\t\t<\/div>\n\t\t<\/section>\n\t\t\t\t<section class=\"elementor-section elementor-top-section elementor-element elementor-element-4001eb7 elementor-section-boxed elementor-section-height-default elementor-section-height-default\" data-id=\"4001eb7\" data-element_type=\"section\" data-e-type=\"section\">\n\t\t\t\t\t\t<div class=\"elementor-container elementor-column-gap-default\">\n\t\t\t\t\t<div class=\"elementor-column elementor-col-100 elementor-top-column elementor-element elementor-element-1e24473\" data-id=\"1e24473\" data-element_type=\"column\" data-e-type=\"column\">\n\t\t\t<div class=\"elementor-widget-wrap elementor-element-populated\">\n\t\t\t\t\t\t<div class=\"elementor-element elementor-element-2ba8239 elementor-widget elementor-widget-heading\" data-id=\"2ba8239\" data-element_type=\"widget\" data-e-type=\"widget\" data-widget_type=\"heading.default\">\n\t\t\t\t<div class=\"elementor-widget-container\">\n\t\t\t\t\t<h3 class=\"elementor-heading-title elementor-size-default\"><a href=\"http:\/\/www.une.edu.pe\/Ciencias\/wp-content\/uploads\/2021\/07\/0794.-PROGRAMACI\u00d3N-2021-I.-MATEM\u00c1TICA.pdf\">RESOLUCI\u00d3N N\u00b0 0794-2020-D-FAC (MATEM\u00c1TICA)<\/a><\/h3>\t\t\t\t<\/div>\n\t\t\t\t<\/div>\n\t\t\t\t\t<\/div>\n\t\t<\/div>\n\t\t\t\t\t<\/div>\n\t\t<\/section>\n\t\t\t\t<section class=\"elementor-section elementor-top-section elementor-element elementor-element-d93cdb0 elementor-section-boxed elementor-section-height-default elementor-section-height-default\" data-id=\"d93cdb0\" data-element_type=\"section\" data-e-type=\"section\">\n\t\t\t\t\t\t<div class=\"elementor-container elementor-column-gap-default\">\n\t\t\t\t\t<div class=\"elementor-column elementor-col-100 elementor-top-column elementor-element elementor-element-d0c0c42\" data-id=\"d0c0c42\" data-element_type=\"column\" data-e-type=\"column\">\n\t\t\t<div class=\"elementor-widget-wrap elementor-element-populated\">\n\t\t\t\t\t\t<div class=\"elementor-element elementor-element-35c41a7 elementor-widget elementor-widget-text-editor\" data-id=\"35c41a7\" data-element_type=\"widget\" data-e-type=\"widget\" data-widget_type=\"text-editor.default\">\n\t\t\t\t<div class=\"elementor-widget-container\">\n\t\t\t\t\t\t\t\t\t<p><strong>APROBAR<\/strong> la Programaci\u00f3n Acad\u00e9mica, correspondiente al Ciclo Acad\u00e9mico 2021-I, para los estudiantes del Pregrado-Regular, de las Escuelas Profesionales de Ciencias Naturales y de Matem\u00e1tica e Inform\u00e1tica de la Facultad de Ciencias, que en anexo de trece (13) folios forman parte de la presente resoluci\u00f3n.<\/p>\t\t\t\t\t\t\t\t<\/div>\n\t\t\t\t<\/div>\n\t\t\t\t\t<\/div>\n\t\t<\/div>\n\t\t\t\t\t<\/div>\n\t\t<\/section>\n\t\t\t\t<\/div>\n\t\t","protected":false},"excerpt":{"rendered":"<p>RESOLUCI\u00d3N N\u00b0 0794-2020-D-FAC (QU\u00cdMICA &#8211; CIENCIAS NATURALES) APROBAR la Programaci\u00f3n Acad\u00e9mica, correspondiente al Ciclo Acad\u00e9mico 2021-I, para los estudiantes del Pregrado-Regular, de las Escuelas Profesionales de Ciencias Naturales y de Matem\u00e1tica e Inform\u00e1tica de la Facultad de Ciencias, que en <a href=\"https:\/\/www.une.edu.pe\/Ciencias\/programacion-academica\/\" class=\"read-more\">Leer m\u00e1s&#8230;<\/a><\/p>\n","protected":false},"author":3,"featured_media":0,"parent":0,"menu_order":0,"comment_status":"closed","ping_status":"closed","template":"","meta":{"footnotes":""},"class_list":["post-3223","page","type-page","status-publish","hentry"],"_links":{"self":[{"href":"https:\/\/www.une.edu.pe\/Ciencias\/wp-json\/wp\/v2\/pages\/3223","targetHints":{"allow":["GET"]}}],"collection":[{"href":"https:\/\/www.une.edu.pe\/Ciencias\/wp-json\/wp\/v2\/pages"}],"about":[{"href":"https:\/\/www.une.edu.pe\/Ciencias\/wp-json\/wp\/v2\/types\/page"}],"author":[{"embeddable":true,"href":"https:\/\/www.une.edu.pe\/Ciencias\/wp-json\/wp\/v2\/users\/3"}],"replies":[{"embeddable":true,"href":"https:\/\/www.une.edu.pe\/Ciencias\/wp-json\/wp\/v2\/comments?post=3223"}],"version-history":[{"count":50,"href":"https:\/\/www.une.edu.pe\/Ciencias\/wp-json\/wp\/v2\/pages\/3223\/revisions"}],"predecessor-version":[{"id":5181,"href":"https:\/\/www.une.edu.pe\/Ciencias\/wp-json\/wp\/v2\/pages\/3223\/revisions\/5181"}],"wp:attachment":[{"href":"https:\/\/www.une.edu.pe\/Ciencias\/wp-json\/wp\/v2\/media?parent=3223"}],"curies":[{"name":"wp","href":"https:\/\/api.w.org\/{rel}","templated":true}]}}