{"id":4617,"date":"2021-10-03T08:09:40","date_gmt":"2021-10-03T06:09:40","guid":{"rendered":"http:\/\/www.une.edu.pe\/Agropecuaria\/?page_id=4617"},"modified":"2026-04-17T11:51:37","modified_gmt":"2026-04-17T16:51:37","slug":"nutricion-humana","status":"publish","type":"page","link":"https:\/\/www.une.edu.pe\/Agropecuaria\/nutricion-humana\/","title":{"rendered":"Nutrici\u00f3n Humana"},"content":{"rendered":"\t\t<div data-elementor-type=\"wp-post\" data-elementor-id=\"4617\" class=\"elementor elementor-4617\">\n\t\t\t\t\t\t<section class=\"elementor-section elementor-top-section elementor-element elementor-element-da1a3ef elementor-section-boxed elementor-section-height-default elementor-section-height-default\" data-id=\"da1a3ef\" data-element_type=\"section\" data-e-type=\"section\">\n\t\t\t\t\t\t<div class=\"elementor-container elementor-column-gap-default\">\n\t\t\t\t\t<div class=\"elementor-column elementor-col-100 elementor-top-column elementor-element elementor-element-4ad44f0\" data-id=\"4ad44f0\" data-element_type=\"column\" data-e-type=\"column\">\n\t\t\t<div class=\"elementor-widget-wrap elementor-element-populated\">\n\t\t\t\t\t\t<div class=\"elementor-element elementor-element-fb4476d elementor-widget elementor-widget-image\" data-id=\"fb4476d\" data-element_type=\"widget\" data-e-type=\"widget\" data-widget_type=\"image.default\">\n\t\t\t\t<div class=\"elementor-widget-container\">\n\t\t\t\t\t\t\t\t\t\t\t\t\t\t\t<img decoding=\"async\" src=\"https:\/\/www.une.edu.pe\/Agropecuaria\/wp-content\/uploads\/elementor\/thumbs\/img_industria_alimentaria-large-pbpqwm81071ihp52tw527v5ihnpo40wldqaft6neke.jpg\" title=\"img_industria_alimentaria-large\" alt=\"img_industria_alimentaria-large\" loading=\"lazy\" \/>\t\t\t\t\t\t\t\t\t\t\t\t\t\t\t<\/div>\n\t\t\t\t<\/div>\n\t\t\t\t\t<\/div>\n\t\t<\/div>\n\t\t\t\t\t<\/div>\n\t\t<\/section>\n\t\t\t\t<section class=\"elementor-section elementor-top-section elementor-element elementor-element-6d0efa1 elementor-section-boxed elementor-section-height-default elementor-section-height-default\" data-id=\"6d0efa1\" data-element_type=\"section\" data-e-type=\"section\">\n\t\t\t\t\t\t<div class=\"elementor-container elementor-column-gap-default\">\n\t\t\t\t\t<div class=\"elementor-column elementor-col-100 elementor-top-column elementor-element elementor-element-320acaa\" data-id=\"320acaa\" data-element_type=\"column\" data-e-type=\"column\">\n\t\t\t<div class=\"elementor-widget-wrap elementor-element-populated\">\n\t\t\t\t\t\t<div class=\"elementor-element elementor-element-64aaa13 elementor-widget elementor-widget-spacer\" data-id=\"64aaa13\" data-element_type=\"widget\" data-e-type=\"widget\" data-widget_type=\"spacer.default\">\n\t\t\t\t<div class=\"elementor-widget-container\">\n\t\t\t\t\t\t\t<div class=\"elementor-spacer\">\n\t\t\t<div class=\"elementor-spacer-inner\"><\/div>\n\t\t<\/div>\n\t\t\t\t\t\t<\/div>\n\t\t\t\t<\/div>\n\t\t\t\t\t<\/div>\n\t\t<\/div>\n\t\t\t\t\t<\/div>\n\t\t<\/section>\n\t\t\t\t<section class=\"elementor-section elementor-top-section elementor-element elementor-element-41ff91a elementor-section-boxed elementor-section-height-default elementor-section-height-default\" data-id=\"41ff91a\" data-element_type=\"section\" data-e-type=\"section\">\n\t\t\t\t\t\t<div class=\"elementor-container elementor-column-gap-default\">\n\t\t\t\t\t<div class=\"elementor-column elementor-col-100 elementor-top-column elementor-element elementor-element-023a890\" data-id=\"023a890\" data-element_type=\"column\" data-e-type=\"column\">\n\t\t\t<div class=\"elementor-widget-wrap elementor-element-populated\">\n\t\t\t\t\t\t<div class=\"elementor-element elementor-element-e82cc15 elementor-widget elementor-widget-image\" data-id=\"e82cc15\" data-element_type=\"widget\" data-e-type=\"widget\" data-widget_type=\"image.default\">\n\t\t\t\t<div class=\"elementor-widget-container\">\n\t\t\t\t\t\t\t\t\t\t\t\t\t\t\t\t<a href=\"https:\/\/www.une.edu.pe\/Agropecuaria\/wp-content\/uploads\/2023\/12\/triptico1.jpg\" data-elementor-open-lightbox=\"yes\" data-elementor-lightbox-title=\"triptico1\" data-e-action-hash=\"#elementor-action%3Aaction%3Dlightbox%26settings%3DeyJpZCI6NTg5OCwidXJsIjoiaHR0cHM6XC9cL3d3dy51bmUuZWR1LnBlXC9BZ3JvcGVjdWFyaWFcL3dwLWNvbnRlbnRcL3VwbG9hZHNcLzIwMjNcLzEyXC90cmlwdGljbzEuanBnIn0%3D\">\n\t\t\t\t\t\t\t<img fetchpriority=\"high\" decoding=\"async\" width=\"847\" height=\"598\" src=\"https:\/\/www.une.edu.pe\/Agropecuaria\/wp-content\/uploads\/2023\/12\/triptico1-1024x723.jpg\" class=\"attachment-large size-large wp-image-5898\" alt=\"\" srcset=\"https:\/\/www.une.edu.pe\/Agropecuaria\/wp-content\/uploads\/2023\/12\/triptico1-1024x723.jpg 1024w, https:\/\/www.une.edu.pe\/Agropecuaria\/wp-content\/uploads\/2023\/12\/triptico1-300x212.jpg 300w, https:\/\/www.une.edu.pe\/Agropecuaria\/wp-content\/uploads\/2023\/12\/triptico1-768x542.jpg 768w, https:\/\/www.une.edu.pe\/Agropecuaria\/wp-content\/uploads\/2023\/12\/triptico1-360x254.jpg 360w, https:\/\/www.une.edu.pe\/Agropecuaria\/wp-content\/uploads\/2023\/12\/triptico1.jpg 1233w\" sizes=\"(max-width: 847px) 100vw, 847px\" \/>\t\t\t\t\t\t\t\t<\/a>\n\t\t\t\t\t\t\t\t\t\t\t\t\t\t\t<\/div>\n\t\t\t\t<\/div>\n\t\t\t\t\t<\/div>\n\t\t<\/div>\n\t\t\t\t\t<\/div>\n\t\t<\/section>\n\t\t\t\t<section class=\"elementor-section elementor-top-section elementor-element elementor-element-2ad86c6 elementor-section-boxed elementor-section-height-default elementor-section-height-default\" data-id=\"2ad86c6\" data-element_type=\"section\" data-e-type=\"section\">\n\t\t\t\t\t\t<div class=\"elementor-container elementor-column-gap-default\">\n\t\t\t\t\t<div class=\"elementor-column elementor-col-100 elementor-top-column elementor-element elementor-element-7e1dd0d\" data-id=\"7e1dd0d\" data-element_type=\"column\" data-e-type=\"column\">\n\t\t\t<div class=\"elementor-widget-wrap elementor-element-populated\">\n\t\t\t\t\t\t<div class=\"elementor-element elementor-element-2895e4f elementor-widget elementor-widget-image\" data-id=\"2895e4f\" data-element_type=\"widget\" data-e-type=\"widget\" data-widget_type=\"image.default\">\n\t\t\t\t<div class=\"elementor-widget-container\">\n\t\t\t\t\t\t\t\t\t\t\t\t\t\t\t\t<a href=\"https:\/\/www.une.edu.pe\/Agropecuaria\/wp-content\/uploads\/2023\/12\/triptico2.jpg\" data-elementor-open-lightbox=\"yes\" data-elementor-lightbox-title=\"triptico2\" data-e-action-hash=\"#elementor-action%3Aaction%3Dlightbox%26settings%3DeyJpZCI6NTg5OSwidXJsIjoiaHR0cHM6XC9cL3d3dy51bmUuZWR1LnBlXC9BZ3JvcGVjdWFyaWFcL3dwLWNvbnRlbnRcL3VwbG9hZHNcLzIwMjNcLzEyXC90cmlwdGljbzIuanBnIn0%3D\">\n\t\t\t\t\t\t\t<img decoding=\"async\" width=\"847\" height=\"598\" src=\"https:\/\/www.une.edu.pe\/Agropecuaria\/wp-content\/uploads\/2023\/12\/triptico2-1024x723.jpg\" class=\"attachment-large size-large wp-image-5899\" alt=\"\" srcset=\"https:\/\/www.une.edu.pe\/Agropecuaria\/wp-content\/uploads\/2023\/12\/triptico2-1024x723.jpg 1024w, https:\/\/www.une.edu.pe\/Agropecuaria\/wp-content\/uploads\/2023\/12\/triptico2-300x212.jpg 300w, https:\/\/www.une.edu.pe\/Agropecuaria\/wp-content\/uploads\/2023\/12\/triptico2-768x543.jpg 768w, https:\/\/www.une.edu.pe\/Agropecuaria\/wp-content\/uploads\/2023\/12\/triptico2-360x254.jpg 360w, https:\/\/www.une.edu.pe\/Agropecuaria\/wp-content\/uploads\/2023\/12\/triptico2.jpg 1230w\" sizes=\"(max-width: 847px) 100vw, 847px\" \/>\t\t\t\t\t\t\t\t<\/a>\n\t\t\t\t\t\t\t\t\t\t\t\t\t\t\t<\/div>\n\t\t\t\t<\/div>\n\t\t\t\t\t<\/div>\n\t\t<\/div>\n\t\t\t\t\t<\/div>\n\t\t<\/section>\n\t\t\t\t<section class=\"elementor-section elementor-top-section elementor-element elementor-element-b16284e elementor-section-boxed elementor-section-height-default elementor-section-height-default\" data-id=\"b16284e\" data-element_type=\"section\" data-e-type=\"section\">\n\t\t\t\t\t\t<div class=\"elementor-container elementor-column-gap-default\">\n\t\t\t\t\t<div class=\"elementor-column elementor-col-100 elementor-top-column elementor-element elementor-element-62ca626\" data-id=\"62ca626\" data-element_type=\"column\" data-e-type=\"column\">\n\t\t\t<div class=\"elementor-widget-wrap elementor-element-populated\">\n\t\t\t\t\t\t<div class=\"elementor-element elementor-element-4c5d6be elementor-widget elementor-widget-spacer\" data-id=\"4c5d6be\" data-element_type=\"widget\" data-e-type=\"widget\" data-widget_type=\"spacer.default\">\n\t\t\t\t<div class=\"elementor-widget-container\">\n\t\t\t\t\t\t\t<div class=\"elementor-spacer\">\n\t\t\t<div class=\"elementor-spacer-inner\"><\/div>\n\t\t<\/div>\n\t\t\t\t\t\t<\/div>\n\t\t\t\t<\/div>\n\t\t\t\t\t<\/div>\n\t\t<\/div>\n\t\t\t\t\t<\/div>\n\t\t<\/section>\n\t\t\t\t<section class=\"elementor-section elementor-top-section elementor-element elementor-element-044c14d elementor-section-boxed elementor-section-height-default elementor-section-height-default\" data-id=\"044c14d\" data-element_type=\"section\" data-e-type=\"section\">\n\t\t\t\t\t\t<div class=\"elementor-container elementor-column-gap-default\">\n\t\t\t\t\t<div class=\"elementor-column elementor-col-25 elementor-top-column elementor-element elementor-element-c869a28\" data-id=\"c869a28\" data-element_type=\"column\" data-e-type=\"column\">\n\t\t\t<div class=\"elementor-widget-wrap elementor-element-populated\">\n\t\t\t\t\t\t<div class=\"elementor-element elementor-element-db61f82 elementor-view-default elementor-position-block-start elementor-mobile-position-block-start elementor-widget elementor-widget-icon-box\" data-id=\"db61f82\" data-element_type=\"widget\" data-e-type=\"widget\" data-widget_type=\"icon-box.default\">\n\t\t\t\t<div class=\"elementor-widget-container\">\n\t\t\t\t\t\t\t<div class=\"elementor-icon-box-wrapper\">\n\n\t\t\t\t\t\t<div class=\"elementor-icon-box-icon\">\n\t\t\t\t<span  class=\"elementor-icon\">\n\t\t\t\t<i aria-hidden=\"true\" class=\"fas fa-users\"><\/i>\t\t\t\t<\/span>\n\t\t\t<\/div>\n\t\t\t\n\t\t\t\t\t\t<div class=\"elementor-icon-box-content\">\n\n\t\t\t\t\t\t\t\t\t<h3 class=\"elementor-icon-box-title\">\n\t\t\t\t\t\t<span  >\n\t\t\t\t\t\t\tDocentes\t\t\t\t\t\t<\/span>\n\t\t\t\t\t<\/h3>\n\t\t\t\t\n\t\t\t\t\n\t\t\t<\/div>\n\t\t\t\n\t\t<\/div>\n\t\t\t\t\t\t<\/div>\n\t\t\t\t<\/div>\n\t\t\t\t\t<\/div>\n\t\t<\/div>\n\t\t\t\t<div class=\"elementor-column elementor-col-25 elementor-top-column elementor-element elementor-element-eafb353\" data-id=\"eafb353\" data-element_type=\"column\" data-e-type=\"column\">\n\t\t\t<div class=\"elementor-widget-wrap elementor-element-populated\">\n\t\t\t\t\t\t<div class=\"elementor-element elementor-element-d6d45bf elementor-view-default elementor-position-block-start elementor-mobile-position-block-start elementor-widget elementor-widget-icon-box\" data-id=\"d6d45bf\" data-element_type=\"widget\" data-e-type=\"widget\" data-widget_type=\"icon-box.default\">\n\t\t\t\t<div class=\"elementor-widget-container\">\n\t\t\t\t\t\t\t<div class=\"elementor-icon-box-wrapper\">\n\n\t\t\t\t\t\t<div class=\"elementor-icon-box-icon\">\n\t\t\t\t<a href=\"https:\/\/www.une.edu.pe\/Agropecuaria\/malla-curricular-nutricion-humana\/\" target=\"_blank\" class=\"elementor-icon\" tabindex=\"-1\" aria-label=\"Malla Curricular\">\n\t\t\t\t<i aria-hidden=\"true\" class=\"fas fa-book\"><\/i>\t\t\t\t<\/a>\n\t\t\t<\/div>\n\t\t\t\n\t\t\t\t\t\t<div class=\"elementor-icon-box-content\">\n\n\t\t\t\t\t\t\t\t\t<h3 class=\"elementor-icon-box-title\">\n\t\t\t\t\t\t<a href=\"https:\/\/www.une.edu.pe\/Agropecuaria\/malla-curricular-nutricion-humana\/\" target=\"_blank\" >\n\t\t\t\t\t\t\tMalla Curricular\t\t\t\t\t\t<\/a>\n\t\t\t\t\t<\/h3>\n\t\t\t\t\n\t\t\t\t\n\t\t\t<\/div>\n\t\t\t\n\t\t<\/div>\n\t\t\t\t\t\t<\/div>\n\t\t\t\t<\/div>\n\t\t\t\t\t<\/div>\n\t\t<\/div>\n\t\t\t\t<div class=\"elementor-column elementor-col-25 elementor-top-column elementor-element elementor-element-ce2d4e7\" data-id=\"ce2d4e7\" data-element_type=\"column\" data-e-type=\"column\">\n\t\t\t<div class=\"elementor-widget-wrap elementor-element-populated\">\n\t\t\t\t\t\t<div class=\"elementor-element elementor-element-3fb541a elementor-view-default elementor-position-block-start elementor-mobile-position-block-start elementor-widget elementor-widget-icon-box\" data-id=\"3fb541a\" data-element_type=\"widget\" data-e-type=\"widget\" data-widget_type=\"icon-box.default\">\n\t\t\t\t<div class=\"elementor-widget-container\">\n\t\t\t\t\t\t\t<div class=\"elementor-icon-box-wrapper\">\n\n\t\t\t\t\t\t<div class=\"elementor-icon-box-icon\">\n\t\t\t\t<a href=\"http:\/\/www.une.edu.pe\/Agropecuaria\/plan-de-estudios-nutricion-humana\" class=\"elementor-icon\" tabindex=\"-1\" aria-label=\"Plan de Estudios\">\n\t\t\t\t<i aria-hidden=\"true\" class=\"fas fa-book-reader\"><\/i>\t\t\t\t<\/a>\n\t\t\t<\/div>\n\t\t\t\n\t\t\t\t\t\t<div class=\"elementor-icon-box-content\">\n\n\t\t\t\t\t\t\t\t\t<h3 class=\"elementor-icon-box-title\">\n\t\t\t\t\t\t<a href=\"http:\/\/www.une.edu.pe\/Agropecuaria\/plan-de-estudios-nutricion-humana\" >\n\t\t\t\t\t\t\tPlan de Estudios\t\t\t\t\t\t<\/a>\n\t\t\t\t\t<\/h3>\n\t\t\t\t\n\t\t\t\t\n\t\t\t<\/div>\n\t\t\t\n\t\t<\/div>\n\t\t\t\t\t\t<\/div>\n\t\t\t\t<\/div>\n\t\t\t\t\t<\/div>\n\t\t<\/div>\n\t\t\t\t<div class=\"elementor-column elementor-col-25 elementor-top-column elementor-element elementor-element-219d075\" data-id=\"219d075\" data-element_type=\"column\" data-e-type=\"column\">\n\t\t\t<div class=\"elementor-widget-wrap elementor-element-populated\">\n\t\t\t\t\t\t<div class=\"elementor-element elementor-element-af309e5 elementor-view-default elementor-position-block-start elementor-mobile-position-block-start elementor-widget elementor-widget-icon-box\" data-id=\"af309e5\" data-element_type=\"widget\" data-e-type=\"widget\" data-widget_type=\"icon-box.default\">\n\t\t\t\t<div class=\"elementor-widget-container\">\n\t\t\t\t\t\t\t<div class=\"elementor-icon-box-wrapper\">\n\n\t\t\t\t\t\t<div class=\"elementor-icon-box-icon\">\n\t\t\t\t<a href=\"https:\/\/www.une.edu.pe\/Agropecuaria\/convenios-programa-nutricion-humana\/\" class=\"elementor-icon\" tabindex=\"-1\" aria-label=\"Convenios\">\n\t\t\t\t<i aria-hidden=\"true\" class=\"far fa-handshake\"><\/i>\t\t\t\t<\/a>\n\t\t\t<\/div>\n\t\t\t\n\t\t\t\t\t\t<div class=\"elementor-icon-box-content\">\n\n\t\t\t\t\t\t\t\t\t<h3 class=\"elementor-icon-box-title\">\n\t\t\t\t\t\t<a href=\"https:\/\/www.une.edu.pe\/Agropecuaria\/convenios-programa-nutricion-humana\/\" >\n\t\t\t\t\t\t\tConvenios\t\t\t\t\t\t<\/a>\n\t\t\t\t\t<\/h3>\n\t\t\t\t\n\t\t\t\t\n\t\t\t<\/div>\n\t\t\t\n\t\t<\/div>\n\t\t\t\t\t\t<\/div>\n\t\t\t\t<\/div>\n\t\t\t\t\t<\/div>\n\t\t<\/div>\n\t\t\t\t\t<\/div>\n\t\t<\/section>\n\t\t\t\t<section class=\"elementor-section elementor-top-section elementor-element elementor-element-0a558e1 elementor-section-boxed elementor-section-height-default elementor-section-height-default\" data-id=\"0a558e1\" data-element_type=\"section\" data-e-type=\"section\">\n\t\t\t\t\t\t<div class=\"elementor-container elementor-column-gap-default\">\n\t\t\t\t\t<div class=\"elementor-column elementor-col-100 elementor-top-column elementor-element elementor-element-979ae44\" data-id=\"979ae44\" data-element_type=\"column\" data-e-type=\"column\">\n\t\t\t<div class=\"elementor-widget-wrap elementor-element-populated\">\n\t\t\t\t\t\t<div class=\"elementor-element elementor-element-4b66e7a elementor-widget elementor-widget-text-editor\" data-id=\"4b66e7a\" data-element_type=\"widget\" data-e-type=\"widget\" data-widget_type=\"text-editor.default\">\n\t\t\t\t<div class=\"elementor-widget-container\">\n\t\t\t\t\t\t\t\t\t<table><tbody><tr><td><p><strong>N\u00famero de vacantes (2023)<\/strong><\/p><\/td><td><p style=\"text-align: left;\">30 estudiantes Ciclo 2023- I<br \/>30 estudiantes Ciclo 2023-II<\/p><\/td><\/tr><tr><td><p><strong>Perfil del ingresante<\/strong><\/p><\/td><td><p style=\"text-align: left;\"><strong>El ingresante debe tener el siguiente perfil:<\/strong><\/p><ul><li style=\"text-align: left;\">Colabora en diversas situaciones y muestra un compromiso por el aprendizaje.<\/li><li style=\"text-align: left;\">Utiliza la matem\u00e1tica para resolver problemas cotidianos y relacionados a su orientaci\u00f3n vocacional.<\/li><li style=\"text-align: left;\">Se comunica en su lengua materna con fines de pensar y comunicar sus ideas aplicando el juicio cr\u00edtico.<\/li><li style=\"text-align: left;\">Comprende textos escritos en su lengua materna y en ingl\u00e9s.<\/li><li style=\"text-align: left;\">Entiende que el emprendimiento, la investigaci\u00f3n y la innovaci\u00f3n son aspectos dinamizadores de la sociedad.<\/li><li style=\"text-align: left;\">Utiliza las TIC para su aprendizaje permanente y la comunicaci\u00f3n con los otros.<\/li><\/ul><p style=\"text-align: left;\"><strong>Competencias espec\u00edficas:<\/strong><\/p><ul><li style=\"text-align: left;\">Moviliza sus competencias cient\u00edficas para resolver problemas de su \u00e1mbito profesional.<\/li><li style=\"text-align: left;\">Valora la sensibilidad bio\u00e9tica, ecol\u00f3gica y comunitaria al reflexionar sobre su entorno profesional.<\/li><\/ul><\/td><\/tr><tr><td><p><strong>Condiciones de permanencia\u00a0y culminaci\u00f3n<\/strong><\/p><\/td><td><ul><li style=\"text-align: left;\">Los estudiantes deber\u00e1n respetar los reglamentos emitidos por la UNE.<\/li><li style=\"text-align: left;\">Cumplir con el total de cr\u00e9ditos establecidos en el Plan Curricular del Programa de Nutrici\u00f3n Humana y as\u00ed dar por concluidos los estudios.<\/li><\/ul><\/td><\/tr><tr><td><p><strong>Desarrollo de las actividades acad\u00e9micas del Programa<\/strong><\/p><\/td><td><ul><li style=\"text-align: left;\">Las actividades acad\u00e9micas se desarrollar\u00e1n en dos ciclos acad\u00e9micos por a\u00f1o, culminando a los cinco a\u00f1os.<\/li><li style=\"text-align: left;\">Las clases se desarrollar\u00e1n en los ambientes de la ciudad universitaria de la FAN -UNE y en los establecimientos de salud y comunitarios.\u00a0<\/li><\/ul><\/td><\/tr><tr><td><p><strong>Requisitos de graduaci\u00f3n y titulaci\u00f3n<\/strong><\/p><\/td><td><ul><li style=\"text-align: left;\">Para la obtenci\u00f3n del grado acad\u00e9mico de Bachiller universitario en Nutrici\u00f3n Humana, deber\u00e1 tener la condici\u00f3n de egresado, conocimiento de un idioma extranjero o lengua nativa y elaborar un trabajo de investigaci\u00f3n y sustentarlo.<\/li><li style=\"text-align: left;\">Para obtener el t\u00edtulo Profesional de Licenciado en Nutrici\u00f3n Humana, el egresado deber\u00e1 tener el grado acad\u00e9mico de Bachiller en Nutrici\u00f3n Humana, adem\u00e1s de desarrollar y sustentar una tesis.<\/li><\/ul><\/td><\/tr><tr><td><p><strong>Condiciones de estudio<\/strong><\/p><\/td><td><p style=\"text-align: left;\">Los estudios son presenciales.<\/p><\/td><\/tr><tr><td><p><strong>Condiciones para realizar trabajos de Investigaci\u00f3n e innovaci\u00f3n educativa<\/strong><\/p><\/td><td><ul><li style=\"text-align: left;\">Conocimiento en Redacci\u00f3n Cient\u00edfica.<\/li><li style=\"text-align: left;\">Investiga siguiendo los principios \u00e9ticos de la declaraci\u00f3n de Helsinki y las Normas \u00e9ticas establecidas por la UNE.<\/li><li style=\"text-align: left;\">Conocimiento en Metodolog\u00eda de la investigaci\u00f3n cient\u00edfica.<\/li><li style=\"text-align: left;\">Conocimiento en estad\u00edstica y bioestad\u00edstica.<\/li><li style=\"text-align: left;\">Desarrolla trabajos de investigaci\u00f3n originales.<\/li><\/ul><\/td><\/tr><tr><td><p><strong>Informaci\u00f3n sobre las l\u00edneas de investigaci\u00f3n<\/strong><\/p><\/td><td><ul><li style=\"text-align: left;\">Las investigaciones deben estar en el marco de las l\u00edneas de la investigaci\u00f3n del Programa de Nutrici\u00f3n Humana, corresponder al \u00e1rea de investigaci\u00f3n: Ciencias de la Salud; y pertenecer a las l\u00edneas: Estrategias de Salud P\u00fablica en Alimentaci\u00f3n y Nutrici\u00f3n; Crecimiento, desarrollo, maduraci\u00f3n, aptitud f\u00edsica y actitud f\u00edsica; o deporte y salud.<\/li><li style=\"text-align: left;\">OCCE: \u00c1rea: Ciencias M\u00e9dicas y de Salud, Sub \u00c1rea: Ciencias de la Salud; Disciplina: Salud P\u00fablica y Ciencias del Deporte.<\/li><\/ul><\/td><\/tr><tr><td><p><strong>Prevenci\u00f3n de riesgos a los que pueden\u00a0estar expuestos los estudiantes durante su formaci\u00f3n<\/strong><\/p><\/td><td><ul><li style=\"text-align: left;\">Los estudiantes deber\u00e1n conocer y seguir las Normas de Seguridad y de Bio\u00e9tica, para evitar riesgos en su salud y bienestar personal, porque es una carrera de salud y pueden entrar en contacto con individuos con enfermedades o desarrollar tareas en ambientes no salubres.<\/li><li style=\"text-align: left;\">Deben poseer salud mental para enfrentar situaciones de toma de decisiones asertivas.<\/li><\/ul><\/td><\/tr><\/tbody><\/table>\t\t\t\t\t\t\t\t<\/div>\n\t\t\t\t<\/div>\n\t\t\t\t\t<\/div>\n\t\t<\/div>\n\t\t\t\t\t<\/div>\n\t\t<\/section>\n\t\t\t\t<\/div>\n\t\t","protected":false},"excerpt":{"rendered":"<p>Docentes Malla Curricular Plan de Estudios Convenios N\u00famero de vacantes (2023) 30 estudiantes Ciclo 2023- I30 estudiantes Ciclo 2023-II Perfil del ingresante El ingresante debe tener el siguiente perfil: Colabora en diversas situaciones y muestra un compromiso por el aprendizaje. <a href=\"https:\/\/www.une.edu.pe\/Agropecuaria\/nutricion-humana\/\" class=\"read-more\">Leer m\u00e1s&#8230;<\/a><\/p>\n","protected":false},"author":3,"featured_media":0,"parent":0,"menu_order":0,"comment_status":"closed","ping_status":"closed","template":"","meta":{"footnotes":""},"class_list":["post-4617","page","type-page","status-publish","hentry"],"_links":{"self":[{"href":"https:\/\/www.une.edu.pe\/Agropecuaria\/wp-json\/wp\/v2\/pages\/4617","targetHints":{"allow":["GET"]}}],"collection":[{"href":"https:\/\/www.une.edu.pe\/Agropecuaria\/wp-json\/wp\/v2\/pages"}],"about":[{"href":"https:\/\/www.une.edu.pe\/Agropecuaria\/wp-json\/wp\/v2\/types\/page"}],"author":[{"embeddable":true,"href":"https:\/\/www.une.edu.pe\/Agropecuaria\/wp-json\/wp\/v2\/users\/3"}],"replies":[{"embeddable":true,"href":"https:\/\/www.une.edu.pe\/Agropecuaria\/wp-json\/wp\/v2\/comments?post=4617"}],"version-history":[{"count":19,"href":"https:\/\/www.une.edu.pe\/Agropecuaria\/wp-json\/wp\/v2\/pages\/4617\/revisions"}],"predecessor-version":[{"id":7493,"href":"https:\/\/www.une.edu.pe\/Agropecuaria\/wp-json\/wp\/v2\/pages\/4617\/revisions\/7493"}],"wp:attachment":[{"href":"https:\/\/www.une.edu.pe\/Agropecuaria\/wp-json\/wp\/v2\/media?parent=4617"}],"curies":[{"name":"wp","href":"https:\/\/api.w.org\/{rel}","templated":true}]}}