{"id":3273,"date":"2019-12-05T14:35:02","date_gmt":"2019-12-05T13:35:02","guid":{"rendered":"http:\/\/www.une.edu.pe\/Agropecuaria\/?page_id=3273"},"modified":"2026-04-08T11:43:15","modified_gmt":"2026-04-08T16:43:15","slug":"objetivos","status":"publish","type":"page","link":"https:\/\/www.une.edu.pe\/Agropecuaria\/objetivos\/","title":{"rendered":"Objetivos"},"content":{"rendered":"\t\t<div data-elementor-type=\"wp-post\" data-elementor-id=\"3273\" class=\"elementor elementor-3273\">\n\t\t\t\t\t\t<section class=\"elementor-section elementor-top-section elementor-element elementor-element-1ecff57 elementor-section-boxed elementor-section-height-default elementor-section-height-default\" data-id=\"1ecff57\" data-element_type=\"section\" data-e-type=\"section\">\n\t\t\t\t\t\t<div class=\"elementor-container elementor-column-gap-default\">\n\t\t\t\t\t<div class=\"elementor-column elementor-col-100 elementor-top-column elementor-element elementor-element-b0a55a6\" data-id=\"b0a55a6\" data-element_type=\"column\" data-e-type=\"column\">\n\t\t\t<div class=\"elementor-widget-wrap elementor-element-populated\">\n\t\t\t\t\t\t<div class=\"elementor-element elementor-element-c8a340c elementor-widget elementor-widget-image\" data-id=\"c8a340c\" data-element_type=\"widget\" data-e-type=\"widget\" data-widget_type=\"image.default\">\n\t\t\t\t<div class=\"elementor-widget-container\">\n\t\t\t\t\t\t\t\t\t\t\t\t\t\t\t<img fetchpriority=\"high\" decoding=\"async\" width=\"847\" height=\"266\" src=\"https:\/\/www.une.edu.pe\/Agropecuaria\/wp-content\/uploads\/2021\/11\/Objetivos-de-la-Unidad-de-investigaci\u00f3n-1024x321.jpg\" class=\"attachment-large size-large wp-image-4690\" alt=\"\" srcset=\"https:\/\/www.une.edu.pe\/Agropecuaria\/wp-content\/uploads\/2021\/11\/Objetivos-de-la-Unidad-de-investigaci\u00f3n-1024x321.jpg 1024w, https:\/\/www.une.edu.pe\/Agropecuaria\/wp-content\/uploads\/2021\/11\/Objetivos-de-la-Unidad-de-investigaci\u00f3n-300x94.jpg 300w, https:\/\/www.une.edu.pe\/Agropecuaria\/wp-content\/uploads\/2021\/11\/Objetivos-de-la-Unidad-de-investigaci\u00f3n-768x241.jpg 768w, https:\/\/www.une.edu.pe\/Agropecuaria\/wp-content\/uploads\/2021\/11\/Objetivos-de-la-Unidad-de-investigaci\u00f3n-1536x482.jpg 1536w, https:\/\/www.une.edu.pe\/Agropecuaria\/wp-content\/uploads\/2021\/11\/Objetivos-de-la-Unidad-de-investigaci\u00f3n-360x113.jpg 360w, https:\/\/www.une.edu.pe\/Agropecuaria\/wp-content\/uploads\/2021\/11\/Objetivos-de-la-Unidad-de-investigaci\u00f3n.jpg 2000w\" sizes=\"(max-width: 847px) 100vw, 847px\" \/>\t\t\t\t\t\t\t\t\t\t\t\t\t\t\t<\/div>\n\t\t\t\t<\/div>\n\t\t\t\t\t<\/div>\n\t\t<\/div>\n\t\t\t\t\t<\/div>\n\t\t<\/section>\n\t\t\t\t<section class=\"elementor-section elementor-top-section elementor-element elementor-element-d2ae56e elementor-section-boxed elementor-section-height-default elementor-section-height-default\" data-id=\"d2ae56e\" data-element_type=\"section\" data-e-type=\"section\">\n\t\t\t\t\t\t<div class=\"elementor-container elementor-column-gap-default\">\n\t\t\t\t\t<div class=\"elementor-column elementor-col-100 elementor-top-column elementor-element elementor-element-bc03b21\" data-id=\"bc03b21\" data-element_type=\"column\" data-e-type=\"column\">\n\t\t\t<div class=\"elementor-widget-wrap elementor-element-populated\">\n\t\t\t\t\t\t<div class=\"elementor-element elementor-element-ec676d0 elementor-widget elementor-widget-text-editor\" data-id=\"ec676d0\" data-element_type=\"widget\" data-e-type=\"widget\" data-widget_type=\"text-editor.default\">\n\t\t\t\t<div class=\"elementor-widget-container\">\n\t\t\t\t\t\t\t\t\t<p>Objetivo General:<\/p><p>Afianzar el liderazgo de la Unidad de Investigaci\u00f3n de la FAN, en las \u00e1reas de investigaci\u00f3n, innovaci\u00f3n de calidad de gesti\u00f3n administrativa y de servicio, mediante la implementaci\u00f3n de acciones estrat\u00e9gicas de planificaci\u00f3n, ejecuci\u00f3n, control, aseguramiento y mejora continua.<\/p><p>Objetivos Espec\u00edficos:<\/p><ul><li>Coordinar, orientar y evaluar la ejecuci\u00f3n de los proyectos de investigaci\u00f3n anual de los docentes y la Bolsa de investigaci\u00f3n de estudiantes de la Facultad.<\/li><li>Publicar, cada a\u00f1o, el resumen documental o abstract de informes finales de investigaci\u00f3n.<\/li><li>Promover la publicaci\u00f3n de los trabajos de investigaci\u00f3n de docentes y estudiantes.<\/li><li>Fortalecer el v\u00ednculo con organismos nacionales e internacionales especializados en la investigaci\u00f3n de las disciplinas cient\u00edficas.<\/li><li>Organizar jornadas cient\u00edficas, tecnol\u00f3gicas y humanistas dirigidas a la difusi\u00f3n de los descubrimientos, innovaciones o creaciones internacionales, nacionales y de los resultados de las investigaciones en la Facultad.<\/li><li>Crear espacios de investigaci\u00f3n con los estudiantes y docentes sobre el desarrollo de las pr\u00e1cticas preprofesionales para fortalecer la formaci\u00f3n docente y el desarrollo profesional.\u00a0<\/li><\/ul>\t\t\t\t\t\t\t\t<\/div>\n\t\t\t\t<\/div>\n\t\t\t\t\t<\/div>\n\t\t<\/div>\n\t\t\t\t\t<\/div>\n\t\t<\/section>\n\t\t\t\t<\/div>\n\t\t","protected":false},"excerpt":{"rendered":"<p>Objetivo General: Afianzar el liderazgo de la Unidad de Investigaci\u00f3n de la FAN, en las \u00e1reas de investigaci\u00f3n, innovaci\u00f3n de calidad de gesti\u00f3n administrativa y de servicio, mediante la implementaci\u00f3n de acciones estrat\u00e9gicas de planificaci\u00f3n, ejecuci\u00f3n, control, aseguramiento y mejora <a href=\"https:\/\/www.une.edu.pe\/Agropecuaria\/objetivos\/\" class=\"read-more\">Leer m\u00e1s&#8230;<\/a><\/p>\n","protected":false},"author":3,"featured_media":0,"parent":0,"menu_order":0,"comment_status":"closed","ping_status":"closed","template":"","meta":{"footnotes":""},"class_list":["post-3273","page","type-page","status-publish","hentry"],"_links":{"self":[{"href":"https:\/\/www.une.edu.pe\/Agropecuaria\/wp-json\/wp\/v2\/pages\/3273","targetHints":{"allow":["GET"]}}],"collection":[{"href":"https:\/\/www.une.edu.pe\/Agropecuaria\/wp-json\/wp\/v2\/pages"}],"about":[{"href":"https:\/\/www.une.edu.pe\/Agropecuaria\/wp-json\/wp\/v2\/types\/page"}],"author":[{"embeddable":true,"href":"https:\/\/www.une.edu.pe\/Agropecuaria\/wp-json\/wp\/v2\/users\/3"}],"replies":[{"embeddable":true,"href":"https:\/\/www.une.edu.pe\/Agropecuaria\/wp-json\/wp\/v2\/comments?post=3273"}],"version-history":[{"count":10,"href":"https:\/\/www.une.edu.pe\/Agropecuaria\/wp-json\/wp\/v2\/pages\/3273\/revisions"}],"predecessor-version":[{"id":7316,"href":"https:\/\/www.une.edu.pe\/Agropecuaria\/wp-json\/wp\/v2\/pages\/3273\/revisions\/7316"}],"wp:attachment":[{"href":"https:\/\/www.une.edu.pe\/Agropecuaria\/wp-json\/wp\/v2\/media?parent=3273"}],"curies":[{"name":"wp","href":"https:\/\/api.w.org\/{rel}","templated":true}]}}